000
CXUS53 KBIS 011217
CLMBIS


CLIMATE REPORT
NATIONAL WEATHER SERVICE BISMARCK ND
710 AM CDT MON JUL 1 2013

...................................

...THE BISMARCK ND CLIMATE SUMMARY FOR THE MONTH OF JUNE 2013...

CLIMATE NORMAL PERIOD 1981 TO 2010
CLIMATE RECORD PERIOD 1875 TO 2013

WEATHER         OBSERVED          NORMAL  DEPART  LAST YEAR`S
                 VALUE   DATE(S)  VALUE   FROM    VALUE  DATE(S)
                                          NORMAL
................................................................
TEMPERATURE (F)
RECORD
 HIGH             111   06/29/2002
 LOW               30   06/02/1969
HIGHEST            89   06/26                         93  06/30
                                                          06/26
LOWEST             38   06/06                         38  06/12
AVG. MAXIMUM     76.2              77.3    -1.1     80.9
AVG. MINIMUM     53.2              52.0     1.2     53.5
MEAN             64.7              64.7     0.0     67.2
DAYS MAX >= 90      0               2.5    -2.5        3
DAYS MAX <= 32      0               0.0     0.0        0
DAYS MIN <= 32      0               0.0     0.0        0
DAYS MIN <= 0       0               0.0     0.0        0

PRECIPITATION (INCHES)
RECORD
 MAXIMUM         9.90   1914
 MINIMUM         0.47   1936
TOTALS           2.71              3.17   -0.46     2.15
DAILY AVG.       0.09              0.11   -0.02     0.07
DAYS >= .01        11              11.2    -0.2       13
DAYS >= .10         6               6.2    -0.2        8
DAYS >= .50         1               2.1    -1.1        0
DAYS >= 1.00        1               0.7     0.3        0
GREATEST
 24 HR. TOTAL    1.51   06/22 TO 06/22              0.56
                        06/21 TO 06/22
                        06/22 TO 06/22

DEGREE_DAYS
COOLING TOTAL      84                83       1
 SINCE 1/1         96               100      -4
.................................................................

WIND (MPH)
HIGHEST WIND SPEED/DIRECTION    41/150    DATE  06/22
HIGHEST GUST SPEED/DIRECTION    50/210    DATE  06/22

SKY COVER
POSSIBLE SUNSHINE (PERCENT)   MM
NUMBER OF DAYS FAIR           19
NUMBER OF DAYS PC              8
NUMBER OF DAYS CLOUDY          3


WEATHER CONDITIONS. NUMBER OF DAYS WITH
THUNDERSTORM              0     MIXED PRECIP               0
HEAVY RAIN                1     RAIN                       5
LIGHT RAIN               13     FREEZING RAIN              0
LT FREEZING RAIN          0     HAIL                       0
HEAVY SNOW                0     SNOW                       0
LIGHT SNOW                0     SLEET                      0
FOG                      16     FOG W/VIS <= 1/4 MILE      5
HAZE                      2

-  INDICATES NEGATIVE NUMBERS.
R  INDICATES RECORD WAS SET OR TIED.
MM INDICATES DATA IS MISSING.
T  INDICATES TRACE AMOUNT.

$$
