000
CXUS53 KBIS 011034
CLMBIS


CLIMATE REPORT
NATIONAL WEATHER SERVICE BISMARCK ND
524 AM CDT SAT AUG 1 2015

...................................

...THE BISMARCK ND CLIMATE SUMMARY FOR THE MONTH OF JULY 2015...

CLIMATE NORMAL PERIOD 1981 TO 2010
CLIMATE RECORD PERIOD 1875 TO 2015

WEATHER         OBSERVED          NORMAL  DEPART  LAST YEAR`S
                 VALUE   DATE(S)  VALUE   FROM    VALUE  DATE(S)
                                          NORMAL
................................................................
TEMPERATURE (F)
RECORD
 HIGH             114   07/06/1936
 LOW               32   07/06/1884
HIGHEST            95   07/23                         96  07/05
LOWEST             45   07/07                         44  07/28
AVG. MAXIMUM     84.9              84.7     0.2     81.4
AVG. MINIMUM     58.6              57.4     1.2     55.7
MEAN             71.8              71.1     0.7     68.5
DAYS MAX >= 90      8               8.0     0.0        3
DAYS MAX <= 32      0               0.0     0.0        0
DAYS MIN <= 32      0               0.0     0.0        0
DAYS MIN <= 0       0               0.0     0.0        0

PRECIPITATION (INCHES)
RECORD
 MAXIMUM        13.75   1993
 MINIMUM         0.10   1936
TOTALS           1.51              2.89   -1.38     0.73
DAILY AVG.       0.05              0.09   -0.04     0.02
DAYS >= .01         7               9.7    -2.7        6
DAYS >= .10         4               5.6    -1.6        3
DAYS >= .50         1               1.7    -0.7        0
DAYS >= 1.00        0               0.5    -0.5        0
GREATEST
 24 HR. TOTAL    0.56   07/02 TO 07/02              0.30
                        07/01 TO 07/02
                        07/02 TO 07/02

DEGREE_DAYS
COOLING TOTAL     225               204      21
 SINCE 1/1        325               304      21
.................................................................

WIND (MPH)
HIGHEST WIND SPEED/DIRECTION    51/280    DATE  07/28
HIGHEST GUST SPEED/DIRECTION    67/280    DATE  07/28

SKY COVER
POSSIBLE SUNSHINE (PERCENT)   MM
NUMBER OF DAYS FAIR           24
NUMBER OF DAYS PC              6
NUMBER OF DAYS CLOUDY          1


WEATHER CONDITIONS. NUMBER OF DAYS WITH
THUNDERSTORM              0     MIXED PRECIP               0
HEAVY RAIN                4     RAIN                       3
LIGHT RAIN               12     FREEZING RAIN              0
LT FREEZING RAIN          0     HAIL                       0
HEAVY SNOW                0     SNOW                       0
LIGHT SNOW                0     SLEET                      0
FOG                      13     FOG W/VIS <= 1/4 MILE      0
HAZE                      9

-  INDICATES NEGATIVE NUMBERS.
R  INDICATES RECORD WAS SET OR TIED.
MM INDICATES DATA IS MISSING.
T  INDICATES TRACE AMOUNT.

$$
