000
CXUS53 KBIS 011149
CLMBIS


CLIMATE REPORT
NATIONAL WEATHER SERVICE BISMARCK ND
648 AM CDT MON SEP 1 2014

...................................

...THE BISMARCK ND CLIMATE SUMMARY FOR THE MONTH OF AUGUST 2014...

CLIMATE NORMAL PERIOD 1981 TO 2010
CLIMATE RECORD PERIOD 1875 TO 2014

WEATHER         OBSERVED          NORMAL  DEPART  LAST YEAR`S
                 VALUE   DATE(S)  VALUE   FROM    VALUE  DATE(S)
                                          NORMAL
................................................................
TEMPERATURE (F)
RECORD
 HIGH             109   08/05/1941
 LOW               32   08/28/1911
                        08/31/1895
HIGHEST            92   08/01                        102  08/20
LOWEST             43   08/26                         44  08/10
AVG. MAXIMUM     79.3              83.5    -4.2     85.4
AVG. MINIMUM     58.0              55.5     2.5     56.6
MEAN             68.7              69.5    -0.8     71.0
DAYS MAX >= 90      2               7.7    -5.7       10
DAYS MAX <= 32      0               0.0     0.0        0
DAYS MIN <= 32      0               0.0     0.0        0
DAYS MIN <= 0       0               0.0     0.0        0

PRECIPITATION (INCHES)
RECORD
 MAXIMUM         9.29   1998
 MINIMUM            T   2001
TOTALS           4.75              2.28    2.47     1.37
DAILY AVG.       0.15              0.07    0.08     0.04
DAYS >= .01        13               8.2     4.8        8
DAYS >= .10        11               4.3     6.7        3
DAYS >= .50         3               1.4     1.6        1
DAYS >= 1.00        1               0.5     0.5        0
GREATEST
 24 HR. TOTAL    1.16   08/01 TO 08/01              0.82
                        07/31 TO 08/01
                        08/01 TO 08/01

DEGREE_DAYS
COOLING TOTAL     154               177     -23
 SINCE 1/1        406               481     -75
.................................................................

WIND (MPH)
HIGHEST WIND SPEED/DIRECTION    32/120    DATE  08/01
HIGHEST GUST SPEED/DIRECTION    55/100    DATE  08/01

SKY COVER
POSSIBLE SUNSHINE (PERCENT)   MM
NUMBER OF DAYS FAIR           13
NUMBER OF DAYS PC             12
NUMBER OF DAYS CLOUDY          6


WEATHER CONDITIONS. NUMBER OF DAYS WITH
THUNDERSTORM              0     MIXED PRECIP               0
HEAVY RAIN                7     RAIN                       7
LIGHT RAIN               15     FREEZING RAIN              0
LT FREEZING RAIN          0     HAIL                       0
HEAVY SNOW                0     SNOW                       0
LIGHT SNOW                0     SLEET                      0
FOG                      21     FOG W/VIS <= 1/4 MILE      3
HAZE                      2

-  INDICATES NEGATIVE NUMBERS.
R  INDICATES RECORD WAS SET OR TIED.
MM INDICATES DATA IS MISSING.
T  INDICATES TRACE AMOUNT.

$$
