000
CXUS53 KBIS 011545 CCA
CLMBIS

CLIMATE REPORT
NATIONAL WEATHER SERVICE BISMARCK ND
1036 AM CDT TUE NOV 1 2016

...................................

...THE BISMARCK ND CLIMATE SUMMARY FOR THE MONTH OF OCTOBER 2016...

CLIMATE NORMAL PERIOD 1981 TO 2010
CLIMATE RECORD PERIOD 1875 TO 2016

WEATHER         OBSERVED          NORMAL  DEPART  LAST YEAR`S
                 VALUE   DATE(S)  VALUE   FROM    VALUE  DATE(S)
                                          NORMAL
................................................................
TEMPERATURE (F)
RECORD
 HIGH              95   10/04/1963
                        10/01/1953
 LOW              -10   10/31/1991
                        10/30/1991
                        10/26/1919
HIGHEST            78   10/03                         90  10/10
LOWEST             21   10/13                         25  10/26
                                                          10/17
AVG. MAXIMUM     59.9              57.5     2.4     62.2
AVG. MINIMUM     36.3              32.2     4.1     35.6
MEAN             48.1              44.8     3.3     48.9
DAYS MAX >= 90      0               0.1    -0.1        1
DAYS MAX <= 32      0               0.8    -0.8        0
DAYS MIN <= 32     11              15.3    -4.3       12
DAYS MIN <= 0       0               0.1    -0.1        0

PRECIPITATION (INCHES)
RECORD
 MAXIMUM         4.73   2013
 MINIMUM         0.00   1935
TOTALS           0.24              1.25   -1.01     1.07
DAILY AVG.       0.01              0.04   -0.03     0.03
DAYS >= .01         5               6.6    -1.6        9
DAYS >= .10         1               2.9    -1.9        5
DAYS >= .50         0               0.7    -0.7        0
DAYS >= 1.00        0               0.2    -0.2        0
GREATEST
 24 HR. TOTAL    0.17   10/02 TO 10/03              0.36
                        10/03 TO 10/03
                        10/03 TO 10/04

SNOWFALL (INCHES)
RECORDS
 TOTAL           23.7   5
                        0

TOTALS              T               2.2    -2.2      0.1
SINCE 7/1           T               2.4    -2.4      0.1
SNOWDEPTH AVG.      0                MM      MM        0
DAYS >= 1.0         0               0.6    -0.6        0
GREATEST
 SNOW DEPTH         0   MM                             0  MM
 24 HR TOTAL        T   10/12 TO 10/12               0.1

DEGREE_DAYS
HEATING TOTAL     519               626    -107
 SINCE 7/1        725               912    -187
COOLING TOTAL       2                 1       1
 SINCE 1/1        548               520      28
.................................................................

WIND (MPH)
HIGHEST WIND SPEED/DIRECTION    41/150    DATE  10/16
HIGHEST GUST SPEED/DIRECTION    50/150    DATE  10/16

SKY COVER
POSSIBLE SUNSHINE (PERCENT)   MM
NUMBER OF DAYS FAIR           13
NUMBER OF DAYS PC             13
NUMBER OF DAYS CLOUDY          5


WEATHER CONDITIONS. NUMBER OF DAYS WITH
THUNDERSTORM              0     MIXED PRECIP               0
HEAVY RAIN                0     RAIN                       0
LIGHT RAIN               10     FREEZING RAIN              0
LT FREEZING RAIN          0     HAIL                       0
HEAVY SNOW                0     SNOW                       0
LIGHT SNOW                1     SLEET                      0
FOG                       7     FOG W/VIS <= 1/4 MILE      1
HAZE                      1

-  INDICATES NEGATIVE NUMBERS.
R  INDICATES RECORD WAS SET OR TIED.
MM INDICATES DATA IS MISSING.
T  INDICATES TRACE AMOUNT.

$$
