000
CXUS53 KBIS 011344
CLMBIS

CLIMATE REPORT
NATIONAL WEATHER SERVICE BISMARCK ND
741 AM CST SAT MAR 1 2014

...................................

...THE BISMARCK ND CLIMATE SUMMARY FOR THE MONTH OF FEBRUARY 2014...

CLIMATE NORMAL PERIOD 1981 TO 2010
CLIMATE RECORD PERIOD 1875 TO 2014

WEATHER         OBSERVED          NORMAL  DEPART  LAST YEAR`S
                 VALUE   DATE(S)  VALUE   FROM    VALUE  DATE(S)
                                          NORMAL
................................................................
TEMPERATURE (F)
RECORD
 HIGH              68   02/25/1958
 LOW              -45   02/16/1936
HIGHEST            46   02/19                         45  02/25
                                                          02/17
LOWEST            -18   02/10                        -16  02/01
AVG. MAXIMUM     20.9              28.3    -7.4     31.0
AVG. MINIMUM     -1.6               7.9    -9.5     12.7
MEAN              9.6              18.1    -8.5     21.9
DAYS MAX >= 90      0               0.0     0.0        0
DAYS MAX <= 32     21              16.3     4.7       15
DAYS MIN <= 32     28              27.4     0.6       28
DAYS MIN <= 0      18               8.8     9.2        4

PRECIPITATION (INCHES)
RECORD
 MAXIMUM         1.74   2000
 MINIMUM         0.03   1934
                        1985
TOTALS           0.19              0.51   -0.32     0.34
DAILY AVG.       0.01              0.02   -0.01     0.01
DAYS >= .01         4               7.0    -3.0       11
DAYS >= .10         0               1.6    -1.6        1
DAYS >= .50         0               0.0     0.0        0
DAYS >= 1.00        0               0.0     0.0        0
GREATEST
 24 HR. TOTAL    0.09   02/16 TO 02/16              0.14

SNOWFALL (INCHES)
RECORDS
 TOTAL           25.6   5
                        0
                        -26215
TOTALS            2.3               8.1    -5.8      3.5
SINCE 7/1        25.2              37.5   -12.3     28.6
SNOWDEPTH AVG.      1                 4      -3        2
DAYS >= 1.0         1               2.7    -1.7        0
GREATEST
 SNOW DEPTH         2   02/17                          4  02/06
                        02/14                             02/05
                                                          02/04
 24 HR TOTAL      1.2   MM                           0.6

DEGREE_DAYS
HEATING TOTAL    1543              1313     230
 SINCE 7/1       6852              6431     421
.................................................................

WIND (MPH)
HIGHEST WIND SPEED/DIRECTION    37/320    DATE  02/13
HIGHEST GUST SPEED/DIRECTION    46/320    DATE  02/13

SKY COVER
POSSIBLE SUNSHINE (PERCENT)   MM
NUMBER OF DAYS FAIR           15
NUMBER OF DAYS PC              9
NUMBER OF DAYS CLOUDY          4


WEATHER CONDITIONS. NUMBER OF DAYS WITH
THUNDERSTORM              0     MIXED PRECIP               0
HEAVY RAIN                0     RAIN                       0
LIGHT RAIN                0     FREEZING RAIN              0
LT FREEZING RAIN          0     HAIL                       0
HEAVY SNOW                1     SNOW                       1
LIGHT SNOW               12     SLEET                      0
FOG                       4     FOG W/VIS <= 1/4 MILE      1
HAZE                     14

-  INDICATES NEGATIVE NUMBERS.
R  INDICATES RECORD WAS SET OR TIED.
MM INDICATES DATA IS MISSING.
T  INDICATES TRACE AMOUNT.

$$
