000
CXUS53 KBIS 011356
CLMBIS


CLIMATE REPORT
NATIONAL WEATHER SERVICE BISMARCK ND
852 AM CDT SAT OCT 1 2016

...................................

...THE BISMARCK ND CLIMATE SUMMARY FOR THE MONTH OF SEPTEMBER 2016...

CLIMATE NORMAL PERIOD 1981 TO 2010
CLIMATE RECORD PERIOD 1875 TO 2016

WEATHER         OBSERVED          NORMAL  DEPART  LAST YEAR`S
                 VALUE   DATE(S)  VALUE   FROM    VALUE  DATE(S)
                                          NORMAL
................................................................
TEMPERATURE (F)
RECORD
 HIGH             105   09/08/1959
                        09/07/1931
 LOW               10   09/30/1876
HIGHEST            90   09/11                        101  09/03
LOWEST             35   09/27                         31  09/11
AVG. MAXIMUM     72.2              72.1     0.1     80.2
AVG. MINIMUM     47.7              45.0     2.7     48.5
MEAN             59.9              58.5     1.4     64.3
DAYS MAX >= 90      1               1.7    -0.7        5
DAYS MAX <= 32      0               0.0     0.0        0
DAYS MIN <= 32      0               1.7    -1.7        2
DAYS MIN <= 0       0               0.0     0.0        0

PRECIPITATION (INCHES)
RECORD
 MAXIMUM         6.93   1977
 MINIMUM         0.02   1948
TOTALS           1.22              1.59   -0.37     0.37
DAILY AVG.       0.04              0.05   -0.01     0.01
DAYS >= .01        10               7.5     2.5        5
DAYS >= .10         4               3.3     0.7        1
DAYS >= .50         0               0.9    -0.9        0
DAYS >= 1.00        0               0.3    -0.3        0
GREATEST
 24 HR. TOTAL    0.50   09/15 TO 09/16              0.25

DEGREE_DAYS
HEATING TOTAL     173               231     -58
 SINCE 7/1        206               286     -80
COOLING TOTAL      29                38      -9
 SINCE 1/1        546               519      27
.................................................................

WIND (MPH)
HIGHEST WIND SPEED/DIRECTION    35/320    DATE  09/25
HIGHEST GUST SPEED/DIRECTION    49/320    DATE  09/25

SKY COVER
POSSIBLE SUNSHINE (PERCENT)   MM
NUMBER OF DAYS FAIR           20
NUMBER OF DAYS PC              7
NUMBER OF DAYS CLOUDY          3


WEATHER CONDITIONS. NUMBER OF DAYS WITH
THUNDERSTORM              0     MIXED PRECIP               0
HEAVY RAIN                2     RAIN                       6
LIGHT RAIN               11     FREEZING RAIN              0
LT FREEZING RAIN          0     HAIL                       0
HEAVY SNOW                0     SNOW                       0
LIGHT SNOW                0     SLEET                      0
FOG                      12     FOG W/VIS <= 1/4 MILE      0
HAZE                      0

-  INDICATES NEGATIVE NUMBERS.
R  INDICATES RECORD WAS SET OR TIED.
MM INDICATES DATA IS MISSING.
T  INDICATES TRACE AMOUNT.

$$
