000
CXUS53 KBIS 011011
CLMBIS


CLIMATE REPORT
NATIONAL WEATHER SERVICE BISMARCK ND
407 AM CST MON FEB 1 2016

...................................

...THE BISMARCK ND CLIMATE SUMMARY FOR THE MONTH OF JANUARY 2016...

CLIMATE NORMAL PERIOD 1981 TO 2010
CLIMATE RECORD PERIOD 1875 TO 2016

WEATHER         OBSERVED          NORMAL  DEPART  LAST YEAR`S
                 VALUE   DATE(S)  VALUE   FROM    VALUE  DATE(S)
                                          NORMAL
................................................................
TEMPERATURE (F)
RECORD
 HIGH              63   01/08/2002
 LOW              -45   01/13/1916
HIGHEST            51   01/29                         53  01/27
LOWEST            -23   01/10                        -21  01/12
AVG. MAXIMUM     26.8              23.4     3.4     29.2
AVG. MINIMUM      7.4               2.2     5.2      8.9
MEAN             17.1              12.8     4.3     19.1
DAYS MAX >= 90      0               0.0     0.0        0
DAYS MAX <= 32     22              20.8     1.2       14
DAYS MIN <= 32     31              30.8     0.2       29
DAYS MIN <= 0       8              13.4    -5.4       10

PRECIPITATION (INCHES)
RECORD
 MAXIMUM         1.64   1877
 MINIMUM         0.00   1878
TOTALS           0.21              0.43   -0.22     0.75
DAILY AVG.       0.01              0.01    0.00     0.02
DAYS >= .01         5               7.5    -2.5        8
DAYS >= .10         0               1.3    -1.3        3
DAYS >= .50         0               0.1    -0.1        0
DAYS >= 1.00        0               0.0     0.0        0
GREATEST
 24 HR. TOTAL    0.09   01/14 TO 01/14              0.24

SNOWFALL (INCHES)
RECORDS
 TOTAL           25.0   5
                        0
                        -26215
TOTALS            3.0               8.9    -5.9      7.2
SINCE 7/1        17.6              29.4   -11.8     17.5
SNOWDEPTH AVG.      4                 4       0        2
DAYS >= 1.0         1               2.6    -1.6        2
GREATEST
 SNOW DEPTH         5   01/21                          4  01/22
                        01/20                             01/21
                        01/19
 24 HR TOTAL      1.0   01/19 TO 01/19               3.6

DEGREE_DAYS
HEATING TOTAL    1477              1618    -141
 SINCE 7/1       4385              5118    -733
.................................................................

WIND (MPH)
HIGHEST WIND SPEED/DIRECTION    36/320    DATE  01/11
HIGHEST GUST SPEED/DIRECTION    47/330    DATE  01/11

SKY COVER
POSSIBLE SUNSHINE (PERCENT)   MM
NUMBER OF DAYS FAIR           13
NUMBER OF DAYS PC              7
NUMBER OF DAYS CLOUDY         11


WEATHER CONDITIONS. NUMBER OF DAYS WITH
THUNDERSTORM              0     MIXED PRECIP               1
HEAVY RAIN                0     RAIN                       0
LIGHT RAIN                0     FREEZING RAIN              0
LT FREEZING RAIN          0     HAIL                       0
HEAVY SNOW                0     SNOW                       1
LIGHT SNOW               14     SLEET                      0
FOG                      14     FOG W/VIS <= 1/4 MILE      3
HAZE                      9

-  INDICATES NEGATIVE NUMBERS.
R  INDICATES RECORD WAS SET OR TIED.
MM INDICATES DATA IS MISSING.
T  INDICATES TRACE AMOUNT.

$$
