000
CXUS53 KBIS 011510
CLMBIS

CLIMATE REPORT
NATIONAL WEATHER SERVICE BISMARCK ND
855 AM CDT MON JUN 1 2015

...................................

...THE BISMARCK ND CLIMATE SUMMARY FOR THE MONTH OF MAY 2015...

CLIMATE NORMAL PERIOD 1981 TO 2010
CLIMATE RECORD PERIOD 1875 TO 2015

WEATHER         OBSERVED          NORMAL  DEPART  LAST YEAR`S
                 VALUE   DATE(S)  VALUE   FROM    VALUE  DATE(S)
                                          NORMAL
................................................................
TEMPERATURE (F)
RECORD
 HIGH             102   05/30/1934
                        05/28/1934
 LOW               13   05/03/1907
HIGHEST            87   05/02                         92  05/29
LOWEST             25   05/19                         24  05/15
AVG. MAXIMUM     66.2              68.4    -2.2     68.6
AVG. MINIMUM     41.6              42.6    -1.0     43.1
MEAN             53.9              55.5    -1.6     55.8
DAYS MAX >= 90      0               0.4    -0.4        1
DAYS MAX <= 32      0               0.0     0.0        0
DAYS MIN <= 32      6               3.5     2.5        7
DAYS MIN <= 0       0               0.0     0.0        0

PRECIPITATION (INCHES)
RECORD
 MAXIMUM         7.37   2013
 MINIMUM         0.04   1901
TOTALS           5.31              2.40    2.91     0.85
DAILY AVG.       0.17              0.08    0.09     0.03
DAYS >= .01        10              10.1    -0.1        8
DAYS >= .10         7               5.4     1.6        2
DAYS >= .50         4               1.4     2.6        0
DAYS >= 1.00        2               0.4     1.6        0
GREATEST
 24 HR. TOTAL    2.46   05/16 TO 05/17              0.64

DEGREE_DAYS
COOLING TOTAL       6                16     -10
 SINCE 1/1          6                17     -11
.................................................................

WIND (MPH)
HIGHEST WIND SPEED/DIRECTION    33/340    DATE  05/17
HIGHEST GUST SPEED/DIRECTION    45/320    DATE  05/17

SKY COVER
POSSIBLE SUNSHINE (PERCENT)   MM
NUMBER OF DAYS FAIR           15
NUMBER OF DAYS PC              8
NUMBER OF DAYS CLOUDY          8


WEATHER CONDITIONS. NUMBER OF DAYS WITH
THUNDERSTORM              0     MIXED PRECIP               0
HEAVY RAIN                5     RAIN                       6
LIGHT RAIN               14     FREEZING RAIN              0
LT FREEZING RAIN          0     HAIL                       0
HEAVY SNOW                0     SNOW                       0
LIGHT SNOW                3     SLEET                      0
FOG                       9     FOG W/VIS <= 1/4 MILE      1
HAZE                      2

-  INDICATES NEGATIVE NUMBERS.
R  INDICATES RECORD WAS SET OR TIED.
MM INDICATES DATA IS MISSING.
T  INDICATES TRACE AMOUNT.
$$

MAY 2015 WAS COOLER AND WETTER THAN NORMAL. THE AVERAGE MONTHLY
TEMPERATURE WAS 53.9 DEGREES WHICH IS 1.6 DEGREES BELOW THE NORMAL
55.5 DEGREES. THERE WAS ONE RECORD OVERNIGHT LOW TEMPERATURE SET FOR
BISMARCK...WHICH WAS A FROSTY 25 DEGREES ON THE EARLY MORNING OF THE
THE 19TH. THIS BREAKS THE OLD RECORD OF 27 DEGREES SET BACK IN 2002.

MAY WAS ALSO A PRETTY WET MONTH. THE MONTHLY TOTAL PRECIPITATION
MEASURED A SOGGY 5.31 INCHES. A SURPLUS OF 2.91 INCHES MORE THAN THE
NORMAL 2.40 INCHES...RANKING AS THE 7TH OVERALL WETTEST MAY. A
RECORD RAINFALL TOTAL OF 1.57 WAS ALSO SET ON MAY 16TH...BREAKING
THE VERY OLD RECORD OF 0.80 SET ON THAT DATE IN 1889.

$$
RK
