000
CXUS53 KBIS 011629 CCA
CLMBIS

CLIMATE REPORT
NATIONAL WEATHER SERVICE BISMARCK ND
948 AM CST TUE DEC 1 2015

...................................

...THE BISMARCK ND CLIMATE SUMMARY FOR THE MONTH OF NOVEMBER 2015...

CLIMATE NORMAL PERIOD 1981 TO 2010
CLIMATE RECORD PERIOD 1875 TO 2015

WEATHER         OBSERVED          NORMAL  DEPART  LAST YEAR`S
                 VALUE   DATE(S)  VALUE   FROM    VALUE  DATE(S)
                                          NORMAL
................................................................
TEMPERATURE (F)
RECORD
 HIGH              79   11/07/1999
 LOW              -30   11/29/1985
HIGHEST            68   11/01                         66  11/02
LOWEST              1   11/27                        -14  11/14
AVG. MAXIMUM     46.0              39.6     6.4     31.9
AVG. MINIMUM     20.5              18.8     1.7     11.1
MEAN             33.3              29.2     4.1     21.5
DAYS MAX >= 90      0               0.0     0.0        0
DAYS MAX <= 32      5               8.8    -3.8       17
DAYS MIN <= 32     25              27.3    -2.3       29
DAYS MIN <= 0       0               1.9    -1.9        6

PRECIPITATION (INCHES)
RECORD
 MAXIMUM         3.10   1896
 MINIMUM         0.00   1990
TOTALS           0.21              0.71   -0.50     0.60
DAILY AVG.       0.01              0.02   -0.01     0.02
DAYS >= .01         4               7.0    -3.0       11
DAYS >= .10         1               1.9    -0.9        3
DAYS >= .50         0               0.3    -0.3        0
DAYS >= 1.00        0               0.0     0.0        0
GREATEST
 24 HR. TOTAL    0.15   11/30 TO 11/30              0.24

SNOWFALL (INCHES)
RECORDS
 TOTAL           31.0   5
                        0

TOTALS            1.7               8.8    -7.1      7.9
SINCE 7/1         1.8              11.2    -9.4      7.9
SNOWDEPTH AVG.      0                 3      -3        2
DAYS >= 1.0         1               2.3    -1.3        3
GREATEST
 SNOW DEPTH         0                                  4  11/13
 24 HR TOTAL      1.5   11/30 TO 11/30               2.1

DEGREE DAYS
HEATING TOTAL     945              1074    -129
 SINCE 7/1       1585              1986    -401
.................................................................

WIND (MPH)
HIGHEST WIND SPEED/DIRECTION    41/310    DATE  11/18
HIGHEST GUST SPEED/DIRECTION    60/310    DATE  11/18

SKY COVER
POSSIBLE SUNSHINE (PERCENT)   MM
NUMBER OF DAYS FAIR           16
NUMBER OF DAYS PC              7
NUMBER OF DAYS CLOUDY          7


WEATHER CONDITIONS. NUMBER OF DAYS WITH
THUNDERSTORM              0     MIXED PRECIP               0
HEAVY RAIN                0     RAIN                       1
LIGHT RAIN                4     FREEZING RAIN              0
LT FREEZING RAIN          0     HAIL                       0
HEAVY SNOW                0     SNOW                       0
LIGHT SNOW                5     SLEET                      0
FOG                       8     FOG W/VIS <= 1/4 MILE      1
HAZE                      0

-  INDICATES NEGATIVE NUMBERS.
R  INDICATES RECORD WAS SET OR TIED.
MM INDICATES DATA IS MISSING.
T  INDICATES TRACE AMOUNT.

$$
