000
CXUS53 KBIS 011357
CLMBIS
CLIMATE REPORT
NATIONAL WEATHER SERVICE BISMARCK, ND
757 AM CST FRI MAR 01 2024
...................................
...THE BISMARCK ND CLIMATE SUMMARY FOR THE MONTH OF FEBRUARY 2024...
CLIMATE NORMAL PERIOD: 1991 TO 2020
CLIMATE RECORD PERIOD: 1875 TO 2024
WEATHER OBSERVED NORMAL DEPART LAST YEAR`S
VALUE DATE(S) VALUE FROM VALUE DATE(S)
NORMAL
................................................................
TEMPERATURE (F)
RECORD
HIGH 73 02/27/2016
LOW -45 02/16/1936
HIGHEST 64 02/26 48 02/13
LOWEST -13 02/28 -29 02/24
AVG. MAXIMUM 39.7 27.8 11.9 28.5
AVG. MINIMUM 18.7 7.2 11.5 5.0
MEAN 29.2 17.5 11.7 16.8
DAYS MAX >= 90 0 0.0 0.0 MM
DAYS MAX <= 32 7 17.0 -10.0 MM
DAYS MIN <= 32 27 27.6 -0.6 28
DAYS MIN <= 0 2 9.6 -7.6 8
PRECIPITATION (INCHES)
RECORD
MAXIMUM 1.74 2000
MINIMUM 0.03 1934
TOTALS 0.39 0.52 -0.13 0.83
DAILY AVG. 0.01 NAN NAN 0.03
DAYS >= .01 7 7.9 -0.9 6
DAYS >= .10 1 1.6 -0.6 3
DAYS >= .50 0 0.0 0.0 0
DAYS >= 1.00 0 0.0 0.0 0
GREATEST
24 HR. TOTAL 0.20 02/26 TO 02/27 0.39
SNOWFALL (INCHES)
RECORDS
TOTAL 25.6 5
TOTALS 7.4 7.5 -0.1 15.3
SINCE 7/1 22.7 37.0 -14.3 MM
SNOWDEPTH AVG. 0 11
DAYS >= 1.0 2 2.6 -0.6 4
GREATEST
SNOW DEPTH 5 02/27 14 02/23
24 HR TOTAL 3.8 02/27 TO 02/27 MM
DEGREE DAYS
HEATING TOTAL 1031 1330 -299
SINCE 7/1 5369 6425 -1056
COOLING TOTAL 0 0 0
SINCE 1/1 0 0 0
................................................................
WIND (MPH)
HIGHEST WIND SPEED/DIRECTION 32/280 DATE 02/17
HIGHEST GUST SPEED/DIRECTION 49/290 DATE 02/17
SKY COVER
POSSIBLE SUNSHINE (PERCENT) MM
NUMBER OF DAYS FAIR 15
NUMBER OF DAYS PC 5
NUMBER OF DAYS CLOUDY 9
WEATHER CONDITIONS. NUMBER OF DAYS WITH
THUNDERSTORM 0 MIXED PRECIP 0
HEAVY RAIN 0 RAIN 0
LIGHT RAIN 0 FREEZING RAIN 0
LT FREEZING RAIN 1 HAIL 0
HEAVY SNOW 1 SNOW 1
LIGHT SNOW 9 SLEET 0
FOG 15 FOG W/VIS <= 1/4 MILE 6
HAZE 3
- INDICATES NEGATIVE NUMBERS.
R INDICATES RECORD WAS SET OR TIED.
MM INDICATES DATA IS MISSING.
T INDICATES TRACE AMOUNT.
$$