000
CXUS53 KBIS 011541
CLMBIS

CLIMATE REPORT
NATIONAL WEATHER SERVICE BISMARCK ND
849 AM CST THU JAN 1 2015

...................................

...THE BISMARCK ND CLIMATE SUMMARY FOR THE MONTH OF DECEMBER 2014...

CLIMATE NORMAL PERIOD 1981 TO 2010
CLIMATE RECORD PERIOD 1875 TO 2014

WEATHER         OBSERVED          NORMAL  DEPART  LAST YEAR`S
                 VALUE   DATE(S)  VALUE   FROM    VALUE  DATE(S)
                                          NORMAL
................................................................
TEMPERATURE (F)
RECORD
 HIGH              66   12/06/1939
 LOW              -43   12/31/1967
HIGHEST            49   12/12                         44  12/27
                                                          12/18
                                                          12/01
LOWEST            -18   12/01                        -31  12/23
AVG. MAXIMUM     29.1              26.2     2.9     17.9
AVG. MINIMUM     10.4               6.1     4.3     -3.1
MEAN             19.8              16.2     3.6      7.4
DAYS MAX >= 90      0               0.0     0.0        0
DAYS MAX <= 32     22              18.8     3.2       23
DAYS MIN <= 32     31              30.8     0.2       31
DAYS MIN <= 0       8               9.6    -1.6       19

PRECIPITATION (INCHES)
RECORD
 MAXIMUM         1.71   1884
 MINIMUM         0.00   1944
TOTALS           0.11              0.49   -0.38     1.26
DAILY AVG.       0.00              0.02   -0.02     0.04
DAYS >= .01         3               7.6    -4.6       16
DAYS >= .10         0               1.3    -1.3        5
DAYS >= .50         0               0.0     0.0        0
DAYS >= 1.00        0               0.0     0.0        0
GREATEST
 24 HR. TOTAL    0.10   12/22 TO 12/23              0.38

SNOWFALL (INCHES)
RECORDS
 TOTAL           33.3   2008
TOTALS            2.4               9.3    -6.9     15.5
SINCE 7/1        10.3              20.5   -10.2     17.1
SNOWDEPTH AVG.      1                 3      -2        5
DAYS >= 1.0         1               2.7    -1.7        5
GREATEST
 SNOW DEPTH         3   12/07                          7  12/31
                        12/06                             12/25
                        12/05                             12/24
 24 HR TOTAL      1.0   12/23 TO 12/23               3.4

DEGREE_DAYS
HEATING TOTAL    1395              1514    -119
 SINCE 7/1       3467              3500     -33
.................................................................

WIND (MPH)
HIGHEST WIND SPEED/DIRECTION    30/310    DATE  12/07
HIGHEST GUST SPEED/DIRECTION    38/330    DATE  12/15

SKY COVER
POSSIBLE SUNSHINE (PERCENT)   MM
NUMBER OF DAYS FAIR           14
NUMBER OF DAYS PC              8
NUMBER OF DAYS CLOUDY          9


WEATHER CONDITIONS. NUMBER OF DAYS WITH
THUNDERSTORM              0     MIXED PRECIP               0
HEAVY RAIN                0     RAIN                       0
LIGHT RAIN                1     FREEZING RAIN              0
LT FREEZING RAIN          0     HAIL                       0
HEAVY SNOW                0     SNOW                       0
LIGHT SNOW                9     SLEET                      0
FOG                      21     FOG W/VIS <= 1/4 MILE      3
HAZE                      4

-  INDICATES NEGATIVE NUMBERS.
R  INDICATES RECORD WAS SET OR TIED.
MM INDICATES DATA IS MISSING.
T  INDICATES TRACE AMOUNT.

$$

AFTER A VERY COLD NOVEMBER...DECEMBER 2014 WAS WARMER AND DRIER FOR
THE BISMARCK AREA. THE AVERAGE MONTHLY TEMPERATURE WAS 19.8 DEGREES
WHICH WAS 3.6 DEGREES ABOVE THE NORMAL 16.2 DEGREES. PRECIPITATION
TOTALED 0.11 HUNDREDTHS OF AN INCH...WHICH IS 0.38 HUNDREDTHS OF AN
INCH DRIER THAN THE NORMAL 0.49 HUNDREDTHS. THE DECEMBER SNOW FALL
TOTAL FOR BISMARCK WAS 2.4 INCHES...WHICH WAS 6.9 INCHES BELOW THE
NORMAL 9.3 INCHES FOR DECEMBER. THERE WERE NO TEMPERATURE OR
PRECIPITATION RECORDS SET FOR BISMARCK.  THE WINDIEST DAY WAS ON THE
15TH WHEN THE WINDSPEED AVERAGED 17.1 MPH. THE HIGHEST WIND GUST WAS
38 DEGREES FROM THE NORTHWEST ALSO ON THE 15TH.
HIGH TEMPERATURES IN JANUARY NORMALLY BEGIN IN THE LOWER 20S AND
RISE INTO THE MID 20S BY THE END OF THE MONTH. OVERNIGHT LOW
TEMPERATURES LINGER IN THE LOWER SINGLE DIGITS THROUGH THE MONTH.
JANUARY IS EXPECTED TO START OUT COLDER THAN NORMAL...WITH EQUAL
CHANCES OF ABOVE OR BELOW NORMAL PRECIPITATION.
