000
CXUS53 KBIS 022137
CLSBIS

CLIMATE REPORT
NATIONAL WEATHER SERVICE BISMARCK ND
324 PM CST SAT DEC 2 2017

...................................

...THE BISMARCK ND CLIMATE SUMMARY FOR THE SEASON, FROM
9/1/2017 TO 11/30/2017...

CLIMATE NORMAL PERIOD 1981 TO 2010
CLIMATE RECORD PERIOD 1875 TO 2017

WEATHER         OBSERVED          NORMAL  DEPART  LAST YEAR`S
                 VALUE   DATE(S)  VALUE   FROM    VALUE  DATE(S)
                                          NORMAL
................................................................
TEMPERATURE (F)
RECORD
 HIGH             105   09/08/1959
                        09/07/1931
 LOW              -30   11/29/1985
HIGHEST            96   09/12        MM      MM       90  09/11
LOWEST              6   11/21        MM      MM        5  11/19
AVG. MAXIMUM     59.7              56.4     3.3     61.6
AVG. MINIMUM     32.8              32.0     0.8     36.8
MEAN             46.3              44.2     2.1     49.2
DAYS MAX >= 90      2               1.8     0.2        1
DAYS MAX <= 32      7               9.5    -2.5        2
DAYS MIN <= 32     45              44.4     0.6       36
DAYS MIN <= 0       0               2.0    -2.0        0

PRECIPITATION (INCHES)
RECORD
 MAXIMUM         9.09   2013
 MINIMUM         1.12   2014
TOTALS           1.73              3.55   -1.82     2.88
DAILY AVG.       0.02              0.04   -0.02     0.03
DAYS >= .01        14              21.1    -7.1       20
DAYS >= .10         6               8.1    -2.1        8
DAYS >= .50         0               1.9    -1.9        1
DAYS >= 1.00        0               0.5    -0.5        0
GREATEST 24 HR. TOTAL    0.48
11/30 TO 11/30
          11/30 TO 11/30              11/30 TO 11/30 STORM TOTAL

 (MM/DD(HH))                                     11/30(00) TO
11/30(00) 11/30(00) TO 11/30(00)0    11/30(00) TO 11/30(00)0

SNOWFALL (INCHES) RECORDS TOTAL           19.0   2016

TOTALS            1.3              11.2

DEGREE_DAYS HEATING TOTAL    1727

COOLING TOTAL      49
.................................................

WIND (MPH) HIGHEST WIND SPEED/DIRECTION    44/270    DATE  11/29
HIGHEST GUST SPEED/DIRECTION    57/290    DATE  11/29



-  INDICATES NEGATIVE NUMBERS. R  INDICATES RECORD WAS SET OR TIED.
MM INDICATES DATA IS MISSING. T  INDICATES TRACE AMOUNT.

...................................
