000
CXUS53 KBIS 011731 CCA
CLSBIS

CLIMATE REPORT
NATIONAL WEATHER SERVICE BISMARCK ND
1117 AM CST MON DEC 1 2014

...................................

...THE BISMARCK ND CLIMATE SUMMARY FOR THE SEASON, FROM
9/1/2014 TO 11/30/2014...

CLIMATE NORMAL PERIOD 1981 TO 2010
CLIMATE RECORD PERIOD 1875 TO 2014

WEATHER         OBSERVED          NORMAL  DEPART  LAST YEAR`S
                 VALUE   DATE(S)  VALUE   FROM    VALUE  DATE(S)
                                          NORMAL
................................................................
TEMPERATURE (F)
RECORD
 HIGH             105   09/08/1959
                        09/07/1931
 LOW              -30   11/29/1985
HIGHEST            93   09/26        MM      MM       94  09/06
                        09/25
LOWEST            -14   11/14        MM      MM       20  10/28
AVG. MAXIMUM     56.0              56.4    -0.4     64.5
AVG. MINIMUM     30.3              32.0    -1.7     41.3
MEAN             43.2              44.2    -1.0     52.9
DAYS MAX >= 90      3               1.8     1.2        2
DAYS MAX <= 32     17               9.5     7.5        1
DAYS MIN <= 32     41              44.4    -3.4       18
DAYS MIN <= 0       6               2.0     4.0        0

PRECIPITATION (INCHES)
RECORD
 MAXIMUM         9.09   2013
 MINIMUM         2.14   2012
TOTALS           1.12R             3.55   -2.43     9.09
DAILY AVG.       0.01              0.04   -0.03     0.15
DAYS >= .01        19              21.1    -2.1       24
DAYS >= .10         5               8.1    -3.1       11
DAYS >= .50         0               1.9    -1.9        5
DAYS >= 1.00        0               0.5    -0.5        4
GREATEST
 24 HR. TOTAL    0.24   MM


 STORM TOTAL       MM                                 MM
 (MM/DD(HH))            MM



SNOWFALL (INCHES)
RECORDS
 TOTAL           13.5   2010
TOTALS            7.9              11.2

DEGREE_DAYS
HEATING TOTAL    2010
COOLING TOTAL      51
.................................................

WIND (MPH)
HIGHEST WIND SPEED/DIRECTION    37/280    DATE  11/23
HIGHEST GUST SPEED/DIRECTION    52/320    DATE  10/03

SKY COVER
POSSIBLE SUNSHINE (PERCENT)   MM
NUMBER OF DAYS FAIR           47
NUMBER OF DAYS PC             25
NUMBER OF DAYS CLOUDY         19

AVERAGE RH (PERCENT)     67

WEATHER CONDITIONS. NUMBER OF DAYS WITH
THUNDERSTORM              0     MIXED PRECIP               0
HEAVY RAIN                0     RAIN                       3
LIGHT RAIN               16     FREEZING RAIN              0
LT FREEZING RAIN          0     HAIL                       0
HEAVY SNOW                0     SNOW                       3
LIGHT SNOW               16     SLEET                      0
FOG                      29     FOG W/VIS <= 1/4 MILE      1
HAZE                     13

-  INDICATES NEGATIVE NUMBERS.
R  INDICATES RECORD WAS SET OR TIED.
MM INDICATES DATA IS MISSING.
T  INDICATES TRACE AMOUNT.
...................................
