000
CXUS53 KBIS 041319
CLSBIS

CLIMATE REPORT
NATIONAL WEATHER SERVICE BISMARCK ND
713 AM CST WED DEC 4 2013

...................................

...THE BISMARCK ND CLIMATE SUMMARY FOR THE SEASON, FROM
9/1/2013 TO 11/30/2013...

CLIMATE NORMAL PERIOD 1981 TO 2010
CLIMATE RECORD PERIOD 1875 TO 2013

WEATHER         OBSERVED          NORMAL  DEPART  LAST YEAR`S
                 VALUE   DATE(S)  VALUE   FROM    VALUE  DATE(S)
                                          NORMAL
................................................................
TEMPERATURE (F)
RECORD
 HIGH             105   09/08/1959
                        09/07/1931
 LOW              -30   11/29/1985
HIGHEST            94   09/06        MM      MM      100  09/01
LOWEST             20   10/28        MM      MM        3  11/13
                                                          11/12
AVG. MAXIMUM     64.5              56.4     8.1     56.2
AVG. MINIMUM     41.3              32.0     9.3     30.7
MEAN             52.9              44.2     8.7     43.5
DAYS MAX >= 90      2               1.8     0.2        3
DAYS MAX <= 32      1               9.5    -8.5        8
DAYS MIN <= 32     18              44.4   -26.4       50
DAYS MIN <= 0       0               2.0    -2.0        0

PRECIPITATION (INCHES)
RECORD
 MAXIMUM         6.44   2008
 MINIMUM         2.14   2012
TOTALS           9.09R             3.55    5.54     2.14
DAILY AVG.       0.15              0.04    0.11     0.02
DAYS >= .01        24              21.1     2.9       18
DAYS >= .10        11               8.1     2.9        4
DAYS >= .50         5               1.9     3.1        1
DAYS >= 1.00        4               0.5     3.5        0
GREATEST
 24 HR. TOTAL    2.43   MM                       11/30 TO 11/30
                                                          11/30 TO 11/30
                                                          11/30 TO 11/30
 STORM TOTAL       MM                                 MM
 (MM/DD(HH))            MM                    11/30(00) TO 11/30(00)
                                                 11/30(00) TO 11/30(00)0
                                                 11/30(00) TO 11/30(00)0

SNOWFALL (INCHES)
RECORDS
 TOTAL           13.5   2010
TOTALS            1.0              11.2

DEGREE_DAYS
HEATING TOTAL     810
COOLING TOTAL      75
.................................................

WIND (MPH)
HIGHEST WIND SPEED/DIRECTION    36/290    DATE  10/11
HIGHEST GUST SPEED/DIRECTION    48/300    DATE  10/11

SKY COVER
POSSIBLE SUNSHINE (PERCENT)   MM
NUMBER OF DAYS FAIR           33
NUMBER OF DAYS PC             14
NUMBER OF DAYS CLOUDY         14

AVERAGE RH (PERCENT)     70

WEATHER CONDITIONS. NUMBER OF DAYS WITH
THUNDERSTORM              0     MIXED PRECIP               0
HEAVY RAIN                6     RAIN                      11
LIGHT RAIN               28     FREEZING RAIN              0
LT FREEZING RAIN          0     HAIL                       0
HEAVY SNOW                0     SNOW                       0
LIGHT SNOW                6     SLEET                      0
FOG                      19     FOG W/VIS <= 1/4 MILE      1
HAZE                      8

-  INDICATES NEGATIVE NUMBERS.
R  INDICATES RECORD WAS SET OR TIED.
MM INDICATES DATA IS MISSING.
T  INDICATES TRACE
AMOUNT.

$$
