000
CXUS53 KBIS 011536
CLSBIS

CLIMATE REPORT
NATIONAL WEATHER SERVICE BISMARCK ND
1024 AM CDT SAT JUN 1 2013

...................................

...THE BISMARCK ND CLIMATE SUMMARY FOR THE SEASON, FROM
3/1/2013 TO 5/31/2013...

CLIMATE NORMAL PERIOD 1981 TO 2010
CLIMATE RECORD PERIOD 1875 TO 2013

WEATHER         OBSERVED          NORMAL  DEPART  LAST YEAR`S
                 VALUE   DATE(S)  VALUE   FROM    VALUE  DATE(S)
                                          NORMAL
................................................................
TEMPERATURE (F)
RECORD
 HIGH             102   05/30/1934
                        05/28/1934
 LOW              -36   03/15/1897
HIGHEST            91   05/13        MM      MM       88  04/24
LOWEST             -2   03/20        MM      MM       12  03/03
AVG. MAXIMUM     48.7              55.3    -6.6     62.4
AVG. MINIMUM     26.0              30.9    -4.9     34.6
MEAN             37.3              43.1    -5.8     48.5
DAYS MAX >= 90      1               0.5     0.5        0
DAYS MAX <= 32     20               9.0    11.0        2
DAYS MIN <= 32     69              49.4    19.6       38
DAYS MIN <= 0       1               2.4    -1.4        0

PRECIPITATION (INCHES)
RECORD
 MAXIMUM           MM   MM
 MINIMUM           MM   MM
TOTALS          10.01              4.53    5.48     4.22
DAILY AVG.       0.11              0.05    0.06     0.05
DAYS >= .01        29              25.4     3.6       32
DAYS >= .10        15              11.3     3.7       13
DAYS >= .50         7               2.2     4.8        2
DAYS >= 1.00        4               0.5     3.5        0
GREATEST
 24 HR. TOTAL    2.22   05/18 TO 05/19           05/31 TO 05/31
                                                          05/31 TO 05/31
                                                          05/31 TO 05/31
 STORM TOTAL       MM                                 MM
 (MM/DD(HH))            MM                    05/31(00) TO 05/31(00)
                                                 05/31(00) TO 05/31(00)1
                                                 05/31(00) TO 05/31(00)1

SNOWFALL (INCHES)
RECORDS
 TOTAL             MM   MM
TOTALS           28.7              13.7

DEGREE_DAYS
HEATING TOTAL    2535
COOLING TOTAL      12
..................................................

WIND (MPH)
HIGHEST WIND SPEED/DIRECTION    39/150    DATE  05/26
HIGHEST GUST SPEED/DIRECTION    53/280    DATE  05/14

SKY COVER
POSSIBLE SUNSHINE (PERCENT)   MM
NUMBER OF DAYS FAIR           43
NUMBER OF DAYS PC             21
NUMBER OF DAYS CLOUDY         28

AVERAGE RH (PERCENT)     70

WEATHER CONDITIONS. NUMBER OF DAYS WITH
THUNDERSTORM              0     MIXED PRECIP               0
HEAVY RAIN                7     RAIN                      11
LIGHT RAIN               19     FREEZING RAIN              1
LT FREEZING RAIN          3     HAIL                       0
HEAVY SNOW                2     SNOW                       7
LIGHT SNOW               23     SLEET                      0
FOG                      46     FOG W/VIS <= 1/4 MILE      7
HAZE                     15

-  INDICATES NEGATIVE NUMBERS.
R  INDICATES RECORD WAS SET OR TIED.
MM INDICATES DATA IS MISSING.
T  INDICATES TRACE AMOUNT.
...................................


$$
