000
CXUS53 KBIS 011413
CLSBIS

CLIMATE REPORT
NATIONAL WEATHER SERVICE BISMARCK ND
805 AM CST SAT DEC 1 2012

...................................

...THE BISMARCK ND CLIMATE SUMMARY FOR THE SEASON, FROM
9/1/2012 TO 11/30/2012...

CLIMATE NORMAL PERIOD 1981 TO 2010
CLIMATE RECORD PERIOD 1875 TO 2012

WEATHER         OBSERVED          NORMAL  DEPART  LAST YEAR`S
                 VALUE   DATE(S)  VALUE   FROM    VALUE  DATE(S)
                                          NORMAL
................................................................
TEMPERATURE (F)
RECORD
 HIGH             105   09/08/1959
                        09/07/1931
 LOW              -30   11/29/1985
HIGHEST           100   09/01        MM      MM       88  10/02
LOWEST              3   11/13        MM      MM        0  11/20
                        11/12
AVG. MAXIMUM     56.2              56.4    -0.2     59.5
AVG. MINIMUM     30.7              32.0    -1.3     32.5
MEAN             43.5              44.2    -0.7     46.0
DAYS MAX >= 90      3               1.8     1.2        0
DAYS MAX <= 32      8               9.5    -1.5        3
DAYS MIN <= 32     50              44.4     5.6       45
DAYS MIN <= 0       0               2.0    -2.0        1

PRECIPITATION (INCHES)
RECORD
 MAXIMUM         6.44   2008
 MINIMUM         2.37   2011
TOTALS           2.14R             3.55   -1.41     2.37
DAILY AVG.       0.02              0.04   -0.02     0.02
DAYS >= .01        18              21.1    -3.1       18
DAYS >= .10         4               8.1    -4.1        4
DAYS >= .50         1               1.9    -0.9        2
DAYS >= 1.00        0               0.5    -0.5        0
GREATEST
 24 HR. TOTAL    0.82   MM                       11/30 TO 11/30
                                                          11/30 TO 11/30
                                                          11/30 TO 11/30
 STORM TOTAL       MM                                 MM
 (MM/DD(HH))            MM                    11/30(00) TO 11/30(00)
                                                 11/30(00) TO 11/30(00)0
                                                 11/30(00) TO 11/30(00)0

SNOWFALL (INCHES)
RECORDS
 TOTAL           13.5   2010
TOTALS           10.5              11.2

DEGREE_DAYS
HEATING TOTAL    1971
COOLING TOTAL      33
.................................................

WIND (MPH)
HIGHEST WIND SPEED/DIRECTION    45/320    DATE  10/18
HIGHEST GUST SPEED/DIRECTION    60/330    DATE  10/18

SKY COVER
POSSIBLE SUNSHINE (PERCENT)   MM
NUMBER OF DAYS FAIR           50
NUMBER OF DAYS PC             21
NUMBER OF DAYS CLOUDY         20

AVERAGE RH (PERCENT)     65

WEATHER CONDITIONS. NUMBER OF DAYS WITH
THUNDERSTORM              0     MIXED PRECIP               0
HEAVY RAIN                0     RAIN                       1
LIGHT RAIN               22     FREEZING RAIN              0
LT FREEZING RAIN          3     HAIL                       0
HEAVY SNOW                1     SNOW                       1
LIGHT SNOW               10     SLEET                      0
FOG                      32     FOG W/VIS <= 1/4 MILE      5
HAZE                     18

-  INDICATES NEGATIVE NUMBERS.
R  INDICATES RECORD WAS SET OR TIED.
MM INDICATES DATA IS MISSING.
T  INDICATES TRACE
AMOUNT.

$$

MM
