000
CXUS53 KBIS 011733
CLSBIS

CLIMATE REPORT
NATIONAL WEATHER SERVICE BISMARCK ND
1230 PM CDT SAT SEP 1 2012

...................................

...THE BISMARCK ND CLIMATE SUMMARY FOR THE SEASON, FROM
6/1/2012 TO 8/31/2012...

CLIMATE NORMAL PERIOD 1981 TO 2010
CLIMATE RECORD PERIOD 1875 TO 2012

WEATHER         OBSERVED          NORMAL  DEPART  LAST YEAR`S
                 VALUE   DATE(S)  VALUE   FROM    VALUE  DATE(S)
                                          NORMAL
................................................................
TEMPERATURE (F)
RECORD
 HIGH             114   07/06/1936
 LOW               30   06/02/1969
HIGHEST           102   08/29        MM      MM       97  07/19
LOWEST             38   06/12        MM      MM       34  06/11
AVG. MAXIMUM     81.8              81.9    -0.1     80.3
AVG. MINIMUM     53.1              55.0    -1.9     55.4
MEAN             67.4              68.5    -1.1     67.8
DAYS MAX >= 90      9              18.1    -9.1        9
DAYS MAX <= 32      0               0.0     0.0        0
DAYS MIN <= 32      0               0.0     0.0        0
DAYS MIN <= 0       0               0.0     0.0        0

PRECIPITATION (INCHES)
RECORD
 MAXIMUM        14.22   2001
 MINIMUM         7.89   2008
TOTALS           4.48R             8.34   -3.86    12.45
DAILY AVG.       0.08              0.09   -0.01     0.14
DAYS >= .01        20              29.1    -9.1       37
DAYS >= .10        10              16.1    -6.1       21
DAYS >= .50         2               5.2    -3.2       10
DAYS >= 1.00        1               1.7    -0.7        1
GREATEST
 24 HR. TOTAL    1.50   MM                       08/31 TO 08/31
                                                          08/31 TO 08/31
                                                          08/31 TO 08/31
 STORM TOTAL       MM                                 MM
 (MM/DD(HH))            MM                    08/31(00) TO 08/31(00)
                                                 08/31(00) TO 08/31(00)1
                                                 08/31(00) TO 08/31(00)1

SNOWFALL (INCHES)
RECORDS
 TOTAL              T   2009
                        2008
TOTALS            0.0               0.0

DEGREE_DAYS
HEATING TOTAL      59
COOLING TOTAL     222
..................................................

WIND (MPH)
HIGHEST WIND SPEED/DIRECTION    47/320    DATE  06/15
HIGHEST GUST SPEED/DIRECTION    61/310    DATE  06/15

SKY COVER
POSSIBLE SUNSHINE (PERCENT)   MM
NUMBER OF DAYS FAIR           53
NUMBER OF DAYS PC              8
NUMBER OF DAYS CLOUDY          0

AVERAGE RH (PERCENT)     62

WEATHER CONDITIONS. NUMBER OF DAYS WITH
THUNDERSTORM              0     MIXED PRECIP               0
HEAVY RAIN                6     RAIN                      12
LIGHT RAIN               24     FREEZING RAIN              0
LT FREEZING RAIN          0     HAIL                       0
HEAVY SNOW                0     SNOW                       0
LIGHT SNOW                0     SLEET                      0
FOG                      12     FOG W/VIS <= 1/4 MILE      0
HAZE                      6

-  INDICATES NEGATIVE NUMBERS.
R  INDICATES RECORD WAS SET OR TIED.
MM INDICATES DATA IS MISSING.
T  INDICATES TRACE AMOUNT.

$$
