000
CXUS53 KBIS 011728
CLSBIS

CLIMATE REPORT
NATIONAL WEATHER SERVICE BISMARCK ND
1226 PM CDT FRI JUN 1 2012

...................................

...THE BISMARCK ND CLIMATE SUMMARY FOR THE SEASON, FROM
3/1/2012 TO 5/31/2012...

CLIMATE NORMAL PERIOD 1981 TO 2010
CLIMATE RECORD PERIOD 1875 TO 2012

WEATHER         OBSERVED          NORMAL  DEPART  LAST YEAR`S
                 VALUE   DATE(S)  VALUE   FROM    VALUE  DATE(S)
                                          NORMAL
................................................................
TEMPERATURE (F)
RECORD
 HIGH             102   05/30/1934
                        05/28/1934
 LOW              -36   03/15/1897
HIGHEST            88   04/24        MM      MM       77  05/08
LOWEST             12   03/03        MM      MM       -9  03/09
AVG. MAXIMUM     62.4              55.3     7.1     47.3
AVG. MINIMUM     34.6              30.9     3.7     28.4
MEAN             48.5              43.1     5.4     37.9
DAYS MAX >= 90      0               0.5    -0.5        0
DAYS MAX <= 32      2               9.0    -7.0       22
DAYS MIN <= 32     38              49.4   -11.4       54
DAYS MIN <= 0       0               2.4    -2.4        9

PRECIPITATION (INCHES)
RECORD
 MAXIMUM           MM   MM
 MINIMUM           MM   MM
TOTALS           4.22              4.53   -0.31     6.23
DAILY AVG.       0.05              0.05    0.00     0.07
DAYS >= .01        32              25.4     6.6       30
DAYS >= .10        13              11.3     1.7       16
DAYS >= .50         2               2.2    -0.2        4
DAYS >= 1.00        0               0.5    -0.5        0
GREATEST
 24 HR. TOTAL    0.71   MM                       03/22 TO 03/23
                                                          03/23 TO 03/23
                                                          03/23 TO 03/23
 STORM TOTAL       MM                                 MM
 (MM/DD(HH))            MM                    03/23(00) TO 03/23(00)
                                                 03/23(00) TO 03/23(00)3
                                                 03/23(00) TO 03/23(00)3

SNOWFALL (INCHES)
RECORDS
 TOTAL             MM   MM
TOTALS            0.5              13.7

DEGREE_DAYS
HEATING TOTAL    1500
COOLING TOTAL       5
....................................................

WIND (MPH)
HIGHEST WIND SPEED/DIRECTION    39/320    DATE  05/10
HIGHEST GUST SPEED/DIRECTION    53/310    DATE  05/10

SKY COVER
POSSIBLE SUNSHINE (PERCENT)   MM
NUMBER OF DAYS FAIR           53
NUMBER OF DAYS PC             21
NUMBER OF DAYS CLOUDY         17

AVERAGE RH (PERCENT)     63

WEATHER CONDITIONS. NUMBER OF DAYS WITH
THUNDERSTORM              0     MIXED PRECIP               0
HEAVY RAIN                4     RAIN                       8
LIGHT RAIN               33     FREEZING RAIN              0
LT FREEZING RAIN          0     HAIL                       0
HEAVY SNOW                0     SNOW                       0
LIGHT SNOW                6     SLEET                      0
FOG                      34     FOG W/VIS <= 1/4 MILE      4
HAZE                      9

-  INDICATES NEGATIVE NUMBERS.
R  INDICATES RECORD WAS SET OR TIED.
MM INDICATES DATA IS MISSING.
T  INDICATES TRACE AMOUNT.

$$
