000
CXUS53 KBIS 011723
CLSBIS

CLIMATE REPORT
NATIONAL WEATHER SERVICE BISMARCK ND
1221 PM CDT THU MAR 1 2012

...................................

...THE BISMARCK ND CLIMATE SUMMARY FOR THE SEASON, FROM
12/1/2011 TO 2/29/2012...

CLIMATE NORMAL PERIOD 1981 TO 2010
CLIMATE RECORD PERIOD 1875 TO 2012

WEATHER         OBSERVED          NORMAL  DEPART  LAST YEAR`S
                 VALUE   DATE(S)  VALUE   FROM    VALUE  DATE(S)
                                          NORMAL
................................................................
TEMPERATURE (F)
RECORD
 HIGH              68   02/25/1958
 LOW              -45   02/16/1936
                        01/13/1916
HIGHEST            59   01/05        MM      MM       49  02/15
LOWEST            -12   02/11        MM      MM      -32  02/02
AVG. MAXIMUM     34.8              25.9     8.9     19.7
AVG. MINIMUM     11.8               5.3     6.5      1.9
MEAN             23.3              15.6     7.7     10.8
DAYS MAX >= 90      0               0.0     0.0        0
DAYS MAX <= 32     36              55.9   -19.9       73
DAYS MIN <= 32     91              89.0     2.0       89
DAYS MIN <= 0      15              31.8   -16.8       38

PRECIPITATION (INCHES)
RECORD
 MAXIMUM         3.02   2009
 MINIMUM         1.03   2011
TOTALS           1.25              1.43   -0.18     1.03
DAILY AVG.       0.02              0.02    0.00     0.04
DAYS >= .01        18              22.1    -4.1       38
DAYS >= .10         4               4.2    -0.2       10
DAYS >= .50         0               0.1    -0.1        0
DAYS >= 1.00        0               0.0     0.0        0
GREATEST
 24 HR. TOTAL    0.24   MM                       12/24 TO 12/24
                                                          02/01 TO 02/01
                                                          02/01 TO 02/01
 STORM TOTAL       MM                                 MM
 (MM/DD(HH))            MM                    12/24(00) TO 12/24(00)
                                                 02/01(07) TO 02/01(07)1
                                                 02/01(07) TO 02/01(07)1

SNOWFALL (INCHES)
RECORDS
 TOTAL           58.0   2009
TOTALS           12.4              26.3

DEGREE_DAYS
HEATING TOTAL    3765
COOLING TOTAL       0
..................................................

WIND (MPH)
HIGHEST WIND SPEED/DIRECTION    36/310    DATE  12/26
HIGHEST GUST SPEED/DIRECTION    53/290    DATE  12/26

SKY COVER
POSSIBLE SUNSHINE (PERCENT)   MM
NUMBER OF DAYS FAIR           51
NUMBER OF DAYS PC             24
NUMBER OF DAYS CLOUDY         16

AVERAGE RH (PERCENT)     70

WEATHER CONDITIONS. NUMBER OF DAYS WITH
THUNDERSTORM              0     MIXED PRECIP               0
HEAVY RAIN                0     RAIN                       0
LIGHT RAIN                2     FREEZING RAIN              0
LT FREEZING RAIN          2     HAIL                       0
HEAVY SNOW                0     SNOW                       4
LIGHT SNOW               33     SLEET                      0
FOG                      32     FOG W/VIS <= 1/4 MILE      4
HAZE                     13

-  INDICATES NEGATIVE NUMBERS.
R  INDICATES RECORD WAS SET OR TIED.
MM INDICATES DATA IS MISSING.
T  INDICATES TRACE AMOUNT.

$$
