000
CXUS53 KBIS 011801
CLSBIS

CLIMATE REPORT
NATIONAL WEATHER SERVICE BISMARCK ND
1158 AM CST SUN MAR 1 2015

...................................

...THE BISMARCK ND CLIMATE SUMMARY FOR THE SEASON, FROM
12/1/2014 TO 2/28/2015...

CLIMATE NORMAL PERIOD 1981 TO 2010
CLIMATE RECORD PERIOD 1875 TO 2015

WEATHER         OBSERVED          NORMAL  DEPART  LAST YEAR`S
                 VALUE   DATE(S)  VALUE   FROM    VALUE  DATE(S)
                                          NORMAL
................................................................
TEMPERATURE (F)
RECORD
 HIGH              68   02/25/1958
 LOW              -45   02/16/1936
                        01/13/1916
HIGHEST            53   01/27        MM      MM       46  02/19
LOWEST            -21   01/12        MM      MM      -31  12/23
AVG. MAXIMUM     27.1              25.9     1.2     21.7
AVG. MINIMUM      6.8               5.3     1.5     -1.1
MEAN             17.0              15.6     1.4     10.3
DAYS MAX >= 90      0               0.0     0.0        0
DAYS MAX <= 32     58              55.9     2.1       60
DAYS MIN <= 32     88              89.0    -1.0       90
DAYS MIN <= 0      34              31.8     2.2       54

PRECIPITATION (INCHES)
RECORD
 MAXIMUM         3.02   2009
 MINIMUM         0.88   2013
TOTALS           1.25              1.43   -0.18     1.83
DAILY AVG.       0.01              0.02   -0.01     0.02
DAYS >= .01        23              22.1     0.9       31
DAYS >= .10         4               4.2    -0.2        6
DAYS >= .50         0               0.1    -0.1        0
DAYS >= 1.00        0               0.0     0.0        0
GREATEST
 24 HR. TOTAL    0.24   MM                       02/28 TO 02/28
                                                          02/28 TO 02/28
                                                          02/28 TO 02/28
 STORM TOTAL       MM                                 MM
 (MM/DD(HH))            MM                    02/28(00) TO 02/28(00)
                                                 02/28(00) TO 02/28(00)8
                                                 02/28(00) TO 02/28(00)8

SNOWFALL (INCHES)
RECORDS
 TOTAL           58.0   2009
TOTALS           15.0              26.3

DEGREE_DAYS
HEATING TOTAL    4289
COOLING TOTAL       0
.........................................................

WIND (MPH)
HIGHEST WIND SPEED/DIRECTION    44/320    DATE  01/08
HIGHEST GUST SPEED/DIRECTION    59/330    DATE  01/08

SKY COVER
POSSIBLE SUNSHINE (PERCENT)   MM
NUMBER OF DAYS FAIR           37
NUMBER OF DAYS PC             29
NUMBER OF DAYS CLOUDY         24

AVERAGE RH (PERCENT)     76

WEATHER CONDITIONS. NUMBER OF DAYS WITH
THUNDERSTORM              0     MIXED PRECIP               0
HEAVY RAIN                0     RAIN                       1
LIGHT RAIN                4     FREEZING RAIN              0
LT FREEZING RAIN          4     HAIL                       0
HEAVY SNOW                0     SNOW                       2
LIGHT SNOW               32     SLEET                      0
FOG                      49     FOG W/VIS <= 1/4 MILE      6
HAZE                     20

-  INDICATES NEGATIVE NUMBERS.
R  INDICATES RECORD WAS SET OR TIED.
MM INDICATES DATA IS MISSING.
T  INDICATES TRACE AMOUNT.
...................................


$$
