000
CXUS53 KBIS 011503
CLSBIS

CLIMATE REPORT
NATIONAL WEATHER SERVICE BISMARCK ND
718 AM CDT TUE SEP 1 2015

...................................

...THE BISMARCK ND CLIMATE SUMMARY FOR THE SEASON, FROM
6/1/2015 TO 8/31/2015...

CLIMATE NORMAL PERIOD 1981 TO 2010
CLIMATE RECORD PERIOD 1875 TO 2015

WEATHER         OBSERVED          NORMAL  DEPART  LAST YEAR`S
                 VALUE   DATE(S)  VALUE   FROM    VALUE  DATE(S)
                                          NORMAL
................................................................
TEMPERATURE (F)
RECORD
 HIGH             114   07/06/1936
 LOW               30   06/02/1969
HIGHEST           105   08/15        MM      MM       96  07/05
LOWEST             42   08/24        MM      MM       41  06/13
AVG. MAXIMUM     82.9              81.9     1.0     78.4
AVG. MINIMUM     56.0              55.0     1.0     55.4
MEAN             69.4              68.5     0.9     66.9
DAYS MAX >= 90     19              18.1     0.9        6
DAYS MAX <= 32      0               0.0     0.0        0
DAYS MIN <= 32      0               0.0     0.0        0
DAYS MIN <= 0       0               0.0     0.0        0

PRECIPITATION (INCHES)
RECORD
 MAXIMUM        14.22   2001
 MINIMUM         4.48   2012
TOTALS           7.90              8.34   -0.44     8.50
DAILY AVG.       0.09              0.09    0.00     0.09
DAYS >= .01        28              29.1    -1.1       35
DAYS >= .10        18              16.1     1.9       21
DAYS >= .50         6               5.2     0.8        5
DAYS >= 1.00        1               1.7    -0.7        1
GREATEST
 24 HR. TOTAL    1.21   MM                       08/31 TO 08/31
                                                          08/31 TO 08/31
                                                          08/31 TO 08/31
 STORM TOTAL       MM                                 MM
 (MM/DD(HH))            MM                    08/31(00) TO 08/31(00)
                                                 08/31(00) TO 08/31(00)1
                                                 08/31(00) TO 08/31(00)1

SNOWFALL (INCHES)
RECORDS
 TOTAL              T   2009
                        2008
TOTALS            0.0               0.0

DEGREE_DAYS
HEATING TOTAL      79
COOLING TOTAL     515
..................................................

WIND (MPH)
HIGHEST WIND SPEED/DIRECTION    61/330    DATE  06/19
HIGHEST GUST SPEED/DIRECTION    82/250    DATE  06/19

SKY COVER
POSSIBLE SUNSHINE (PERCENT)   MM
NUMBER OF DAYS FAIR           68
NUMBER OF DAYS PC             20
NUMBER OF DAYS CLOUDY          4

AVERAGE RH (PERCENT)     66

WEATHER CONDITIONS. NUMBER OF DAYS WITH
THUNDERSTORM              0     MIXED PRECIP               0
HEAVY RAIN               13     RAIN                      15
LIGHT RAIN               37     FREEZING RAIN              0
LT FREEZING RAIN          0     HAIL                       0
HEAVY SNOW                0     SNOW                       0
LIGHT SNOW                0     SLEET                      0
FOG                      38     FOG W/VIS <= 1/4 MILE      4
HAZE                     16

-  INDICATES NEGATIVE NUMBERS.
R  INDICATES RECORD WAS SET OR TIED.
MM INDICATES DATA IS MISSING.
T  INDICATES TRACE AMOUNT.

$$

ZH
