000
CXUS53 KBIS 011356
CLSBIS

CLIMATE REPORT
NATIONAL WEATHER SERVICE BISMARCK ND
750 AM CST SAT MAR 1 2014

...................................

...THE BISMARCK ND CLIMATE SUMMARY FOR THE SEASON, FROM
12/1/2013 TO 2/28/2014...

CLIMATE NORMAL PERIOD 1981 TO 2010
CLIMATE RECORD PERIOD 1875 TO 2014

WEATHER         OBSERVED          NORMAL  DEPART  LAST YEAR`S
                 VALUE   DATE(S)  VALUE   FROM    VALUE  DATE(S)
                                          NORMAL
................................................................
TEMPERATURE (F)
RECORD
 HIGH              68   02/25/1958
 LOW              -45   02/16/1936
                        01/13/1916
HIGHEST            46   02/19        MM      MM       51  12/03
LOWEST            -31   12/23        MM      MM      -18  12/24
AVG. MAXIMUM     21.7              25.9    -4.2     26.4
AVG. MINIMUM     -1.1               5.3    -6.4      7.6
MEAN             10.3              15.6    -5.3     17.0
DAYS MAX >= 90      0               0.0     0.0        0
DAYS MAX <= 32     60              55.9     4.1       62
DAYS MIN <= 32     90              89.0     1.0       90
DAYS MIN <= 0      54              31.8    22.2       27

PRECIPITATION (INCHES)
RECORD
 MAXIMUM         3.02   2009
 MINIMUM         0.88   2013
TOTALS           1.83              1.43    0.40     1.19
DAILY AVG.       0.02              0.02    0.00     0.01
DAYS >= .01        31              22.1     8.9       31
DAYS >= .10         6               4.2     1.8        3
DAYS >= .50         0               0.1    -0.1        0
DAYS >= 1.00        0               0.0     0.0        0
GREATEST
 24 HR. TOTAL    0.38   MM                       02/28 TO 02/28
                                                          02/28 TO 02/28
                                                          02/28 TO 02/28
 STORM TOTAL       MM                                 MM
 (MM/DD(HH))            MM                    02/28(00) TO 02/28(00)
                                                 02/28(00) TO 02/28(00)8
                                                 02/28(00) TO 02/28(00)8

SNOWFALL (INCHES)
RECORDS
 TOTAL           58.0   2009
TOTALS           23.6              26.3

DEGREE_DAYS
HEATING TOTAL    4897
COOLING TOTAL       0
.........................................................

WIND (MPH)
HIGHEST WIND SPEED/DIRECTION    47/330    DATE  01/16
HIGHEST GUST SPEED/DIRECTION    68/340    DATE  01/16

SKY COVER
POSSIBLE SUNSHINE (PERCENT)   MM
NUMBER OF DAYS FAIR           38
NUMBER OF DAYS PC             30
NUMBER OF DAYS CLOUDY         22

AVERAGE RH (PERCENT)     72

WEATHER CONDITIONS. NUMBER OF DAYS WITH
THUNDERSTORM              0     MIXED PRECIP               0
HEAVY RAIN                0     RAIN                       0
LIGHT RAIN                5     FREEZING RAIN              0
LT FREEZING RAIN          1     HAIL                       0
HEAVY SNOW                3     SNOW                       4
LIGHT SNOW               52     SLEET                      0
FOG                      29     FOG W/VIS <= 1/4 MILE      2
HAZE                     42

-  INDICATES NEGATIVE NUMBERS.
R  INDICATES RECORD WAS SET OR TIED.
MM INDICATES DATA IS MISSING.
T  INDICATES TRACE AMOUNT.
...................................

$$

MM
