000
CXUS53 KBIS 011248
CLSBIS

CLIMATE REPORT
NATIONAL WEATHER SERVICE BISMARCK ND
742 AM CDT MON SEP 1 2014

...................................

...THE BISMARCK ND CLIMATE SUMMARY FOR THE SEASON, FROM
6/1/2014 TO 8/31/2014...

CLIMATE NORMAL PERIOD 1981 TO 2010
CLIMATE RECORD PERIOD 1875 TO 2014

WEATHER         OBSERVED          NORMAL  DEPART  LAST YEAR`S
                 VALUE   DATE(S)  VALUE   FROM    VALUE  DATE(S)
                                          NORMAL
................................................................
TEMPERATURE (F)
RECORD
 HIGH             114   07/06/1936
 LOW               30   06/02/1969
HIGHEST            96   07/05        MM      MM      102  08/20
LOWEST             41   06/13        MM      MM       38  06/06
AVG. MAXIMUM     78.4              81.9    -3.5     81.5
AVG. MINIMUM     55.4              55.0     0.4     55.6
MEAN             66.9              68.5    -1.6     68.6
DAYS MAX >= 90      6              18.1   -12.1       16
DAYS MAX <= 32      0               0.0     0.0        0
DAYS MIN <= 32      0               0.0     0.0        0
DAYS MIN <= 0       0               0.0     0.0        0

PRECIPITATION (INCHES)
RECORD
 MAXIMUM        14.22   2001
 MINIMUM         4.48   2012
TOTALS           8.50              8.34    0.16     5.71
DAILY AVG.       0.09              0.09    0.00     0.06
DAYS >= .01        35              29.1     5.9       27
DAYS >= .10        21              16.1     4.9       16
DAYS >= .50         5               5.2    -0.2        3
DAYS >= 1.00        1               1.7    -0.7        1
GREATEST
 24 HR. TOTAL    1.16   MM                       08/31 TO 08/31
                                                          08/31 TO 08/31
                                                          08/31 TO 08/31
 STORM TOTAL       MM                                 MM
 (MM/DD(HH))            MM                    08/31(00) TO 08/31(00)
                                                 08/31(00) TO 08/31(00)1
                                                 08/31(00) TO 08/31(00)1

SNOWFALL (INCHES)
RECORDS
 TOTAL              T   2009
                        2008
TOTALS            0.0               0.0

DEGREE_DAYS
HEATING TOTAL     156
COOLING TOTAL     355
..................................................

WIND (MPH)
HIGHEST WIND SPEED/DIRECTION    44/290    DATE  07/21
HIGHEST GUST SPEED/DIRECTION    55/100    DATE  08/01

SKY COVER
POSSIBLE SUNSHINE (PERCENT)   MM
NUMBER OF DAYS FAIR           52
NUMBER OF DAYS PC             31
NUMBER OF DAYS CLOUDY          9

AVERAGE RH (PERCENT)     71

WEATHER CONDITIONS. NUMBER OF DAYS WITH
THUNDERSTORM              0     MIXED PRECIP               0
HEAVY RAIN               13     RAIN                      14
LIGHT RAIN               41     FREEZING RAIN              0
LT FREEZING RAIN          0     HAIL                       0
HEAVY SNOW                0     SNOW                       0
LIGHT SNOW                0     SLEET                      0
FOG                      47     FOG W/VIS <= 1/4 MILE      7
HAZE                     13

-  INDICATES NEGATIVE NUMBERS.
R  INDICATES RECORD WAS SET OR TIED.
MM INDICATES DATA IS MISSING.
T  INDICATES TRACE
AMOUNT.

$$
ZH
