000
CXUS53 KBIS 031227
CLSBIS

CLIMATE REPORT
NATIONAL WEATHER SERVICE BISMARCK ND
718 AM CDT TUE SEP 3 2013

...................................

...THE BISMARCK ND CLIMATE SUMMARY FOR THE SEASON, FROM
6/1/2013 TO 8/31/2013...

CLIMATE NORMAL PERIOD 1981 TO 2010
CLIMATE RECORD PERIOD 1875 TO 2013

WEATHER         OBSERVED          NORMAL  DEPART  LAST YEAR`S
                 VALUE   DATE(S)  VALUE   FROM    VALUE  DATE(S)
                                          NORMAL
................................................................
TEMPERATURE (F)
RECORD
 HIGH             114   07/06/1936
 LOW               30   06/02/1969
HIGHEST           102   08/20        MM      MM      104  07/19
LOWEST             38   06/06        MM      MM       38  06/12
AVG. MAXIMUM     81.5              81.9    -0.4     84.4
AVG. MINIMUM     55.6              55.0     0.6     55.9
MEAN             68.6              68.5     0.1     70.2
DAYS MAX >= 90     16              18.1    -2.1       MM
DAYS MAX <= 32      0               0.0     0.0       MM
DAYS MIN <= 32      0               0.0     0.0       MM
DAYS MIN <= 0       0               0.0     0.0       MM

PRECIPITATION (INCHES)
RECORD
 MAXIMUM        14.22   2001
 MINIMUM         4.48   2012
TOTALS           5.71              8.34   -2.63     7.13
DAILY AVG.       0.06              0.09   -0.03     0.08
DAYS >= .01        27              29.1    -2.1       MM
DAYS >= .10        16              16.1    -0.1       MM
DAYS >= .50         3               5.2    -2.2       MM
DAYS >= 1.00        1               1.7    -0.7       MM
GREATEST
 24 HR. TOTAL    1.51   MM                       08/31 TO 08/31
                                                          08/31 TO 08/31
                                                          08/31 TO 08/31
 STORM TOTAL       MM                                 MM
 (MM/DD(HH))            MM                    08/31(00) TO 08/31(00)
                                                 08/31(00) TO 08/31(00)1
                                                 08/31(00) TO 08/31(00)1

SNOWFALL (INCHES)
RECORDS
 TOTAL              T   2009
                        2008
TOTALS            0.0               0.0

DEGREE_DAYS
HEATING TOTAL     114
COOLING TOTAL     468
..................................................

WIND (MPH)
HIGHEST WIND SPEED/DIRECTION    44/320    DATE  08/29
HIGHEST GUST SPEED/DIRECTION    53/310    DATE  08/29

SKY COVER
POSSIBLE SUNSHINE (PERCENT)   MM
NUMBER OF DAYS FAIR           68
NUMBER OF DAYS PC             19
NUMBER OF DAYS CLOUDY          5

AVERAGE RH (PERCENT)     67

WEATHER CONDITIONS. NUMBER OF DAYS WITH
THUNDERSTORM              0     MIXED PRECIP               0
HEAVY RAIN                8     RAIN                      10
LIGHT RAIN               34     FREEZING RAIN              0
LT FREEZING RAIN          0     HAIL                       0
HEAVY SNOW                0     SNOW                       0
LIGHT SNOW                0     SLEET                      0
FOG                      45     FOG W/VIS <= 1/4 MILE      6
HAZE                     15

-  INDICATES NEGATIVE NUMBERS.
R  INDICATES RECORD WAS SET OR TIED.
MM INDICATES DATA IS MISSING.
T  INDICATES TRACE AMOUNT.

$$

MM
