000
CXUS53 KBIS 011557
CLSBIS

CLIMATE REPORT
NATIONAL WEATHER SERVICE BISMARCK ND
943 AM CST WED MAR 1 2017

...................................

...THE BISMARCK ND CLIMATE SUMMARY FOR THE SEASON, FROM
12/1/2016 TO 2/28/2017...

CLIMATE NORMAL PERIOD 1981 TO 2010
CLIMATE RECORD PERIOD 1875 TO 2017

WEATHER         OBSERVED          NORMAL  DEPART  LAST YEAR`S
                 VALUE   DATE(S)  VALUE   FROM    VALUE  DATE(S)
                                          NORMAL
................................................................
TEMPERATURE (F)
RECORD
 HIGH              73   02/27/2016
 LOW              -45   02/16/1936
                        01/13/1916
HIGHEST            55   02/21        MM      MM       MM  MM
LOWEST            -31   12/17        MM      MM       MM  MM
AVG. MAXIMUM     24.0              25.9    -1.9       MM
AVG. MINIMUM      5.5               5.3     0.2       MM
MEAN             14.8              15.6    -0.8       MM
DAYS MAX >= 90      0               0.0     0.0       MM
DAYS MAX <= 32     62              55.9     6.1       MM
DAYS MIN <= 32     89              89.0     0.0       MM
DAYS MIN <= 0      34              31.8     2.2       MM

PRECIPITATION (INCHES)
RECORD
 MAXIMUM         3.02   2009
 MINIMUM         0.88   2013
TOTALS           3.46R             1.43    2.03       MM
DAILY AVG.       0.04              0.02    0.02       MM
DAYS >= .01        29              22.1     6.9       MM
DAYS >= .10         9               4.2     4.8       MM
DAYS >= .50         1               0.1     0.9       MM
DAYS >= 1.00        1               0.0     1.0       MM
GREATEST
 24 HR. TOTAL    1.33   12/25 TO 12/26                MM
 STORM TOTAL       MM                                 MM
 (MM/DD(HH))            MM                                MM

SNOWFALL (INCHES)
RECORDS
 TOTAL           58.0   2009
TOTALS           43.9              26.3

DEGREE_DAYS
HEATING TOTAL    4522
COOLING TOTAL       0
.................................................................

WIND (MPH)
HIGHEST WIND SPEED/DIRECTION    38/310    DATE  12/21
HIGHEST GUST SPEED/DIRECTION    51/290    DATE  12/21

SKY COVER
POSSIBLE SUNSHINE (PERCENT)   MM
NUMBER OF DAYS FAIR           40
NUMBER OF DAYS PC             24
NUMBER OF DAYS CLOUDY         26

AVERAGE RH (PERCENT)     78

WEATHER CONDITIONS. NUMBER OF DAYS WITH
THUNDERSTORM              0     MIXED PRECIP               0
HEAVY RAIN                0     RAIN                       0
LIGHT RAIN                8     FREEZING RAIN              1
LT FREEZING RAIN          1     HAIL                       0
HEAVY SNOW                4     SNOW                       7
LIGHT SNOW               46     SLEET                      1
FOG                      53     FOG W/VIS <= 1/4 MILE      9
HAZE                     30

-  INDICATES NEGATIVE NUMBERS.
R  INDICATES RECORD WAS SET OR TIED.
MM INDICATES DATA IS MISSING.
T  INDICATES TRACE AMOUNT.
...................................

$$
