000
CXUS53 KBIS 011150
CLSBIS

CLIMATE REPORT
NATIONAL WEATHER SERVICE BISMARCK ND
644 AM CDT THU JUN 1 2017

...................................

...THE BISMARCK ND CLIMATE SUMMARY FOR THE SEASON, FROM
3/1/2017 TO 5/31/2017...

CLIMATE NORMAL PERIOD 1981 TO 2010
CLIMATE RECORD PERIOD 1875 TO 2017

WEATHER         OBSERVED          NORMAL  DEPART  LAST YEAR`S
                 VALUE   DATE(S)  VALUE   FROM    VALUE  DATE(S)
                                          NORMAL
................................................................
TEMPERATURE (F)
RECORD
 HIGH             102   05/30/1934
                        05/28/1934
 LOW              -36   03/15/1897
HIGHEST            90   05/07        MM      MM       MM  MM
LOWEST             -7   03/13        MM      MM       MM  MM
AVG. MAXIMUM     57.5              55.3     2.2       MM
AVG. MINIMUM     31.3              30.9     0.4       MM
MEAN             44.4              43.1     1.3       MM
DAYS MAX >= 90      1               0.5     0.5       MM
DAYS MAX <= 32     10               9.0     1.0       MM
DAYS MIN <= 32     47              49.4    -2.4       MM
DAYS MIN <= 0       2               2.4    -0.4       MM

PRECIPITATION (INCHES)
RECORD
 MAXIMUM           MM   MM
 MINIMUM           MM   MM
TOTALS           1.73              4.53   -2.80       MM
DAILY AVG.       0.02              0.05   -0.03       MM
DAYS >= .01        19              25.4    -6.4       MM
DAYS >= .10         6              11.3    -5.3       MM
DAYS >= .50         0               2.2    -2.2       MM
DAYS >= 1.00        0               0.5    -0.5       MM
GREATEST
 24 HR. TOTAL    0.40   MM                            MM
 STORM TOTAL       MM                                 MM
 (MM/DD(HH))       MM                                 MM

SNOWFALL (INCHES)
RECORDS
 TOTAL             MM   MM
TOTALS            8.7              13.7

DEGREE_DAYS
HEATING TOTAL    1883
COOLING TOTAL      14
.................................................................

WIND (MPH)
HIGHEST WIND SPEED/DIRECTION    48/280    DATE  03/07
HIGHEST GUST SPEED/DIRECTION    66/290    DATE  03/07

SKY COVER
POSSIBLE SUNSHINE (PERCENT)   MM
NUMBER OF DAYS FAIR           47
NUMBER OF DAYS PC             35
NUMBER OF DAYS CLOUDY         10

AVERAGE RH (PERCENT)     62

WEATHER CONDITIONS. NUMBER OF DAYS WITH
THUNDERSTORM              0     MIXED PRECIP               0
HEAVY RAIN                1     RAIN                       4
LIGHT RAIN               17     FREEZING RAIN              0
LT FREEZING RAIN          0     HAIL                       2
HEAVY SNOW                1     SNOW                       1
LIGHT SNOW                8     SLEET                      0
FOG                      29     FOG W/VIS <= 1/4 MILE      2
HAZE                      9

-  INDICATES NEGATIVE NUMBERS.
R  INDICATES RECORD WAS SET OR TIED.
MM INDICATES DATA IS MISSING.
T  INDICATES TRACE AMOUNT.
...................................

$$
