000
CXUS56 KBOI 011002
CF6BKE
PRELIMINARY LOCAL CLIMATOLOGICAL DATA (WS FORM: F-6)
STATION: BAKER OR
MONTH: MARCH
YEAR: 2023
LATITUDE: 44 50 N
LONGITUDE: 117 49 W
TEMPERATURE IN F: :PCPN: SNOW: WIND :SUNSHINE: SKY :PK WND
================================================================================
1 2 3 4 5 6A 6B 7 8 9 10 11 12 13 14 15 16 17 18
12Z AVG MX 2MIN
DY MAX MIN AVG DEP HDD CDD WTR SNW DPTH SPD SPD DIR MIN PSBL S-S WX SPD DR
================================================================================
1 34 15 25 -12 40 0 0.04 M M 9.8 22 350 M M 4 1 27 350
2 32 15 24 -14 41 0 0.04 M M 5.4 20 90 M M 8 12 28 80
3 37 8 23 -15 42 0 0.00 M M 4.8 12 150 M M 4 128 17 140
4 36 22 29 -9 36 0 0.04 M M 7.8 23 130 M M 8 1 31 130
5 35 17 26 -12 39 0 T M M 10.4 23 130 M M 6 31 140
6 38 24 31 -8 34 0 T M M 6.5 21 140 M M 4 1 27 130
7 36 26 31 -8 34 0 0.02 M M 8.3 20 110 M M 8 1 25 120
8 35 23 29 -10 36 0 T M M 9.0 21 130 M M 9 1 27 120
9 33 21 27 -13 38 0 0.05 M M 12.4 23 120 M M 8 1 30 120
10 40 20 30 -10 35 0 0.06 M M 8.7 33 240 M M 7 128 44 230
11 42 21 32 -8 33 0 0.00 M M 5.0 18 160 M M M 24 160
12 41 18 30 -10 35 0 0.02 M M 8.6 22 100 M M 6 30 110
13 48 33 41 1 24 0 0.05 M M 15.2 30 340 M M 9 1 41 350
14 34 27 31 -10 34 0 0.38 M M 5.2 22 330 M M 8 1 29 320
15 39 22 31 -10 34 0 T M M 6.9 26 340 M M 5 36 340
16 43 18 31 -10 34 0 0.00 M M 4.8 10 180 M M 0 14 160
17 46 21 34 -7 31 0 0.00 M M 8.3 20 130 M M 0 26 160
18 47 28 38 -4 27 0 0.00 M M 9.6 21 110 M M 0 26 120
19 49 27 38 -4 27 0 T M M 8.6 20 140 M M 3 24 110
20 41 34 38 -4 27 0 0.07 M M 6.9 18 340 M M 10 1 24 350
21 49 30 40 -2 25 0 0.00 M M 4.7 16 50 M M 8 21 60
22 52 25 39 -3 26 0 0.00 M M 4.9 16 190 M M 3 19 190
23 46 29 38 -4 27 0 0.27 M M 5.7 26 340 M M 8 1 35 330
24 39 17 28 -14 37 0 0.03 M M 5.8 17 340 M M 4 23 360
25 36 22 29 -13 36 0 0.02 M M 4.0 18 310 M M 5 1 23 290
26 41 23 32 -11 33 0 T M M 9.1 24 340 M M 3 1 32 360
27 44 16 30 -13 35 0 0.00 M M 9.4 23 140 M M 2 34 120
28 37 32 35 -8 30 0 0.04 M M 10.3 20 140 M M 10 1 27 130
29 44 34 39 -4 26 0 0.02 M M 6.5 15 360 M M 10 20 10
30 48 34 41 -2 24 0 0.02 M M 9.2 22 330 M M 10 1 31 360
31 47 30 39 -4 26 0 T M M 7.4 22 200 M M 10 26 200
================================================================================
SM 1269 732 1006 0 1.17 M 239.2 M 180
================================================================================
AV 40.9 23.6 7.7 FASTST M M 6 MAX(MPH)
MISC ----> 33 240 44 230
================================================================================
NOTES:
# LAST OF SEVERAL OCCURRENCES
COLUMN 17 PEAK WIND IN M.P.H.
PRELIMINARY LOCAL CLIMATOLOGICAL DATA (WS FORM: F-6) , PAGE 2
STATION: BAKER OR
MONTH: MARCH
YEAR: 2023
LATITUDE: 44 50 N
LONGITUDE: 117 49 W
[TEMPERATURE DATA] [PRECIPITATION DATA] SYMBOLS USED IN COLUMN 16
AVERAGE MONTHLY: 32.3 TOTAL FOR MONTH: 1.17 1 = FOG OR MIST
DPTR FM NORMAL: -8.5 DPTR FM NORMAL: 0.40 2 = FOG REDUCING VISIBILITY
HIGHEST: 52 ON 22 GRTST 24HR 0.39 ON 13-14 TO 1/4 MILE OR LESS
LOWEST: 8 ON 3 3 = THUNDER
SNOW, ICE PELLETS, HAIL 4 = ICE PELLETS
TOTAL MONTH: M 5 = HAIL
GRTST 24HR M ON M 6 = FREEZING RAIN OR DRIZZLE
GRTST DEPTH: M ON M 7 = DUSTSTORM OR SANDSTORM:
VSBY 1/2 MILE OR LESS
8 = SMOKE OR HAZE
[NO. OF DAYS WITH] [WEATHER - DAYS WITH] 9 = BLOWING SNOW
X = TORNADO
MAX 32 OR BELOW: 1 0.01 INCH OR MORE: 16
MAX 90 OR ABOVE: 0 0.10 INCH OR MORE: 2
MIN 32 OR BELOW: 27 0.50 INCH OR MORE: 0
MIN 0 OR BELOW: 0 1.00 INCH OR MORE: 0
[HDD (BASE 65) ]
TOTAL THIS MO. 1006 CLEAR (SCALE 0-3) 7
DPTR FM NORMAL 256 PTCLDY (SCALE 4-7) 14
TOTAL FM JUL 1 6255 CLOUDY (SCALE 8-10) 10
DPTR FM NORMAL 677
[CDD (BASE 65) ]
TOTAL THIS MO. 0
DPTR FM NORMAL 0 [PRESSURE DATA]
TOTAL FM JAN 1 0 HIGHEST SLP 30.37 ON 27
DPTR FM NORMAL 0 LOWEST SLP 29.30 ON 10
[REMARKS]
#FINAL-03-23#