000
CXUS51 KRNK 010721
CF6BLF
PRELIMINARY LOCAL CLIMATOLOGICAL DATA (WS FORM: F-6)
STATION: BLUEFIELD WV
MONTH: SEPTEMBER
YEAR: 2020
LATITUDE: 37 17 N
LONGITUDE: 81 12 W
TEMPERATURE IN F: :PCPN: SNOW: WIND :SUNSHINE: SKY :PK WND
================================================================================
1 2 3 4 5 6A 6B 7 8 9 10 11 12 13 14 15 16 17 18
12Z AVG MX 2MIN
DY MAX MIN AVG DEP HDD CDD WTR SNW DPTH SPD SPD DIR MIN PSBL S-S WX SPD DR
================================================================================
1 77 65 71 1 0 6 0.31 0.0 0 3.4 10 310 M M 6 1 13 280
2 81 67 74 4 0 9 0.28 0.0 0 7.3 24 240 M M 4 1 32 240
3 80 67 74 4 0 9 0.39 0.0 0 10.5 25 240 M M 7 13 37 240
4 78 60 69 -1 0 4 0.01 0.0 0 6.9 17 270 M M 8 1 23 260
5 72 52 62 -7 3 0 0.00 0.0 0 3.1 10 10 M M 1 12 13 310
6 74 50 62 -7 3 0 0.00 0.0 0 2.1 8 180 M M 0 21 300
7 77 54 66 -3 0 1 0.00 0.0 0 2.9 8 220 M M 0 13 190
8 78 55 67 -1 0 2 0.00 0.0 0 3.3 7 100 M M 0 M M
9 75 62 69 1 0 4 T 0.0 0 4.4 8 100 M M 8 M M
10 77 64 71 3 0 6 0.05 0.0 0 1.4 9 230 M M 8 12 12 230
11 80 61 71 3 0 6 0.29 0.0 0 3.0 10 40 M M 7 12 17 30
12 68 65 67 0 0 2 T 0.0 0 5.6 12 100 M M 10 19 140
13 77 63 70 3 0 5 0.04 0.0 0 4.2 10 310 M M 8 1 18 150
14 73 54 64 -2 1 0 0.05 0.0 0 3.6 12 360 M M 6 1 17 20
15 65 53 59 -7 6 0 0.00 0.0 0 4.1 9 140 M M 3 12 17 130
16 67 50 59 -7 6 0 0.00 0.0 0 3.2 9 160 M M 0 13 150
17 59 53 56 -9 9 0 0.43 0.0 0 3.1 8 90 M M 8 12 12 50
18 64 50 57 -8 8 0 0.00 0.0 0 4.3 14 10 M M 9 19 20
19 58 45 52 -13 13 0 0.00 0.0 0 4.1 8 50 M M 6 1 12 80
20 60 38 49 -15 16 0 0.00 0.0 0 5.6 12 110 M M 0 21 110
21 59 43 51 -13 14 0 0.00 0.0 0 5.0 12 150 M M 1 18 160
22 64 38 51 -13 14 0 0.00 0.0 0 4.9 13 270 M M 0 18 290
23 66 46 56 -7 9 0 0.00 0.0 0 3.0 10 250 M M 0 11 250
24 61 53 57 -6 8 0 0.07 0.0 0 2.1 9 160 M M 10 1 13 170
25 59 53 56 -7 9 0 0.71 0.0 0 4.1 12 130 M M 10 1 20 130
26 68 54 61 -1 4 0 0.01 0.0 0 1.1 6 160 M M 9 12 9 160
27 69 54 62 0 3 0 0.00 0.0 0 4.0 13 240 M M 3 17 250
28 72 59 66 4 0 1 0.12 0.0 0 6.0 16 190 M M 7 1 29 210
29 64 47 56 -5 9 0 0.39 0.0 0 5.6 14 280 M M 10 1 22 290
30 62 44 53 -8 12 0 T 0.0 0 11.5 21 260 M M 4 29 250
================================================================================
SM 2084 1619 147 55 3.15 0.0 133.4 M 153
================================================================================
AV 69.5 54.0 4.4 FASTST M M 5 MAX(MPH)
MISC ----> 25 240 37 240
================================================================================
NOTES:
# LAST OF SEVERAL OCCURRENCES
COLUMN 17 PEAK WIND IN M.P.H.
PRELIMINARY LOCAL CLIMATOLOGICAL DATA (WS FORM: F-6) , PAGE 2
STATION: BLUEFIELD WV
MONTH: SEPTEMBER
YEAR: 2020
LATITUDE: 37 17 N
LONGITUDE: 81 12 W
[TEMPERATURE DATA] [PRECIPITATION DATA] SYMBOLS USED IN COLUMN 16
AVERAGE MONTHLY: 61.7 TOTAL FOR MONTH: 3.15 1 = FOG OR MIST
DPTR FM NORMAL: -4.1 DPTR FM NORMAL: 0.01 2 = FOG REDUCING VISIBILITY
HIGHEST: 81 ON 2 GRTST 24HR 0.75 ON 24-25 TO 1/4 MILE OR LESS
LOWEST: 38 ON 22,20 3 = THUNDER
SNOW, ICE PELLETS, HAIL 4 = ICE PELLETS
TOTAL MONTH: 0.0 INCH 5 = HAIL
GRTST 24HR 0.0 6 = FREEZING RAIN OR DRIZZLE
GRTST DEPTH: 0 7 = DUSTSTORM OR SANDSTORM:
VSBY 1/2 MILE OR LESS
8 = SMOKE OR HAZE
[NO. OF DAYS WITH] [WEATHER - DAYS WITH] 9 = BLOWING SNOW
X = TORNADO
MAX 32 OR BELOW: 0 0.01 INCH OR MORE: 14
MAX 90 OR ABOVE: 0 0.10 INCH OR MORE: 8
MIN 32 OR BELOW: 0 0.50 INCH OR MORE: 1
MIN 0 OR BELOW: 0 1.00 INCH OR MORE: 0
[HDD (BASE 65) ]
TOTAL THIS MO. 147 CLEAR (SCALE 0-3) 9
DPTR FM NORMAL 74 PTCLDY (SCALE 4-7) 14
TOTAL FM JUL 1 147 CLOUDY (SCALE 8-10) 7
DPTR FM NORMAL 67
[CDD (BASE 65) ]
TOTAL THIS MO. 55
DPTR FM NORMAL -43 [PRESSURE DATA]
TOTAL FM JAN 1 571 HIGHEST SLP 30.52 ON 21
DPTR FM NORMAL -261 LOWEST SLP 29.76 ON 29
[REMARKS]
#FINAL-09-20#