000
CXUS55 KSEW 010930
CF6BLI
PRELIMINARY LOCAL CLIMATOLOGICAL DATA (WS FORM: F-6)
STATION: BELLINGHAM WA AIRPORT
MONTH: MARCH
YEAR: 2024
LATITUDE: 48 47 N
LONGITUDE: 122 32 W
TEMPERATURE IN F: :PCPN: SNOW: WIND :SUNSHINE: SKY :PK WND
================================================================================
1 2 3 4 5 6A 6B 7 8 9 10 11 12 13 14 15 16 17 18
12Z AVG MX 2MIN
DY MAX MIN AVG DEP HDD CDD WTR SNW DPTH SPD SPD DIR MIN PSBL S-S WX SPD DR
================================================================================
1 45 M M M M M M M M M M M M M 6 18 M M
2 41 34 38 -5 27 0 0.07 M M 9.3 21 150 M M 8 1 27 170
3 42 33 38 -5 27 0 0.17 M M 11.1 20 150 M M 10 1 27 160
4 42 28 35 -8 30 0 0.61 M M 3.8 8 20 M M 6 1 11 20
5 41 25 33 -11 32 0 0.00 M M 2.2 9 320 M M 3 14 60
6 41 28 35 -9 30 0 T M M 1.0 6 310 M M 9 1 9 310
7 46 26 36 -8 29 0 0.00 M M 2.3 7 20 M M 5 18 13 160
8 44 37 41 -3 24 0 0.04 M M 7.4 14 50 M M 9 19 40
9 53 38 46 2 19 0 T M M 15.5 35 160 M M 5 51 170
10 49 44 47 3 18 0 0.03 M M 18.1 30 170 M M 8 1 46 160
11 49 42 46 2 19 0 0.08 M M 13.7 28 160 M M 10 1 44 170
12 50 39 45 1 20 0 0.13 M M 9.0 23 160 M M 8 1 36 160
13 51 34 43 -2 22 0 0.00 M M 5.0 13 180 M M 2 20 180
14 54 30 42 -3 23 0 0.00 M M 2.2 13 30 M M 0 18 10
15 61 34 48 3 17 0 0.00 M M 2.6 12 310 M M 0 1 16 290
16 68 34 51 6 14 0 0.00 M M 1.5 9 210 M M 1 12 13 200
17 67 37 52 7 13 0 0.00 M M 1.9 8 290 M M 0 1 13 300
18 60 34 47 1 18 0 0.00 M M 2.9 10 270 M M 1 12 16 280
19 59 35 47 1 18 0 0.00 M M 2.1 10 190 M M 3 12 17 180
20 50 43 47 1 18 0 0.01 M M 6.2 16 150 M M 9 24 180
21 56 45 51 5 14 0 T M M 2.6 12 190 M M 9 1 18 180
22 56 45 51 5 14 0 0.03 M M 5.6 15 40 M M 9 1 21 30
23 50 41 46 0 19 0 0.40 M M 5.2 16 60 M M 10 1 24 60
24 53 34 44 -2 21 0 0.10 M M 4.5 12 160 M M 4 12 17 170
25 49 44 47 1 18 0 0.04 M M 5.9 13 170 M M 10 1 20 180
26 53 37 45 -2 20 0 0.05 M M 5.2 17 180 M M 7 1 26 170
27 52 38 45 -2 20 0 0.46 M M 7.2 15 170 M M 9 13 39 170
28 54 43 49 2 16 0 0.46 M M 12.3 26 160 M M 8 135 39 170
29 58 36 47 0 18 0 T M M 6.2 22 160 M M 6 31 160
30 52 32 42 -5 23 0 0.00 M M 4.0 10 300 M M 0 1 14 30
31 58 32 45 -2 20 0 0.00 M M 4.0 13 280 M M 1 1 19 290
================================================================================
SM 1604 1082 621 0 2.68 M 180.5 M 176
================================================================================
AV 51.7 36.1 6.0 FASTST M M 6 MAX(MPH)
MISC ----> 35 160 51 170
================================================================================
NOTES:
# LAST OF SEVERAL OCCURRENCES
COLUMN 17 PEAK WIND IN M.P.H.
PRELIMINARY LOCAL CLIMATOLOGICAL DATA (WS FORM: F-6) , PAGE 2
STATION: BELLINGHAM WA AIRPORT
MONTH: MARCH
YEAR: 2024
LATITUDE: 48 47 N
LONGITUDE: 122 32 W
[TEMPERATURE DATA] [PRECIPITATION DATA] SYMBOLS USED IN COLUMN 16
AVERAGE MONTHLY: 43.9 TOTAL FOR MONTH: 2.68 1 = FOG OR MIST
DPTR FM NORMAL: -1.2 DPTR FM NORMAL: -0.68 2 = FOG REDUCING VISIBILITY
HIGHEST: 68 ON 16 GRTST 24HR 0.78 ON 3- 4 TO 1/4 MILE OR LESS
LOWEST: 25 ON 5 3 = THUNDER
SNOW, ICE PELLETS, HAIL 4 = ICE PELLETS
TOTAL MONTH: M 5 = HAIL
GRTST 24HR M ON M 6 = FREEZING RAIN OR DRIZZLE
GRTST DEPTH: M ON M 7 = DUSTSTORM OR SANDSTORM:
VSBY 1/2 MILE OR LESS
8 = SMOKE OR HAZE
[NO. OF DAYS WITH] [WEATHER - DAYS WITH] 9 = BLOWING SNOW
X = TORNADO
MAX 32 OR BELOW: 0 0.01 INCH OR MORE: 15
MAX 90 OR ABOVE: 0 0.10 INCH OR MORE: 7
MIN 32 OR BELOW: 7 0.50 INCH OR MORE: 1
MIN 0 OR BELOW: 0 1.00 INCH OR MORE: 0
[HDD (BASE 65) ]
TOTAL THIS MO. 621 CLEAR (SCALE 0-3) 10
DPTR FM NORMAL 6 PTCLDY (SCALE 4-7) 9
TOTAL FM JUL 1 4086 CLOUDY (SCALE 8-10) 12
DPTR FM NORMAL -102
[CDD (BASE 65) ]
TOTAL THIS MO. 0
DPTR FM NORMAL 0 [PRESSURE DATA]
TOTAL FM JAN 1 0 HIGHEST SLP M ON M
DPTR FM NORMAL 0 LOWEST SLP 29.29 ON 2
[REMARKS]
#FINAL-03-24#