000
CXUS55 KSEW 010930
CF6BLI
PRELIMINARY LOCAL CLIMATOLOGICAL DATA (WS FORM: F-6)
STATION: BELLINGHAM WA AIRPORT
MONTH: SEPTEMBER
YEAR: 2023
LATITUDE: 48 47 N
LONGITUDE: 122 32 W
TEMPERATURE IN F: :PCPN: SNOW: WIND :SUNSHINE: SKY :PK WND
================================================================================
1 2 3 4 5 6A 6B 7 8 9 10 11 12 13 14 15 16 17 18
12Z AVG MX 2MIN
DY MAX MIN AVG DEP HDD CDD WTR SNW DPTH SPD SPD DIR MIN PSBL S-S WX SPD DR
================================================================================
1 76 51 64 2 1 0 0.00 M M 2.7 14 300 M M 1 12 22 280
2 79 52 66 4 0 1 0.00 M M 2.3 8 310 M M 0 1 11 200
3 68 58 63 1 2 0 0.25 M M 7.2 16 190 M M 6 1 31 200
4 66 53 60 -1 5 0 0.00 M M 6.3 14 180 M M 7 23 190
5 66 51 59 -2 6 0 0.00 M M 6.2 15 180 M M 3 22 200
6 71 47 59 -2 6 0 T M M 1.6 8 290 M M 6 1 13 300
7 69 52 61 0 4 0 0.00 M M 3.5 10 180 M M 5 13 250
8 71 51 61 0 4 0 0.00 M M 2.8 12 180 M M 3 12 14 220
9 75 47 61 1 4 0 0.00 M M 2.7 10 280 M M 1 12 17 300
10 75 51 63 3 2 0 0.00 M M 4.4 12 170 M M 1 1 21 190
11 69 59 64 4 1 0 T M M 6.7 12 180 M M 8 1 18 190
12 65 57 61 1 4 0 T M M 3.8 12 180 M M 7 19 200
13 72 50 61 1 4 0 0.00 M M 2.8 9 290 M M 4 12 14 280
14 73 46 60 1 5 0 0.00 M M 2.6 12 300 M M 1 12 17 260
15 77 44 61 2 4 0 0.00 M M 1.8 8 190 M M 1 12 13 210
16 68 46 57 -2 8 0 0.00 M M 6.3 15 180 M M 2 12 24 180
17 69 57 63 4 2 0 T M M 8.2 16 170 M M 4 25 160
18 66 47 57 -1 8 0 0.01 M M 4.8 16 320 M M 3 27 310
19 65 53 59 1 6 0 0.03 M M 6.6 16 180 M M 8 1 23 180
20 67 49 58 0 7 0 0.00 M M 5.5 16 310 M M 5 1 23 330
21 69 43 56 -2 9 0 0.00 M M 4.8 14 290 M M 0 22 280
22 70 42 56 -1 9 0 0.00 M M 2.1 8 190 M M 1 13 230
23 64 46 55 -2 10 0 0.12 M M 6.0 20 170 M M 6 1 33 180
24 66 45 56 -1 9 0 0.18 M M 5.8 14 120 M M 6 12 19 130
25 67 57 62 5 3 0 0.18 M M 12.7 29 160 M M 8 1 42 150
26 64 54 59 3 6 0 0.01 M M 13.3 24 160 M M 6 38 170
27 63 52 58 2 7 0 0.04 M M 6.1 13 180 M M 9 21 200
28 61 47 54 -2 11 0 0.33 M M 4.9 14 160 M M 8 1 20 190
29 60 38 49 -7 16 0 0.00 M M 2.4 13 330 M M 2 12 19 330
30 62 37 50 -5 15 0 0.00 M M 2.0 10 310 M M 3 12 15 300
================================================================================
SM 2053 1482 178 1 1.15 M 148.9 M 125
================================================================================
AV 68.4 49.4 5.0 FASTST M M 4 MAX(MPH)
MISC ----> 29 160 42 150
================================================================================
NOTES:
# LAST OF SEVERAL OCCURRENCES
COLUMN 17 PEAK WIND IN M.P.H.
PRELIMINARY LOCAL CLIMATOLOGICAL DATA (WS FORM: F-6) , PAGE 2
STATION: BELLINGHAM WA AIRPORT
MONTH: SEPTEMBER
YEAR: 2023
LATITUDE: 48 47 N
LONGITUDE: 122 32 W
[TEMPERATURE DATA] [PRECIPITATION DATA] SYMBOLS USED IN COLUMN 16
AVERAGE MONTHLY: 58.9 TOTAL FOR MONTH: 1.15 1 = FOG OR MIST
DPTR FM NORMAL: 0.0 DPTR FM NORMAL: -0.86 2 = FOG REDUCING VISIBILITY
HIGHEST: 79 ON 2 GRTST 24HR 0.35 ON 24-25 TO 1/4 MILE OR LESS
LOWEST: 37 ON 30 3 = THUNDER
SNOW, ICE PELLETS, HAIL 4 = ICE PELLETS
TOTAL MONTH: M 5 = HAIL
GRTST 24HR M ON M 6 = FREEZING RAIN OR DRIZZLE
GRTST DEPTH: M ON M 7 = DUSTSTORM OR SANDSTORM:
VSBY 1/2 MILE OR LESS
8 = SMOKE OR HAZE
[NO. OF DAYS WITH] [WEATHER - DAYS WITH] 9 = BLOWING SNOW
X = TORNADO
MAX 32 OR BELOW: 0 0.01 INCH OR MORE: 9
MAX 90 OR ABOVE: 0 0.10 INCH OR MORE: 5
MIN 32 OR BELOW: 0 0.50 INCH OR MORE: 0
MIN 0 OR BELOW: 0 1.00 INCH OR MORE: 0
[HDD (BASE 65) ]
TOTAL THIS MO. 178 CLEAR (SCALE 0-3) 12
DPTR FM NORMAL -11 PTCLDY (SCALE 4-7) 17
TOTAL FM JUL 1 248 CLOUDY (SCALE 8-10) 1
DPTR FM NORMAL -73
[CDD (BASE 65) ]
TOTAL THIS MO. 1
DPTR FM NORMAL -3 [PRESSURE DATA]
TOTAL FM JAN 1 111 HIGHEST SLP M ON M
DPTR FM NORMAL 36 LOWEST SLP 29.70 ON 25
[REMARKS]
#FINAL-09-23#