000
CXUS54 KEWX 011010
CF6BMQ
PRELIMINARY LOCAL CLIMATOLOGICAL DATA (WS FORM: F-6)
STATION: BURNET
MONTH: JANUARY
YEAR: 2021
LATITUDE: 30 43 N
LONGITUDE: 98 14 W
TEMPERATURE IN F: :PCPN: SNOW: WIND :SUNSHINE: SKY :PK WND
================================================================================
1 2 3 4 5 6A 6B 7 8 9 10 11 12 13 14 15 16 17 18
12Z AVG MX 2MIN
DY MAX MIN AVG DEP HDD CDD WTR SNW DPTH SPD SPD DIR MIN PSBL S-S WX SPD DR
================================================================================
1 50 33 42 -6 23 0 0.00 M M 11.8 22 310 M M 6 33 320
2 60 32 46 -2 19 0 0.00 M M 5.6 16 270 M M 0 22 270
3 70 32 51 3 14 0 0.00 M M 4.4 18 230 M M 0 28 230
4 73 35 54 6 11 0 0.00 M M 4.5 14 270 M M 0 19 270
5 68 46 57 9 8 0 0.00 M M 6.6 16 200 M M 2 1 26 170
6 61 46 54 6 11 0 1.60 M M 10.6 25 290 M M 5 123 39 280
7 60 40 50 2 15 0 0.00 M M 11.0 23 320 M M 0 35 330
8 50 34 42 -6 23 0 0.00 M M 5.7 14 30 M M 2 20 20
9 51 32 42 -6 23 0 T M M 6.6 14 70 M M 3 1 21 60
10 42 33 38 -10 27 0 0.51 M M 9.4 17 60 M M 10 12 27 50
11 44 30 37 -11 28 0 0.00 M M 7.0 15 320 M M 7 23 340
12 52 27 40 -8 25 0 M M M 2.7 6 280 M M 3 12 M M
13 48 48 48 0 17 0 M M M 5.8 6 99 M M 0 M M
14 64 62 63 15 2 0 M M M 16.9 18 340 M M 0 31 340
15 57 35 46 -2 19 0 0.00 M M 10.1 25 330 M M 0 37 300
16 61 30 46 -2 19 0 0.00 M M 3.6 10 290 M M 3 15 290
17 66 31 49 1 16 0 0.00 M M 4.6 15 310 M M 0 21 310
18 70 36 53 5 12 0 0.00 M M 6.5 21 190 M M 3 33 160
19 63 47 55 7 10 0 0.01 M M 8.7 21 30 M M 10 1 31 10
20 48 43 46 -2 19 0 0.28 M M 5.3 15 40 M M 10 1 22 40
21 61 46 54 6 11 0 M M M 3.3 7 280 M M 4 M M
22 71 50 61 13 4 0 0.03 M M 9.5 14 30 M M 8 22 20
23 61 47 54 5 11 0 M M M M M M M M 10 M M
24 M M M M M M M M M M M M M M M M M
25 71 45 58 9 7 0 0.02 M M 8.1 22 290 M M 0 18 32 280
26 71 38 55 6 10 0 0.00 M M 5.7 18 10 M M 0 29 330
27 63 39 51 2 14 0 0.00 M M 8.6 20 330 M M 2 29 320
28 49 33 41 -8 24 0 0.00 M M 5.0 8 30 M M 0 M M
29 M M M M M M M M M M M M M M M M M
30 M M M M M M M M M M M M M M M M M
31 M M M M M M M M M M M M M M M M M
================================================================================
SM 1605 1050 422 0 2.45 M 187.5 M 88
================================================================================
AV 59.4 38.9 7.2 FASTST M M 3 MAX(MPH)
MISC ----> # 25 290 39 280
================================================================================
NOTES:
# LAST OF SEVERAL OCCURRENCES
COLUMN 17 PEAK WIND IN M.P.H.
PRELIMINARY LOCAL CLIMATOLOGICAL DATA (WS FORM: F-6) , PAGE 2
STATION: BURNET
MONTH: JANUARY
YEAR: 2021
LATITUDE: 30 43 N
LONGITUDE: 98 14 W
[TEMPERATURE DATA] [PRECIPITATION DATA] SYMBOLS USED IN COLUMN 16
AVERAGE MONTHLY: 49.2 TOTAL FOR MONTH: 2.45 1 = FOG OR MIST
DPTR FM NORMAL: 0.9 DPTR FM NORMAL: 0.61 2 = FOG REDUCING VISIBILITY
HIGHEST: 73 ON 4 GRTST 24HR 1.60 ON 6- 6 TO 1/4 MILE OR LESS
LOWEST: 27 ON 12 3 = THUNDER
SNOW, ICE PELLETS, HAIL 4 = ICE PELLETS
TOTAL MONTH: M 5 = HAIL
GRTST 24HR M ON M 6 = FREEZING RAIN OR DRIZZLE
GRTST DEPTH: M ON M 7 = DUSTSTORM OR SANDSTORM:
VSBY 1/2 MILE OR LESS
8 = SMOKE OR HAZE
[NO. OF DAYS WITH] [WEATHER - DAYS WITH] 9 = BLOWING SNOW
X = TORNADO
MAX 32 OR BELOW: 0 0.01 INCH OR MORE: 6
MAX 90 OR ABOVE: 0 0.10 INCH OR MORE: 3
MIN 32 OR BELOW: 7 0.50 INCH OR MORE: 2
MIN 0 OR BELOW: 0 1.00 INCH OR MORE: 1
[HDD (BASE 65) ]
TOTAL THIS MO. 422 CLEAR (SCALE 0-3) 17
DPTR FM NORMAL -97 PTCLDY (SCALE 4-7) 6
TOTAL FM JUL 1 1021 CLOUDY (SCALE 8-10) 8
DPTR FM NORMAL -325
[CDD (BASE 65) ]
TOTAL THIS MO. 0
DPTR FM NORMAL -2 [PRESSURE DATA]
TOTAL FM JAN 1 0 HIGHEST SLP M ON M
DPTR FM NORMAL -2 LOWEST SLP 29.62 ON 25
[REMARKS]
#FINAL-01-21#