103
CXUS55 KOHX 011209
CF6BNA
PRELIMINARY LOCAL CLIMATOLOGICAL DATA (WS FORM: F-6)
STATION: NASHVILLE
MONTH: JULY
YEAR: 2020
LATITUDE: 36 7 N
LONGITUDE: 86 41 W
TEMPERATURE IN F: :PCPN: SNOW: WIND :SUNSHINE: SKY :PK WND
================================================================================
1 2 3 4 5 6A 6B 7 8 9 10 11 12 13 14 15 16 17 18
12Z AVG MX 2MIN
DY MAX MIN AVG DEP HDD CDD WTR SNW DPTH SPD SPD DIR MIN PSBL S-S WX SPD DR
================================================================================
1 84 70 77 -2 0 12 0.07 0.0 0 4.2 12 210 M M 7 1 17 230
2 93 69 81 2 0 16 0.00 0.0 0 3.0 12 70 M M 6 15 80
3 94 73 84 5 0 19 0.00 0.0 0 5.2 14 40 M M 4 20 340
4 96 70 83 4 0 18 0.41 0.0 0 4.1 18 170 M M 4 138 22 170
5 93 73 83 4 0 18 0.00 0.0 0 3.5 18 70 M M 8 138 24 70
6 92 73 83 4 0 18 0.00 0.0 0 3.9 10 70 M M 7 3 17 90
7 94 74 84 5 0 19 0.00 0.0 0 4.4 16 350 M M 4 3 20 340
8 95 73 84 5 0 19 T 0.0 0 3.3 17 80 M M 4 3 23 90
9 94 72 83 4 0 18 0.00 0.0 0 2.9 14 300 M M 3 3 18 320
10 95 74 85 6 0 20 0.00 0.0 0 7.2 17 330 M M 3 25 280
11 93 69 81 2 0 16 0.00 0.0 0 6.2 20 40 M M 1 25 50
12 89 67 78 -2 0 13 0.70 0.0 0 9.2 28 30 M M 7 13 36 170
13 91 70 81 1 0 16 0.00 0.0 0 5.0 13 30 M M 2 19 340
14 92 69 81 1 0 16 0.00 0.0 0 2.8 9 70 M M 3 15 100
15 95 70 83 3 0 18 0.00 0.0 0 4.7 15 160 M M 2 22 180
16 95 75 85 5 0 20 0.00 0.0 0 6.1 16 170 M M 6 23 230
17 95 75 85 5 0 20 0.00 0.0 0 5.0 13 190 M M 5 8 18 170
18 98 76 87 7 0 22 0.00 0.0 0 2.3 10 100 M M 5 3 15 260
19 98 76 87 7 0 22 0.00 0.0 0 4.9 14 280 M M 3 19 270
20 98 75 87 7 0 22 0.00 0.0 0 6.1 24 320 M M 6 3 40 360
21 97 72 85 5 0 20 0.03 0.0 0 4.5 24 150 M M 5 13 36 200
22 91 72 82 2 0 17 0.12 0.0 0 5.7 15 40 M M 6 13 21 210
23 94 74 84 4 0 19 0.01 0.0 0 3.3 14 160 M M 7 3 19 160
24 92 74 83 3 0 18 0.00 0.0 0 3.9 14 50 M M 6 3 19 340
25 94 74 84 4 0 19 0.16 0.0 0 3.8 23 310 M M 5 3 32 320
26 93 72 83 3 0 18 0.21 0.0 0 4.6 22 290 M M 4 13 28 290
27 95 74 85 5 0 20 0.05 0.0 0 5.3 14 170 M M 5 3 20 170
28 96 73 85 5 0 20 1.45 0.0 0 3.6 20 160 M M 7 138 27 160
29 91 74 83 3 0 18 T 0.0 0 2.5 13 200 M M 7 3 19 190
30 91 76 84 4 0 19 0.67 0.0 0 7.4 15 210 M M 7 13 24 220
31 90 73 82 2 0 17 0.54 0.0 0 5.0 24 210 M M 6 138 32 220
================================================================================
SM 2898 2251 0 567 4.42 0.0 143.6 M 155
================================================================================
AV 93.5 72.6 4.6 FASTST M M 5 MAX(MPH)
MISC ----> # 28 30 # 40 360
================================================================================
NOTES:
# LAST OF SEVERAL OCCURRENCES
COLUMN 17 PEAK WIND IN M.P.H.
PRELIMINARY LOCAL CLIMATOLOGICAL DATA (WS FORM: F-6) , PAGE 2
STATION: NASHVILLE
MONTH: JULY
YEAR: 2020
LATITUDE: 36 7 N
LONGITUDE: 86 41 W
[TEMPERATURE DATA] [PRECIPITATION DATA] SYMBOLS USED IN COLUMN 16
AVERAGE MONTHLY: 83.1 TOTAL FOR MONTH: 4.42 1 = FOG OR MIST
DPTR FM NORMAL: 3.6 DPTR FM NORMAL: 0.78 2 = FOG REDUCING VISIBILITY
HIGHEST: 98 ON 20,19 GRTST 24HR 1.45 ON 28-28 TO 1/4 MILE OR LESS
LOWEST: 67 ON 12 3 = THUNDER
SNOW, ICE PELLETS, HAIL 4 = ICE PELLETS
TOTAL MONTH: 0.0 INCH 5 = HAIL
GRTST 24HR 0.0 6 = FREEZING RAIN OR DRIZZLE
GRTST DEPTH: 0 7 = DUSTSTORM OR SANDSTORM:
VSBY 1/2 MILE OR LESS
8 = SMOKE OR HAZE
[NO. OF DAYS WITH] [WEATHER - DAYS WITH] 9 = BLOWING SNOW
X = TORNADO
MAX 32 OR BELOW: 0 0.01 INCH OR MORE: 12
MAX 90 OR ABOVE: 29 0.10 INCH OR MORE: 8
MIN 32 OR BELOW: 0 0.50 INCH OR MORE: 4
MIN 0 OR BELOW: 0 1.00 INCH OR MORE: 1
[HDD (BASE 65) ]
TOTAL THIS MO. 0 CLEAR (SCALE 0-3) 6
DPTR FM NORMAL 0 PTCLDY (SCALE 4-7) 25
TOTAL FM JUL 1 0 CLOUDY (SCALE 8-10) 0
DPTR FM NORMAL 0
[CDD (BASE 65) ]
TOTAL THIS MO. 567
DPTR FM NORMAL 121 [PRESSURE DATA]
TOTAL FM JAN 1 1150 HIGHEST SLP 30.18 ON 17
DPTR FM NORMAL 201 LOWEST SLP 29.76 ON 12
[REMARKS]
#FINAL-07-20#