000
CXUS54 KOHX 052020
CLMBNA
CLIMATE REPORT
NATIONAL WEATHER SERVICE NASHVILLE, TN
320 PM CDT FRI MAY 05 2023
...................................
...THE NASHVILLE CLIMATE SUMMARY FOR THE MONTH OF APRIL 2023...
CLIMATE NORMAL PERIOD: 1991 TO 2020
CLIMATE RECORD PERIOD: 1871 TO 2023
WEATHER OBSERVED NORMAL DEPART LAST YEAR`S
VALUE DATE(S) VALUE FROM VALUE
NORMAL
..............................................................
TEMPERATURE (F)
RECORD
HIGH 91 04/29/2017
04/09/2011
04/27/1989
LOW 23 04/08/2007
04/07/1982
HIGHEST 87 04/05
LOWEST 36 04/24
AVG. MAXIMUM 72.6 72.6 0.0
AVG. MINIMUM 48.6 48.9 -0.3
MEAN 60.6 60.8 -0.2 59.9
DAYS MAX >= 90 0
DAYS MAX <= 32 0
DAYS MIN <= 32 0
DAYS MIN <= 0 0
PRECIPITATION (INCHES)
RECORD
MAXIMUM 11.84 1874
MINIMUM 0.52 1986
TOTALS 3.25 4.72 -1.47
DAYS >= .01 11
DAYS >= .10 5
DAYS >= .50 2
DAYS >= 1.00 1
GREATEST
24 HR. TOTAL 1.88 04/05 TO 04/06
SNOWFALL (INCHES)
TOTALS 0.0 0.0 0.0
SINCE 7/1 1.2 -3.5
DAYS >= TRACE 0
DAYS >= 1.0 0
DEGREE DAYS
HEATING TOTAL 158 180 -22
SINCE 7/1 2732 3323 -591
COOLING TOTAL 33 52 -19
SINCE 1/1 52 64 -12
..............................................................
WIND (MPH)
AVERAGE WIND SPEED 7.4
HIGHEST GUST SPEED/DIRECTION 48/290 DATE 04/05
SKY COVER
POSSIBLE SUNSHINE (PERCENT) MM
AVERAGE SKY COVER 0.57
NUMBER OF DAYS FAIR 9
NUMBER OF DAYS PC 11
NUMBER OF DAYS CLOUDY 10
AVERAGE RH (PERCENT) 58
WEATHER CONDITIONS. NUMBER OF DAYS WITH
THUNDERSTORM 6 MIXED PRECIP 0
HEAVY RAIN 3 RAIN 5
LIGHT RAIN 13 FREEZING RAIN 0
LT FREEZING RAIN 0 HAIL 0
HEAVY SNOW 0 SNOW 0
LIGHT SNOW 0 SLEET 0
FOG 12 FOG W/VIS <= 1/4 MILE 1
HAZE 4
- INDICATES NEGATIVE NUMBERS.
R INDICATES RECORD WAS SET OR TIED.
MM INDICATES DATA IS MISSING.
T INDICATES TRACE AMOUNT.
$$