000
CXUS55 KBOI 011122
CF6BOI
PRELIMINARY LOCAL CLIMATOLOGICAL DATA (WS FORM: F-6)
STATION: BOISE ID
MONTH: MAY
YEAR: 2023
LATITUDE: 43 34 N
LONGITUDE: 116 13 W
TEMPERATURE IN F: :PCPN: SNOW: WIND :SUNSHINE: SKY :PK WND
================================================================================
1 2 3 4 5 6A 6B 7 8 9 10 11 12 13 14 15 16 17 18
12Z AVG MX 2MIN
DY MAX MIN AVG DEP HDD CDD WTR SNW DPTH SPD SPD DIR MIN PSBL S-S WX SPD DR
================================================================================
1 81 57 69 14 0 4 0.00 0.0 0 7.7 20 340 M M 0 28 340
2 80 54 67 11 0 2 0.00 0.0 0 5.9 17 330 M M 0 22 340
3 85 52 69 13 0 4 0.00 0.0 0 9.1 25 120 M M 0 34 110
4 74 52 63 7 2 0 T 0.0 0 13.6 31 150 M M 2 41 130
5 61 47 54 -3 11 0 0.07 0.0 0 12.9 30 140 M M 8 40 110
6 63 44 54 -3 11 0 0.11 0.0 0 5.2 17 250 M M 6 1 23 260
7 59 45 52 -5 13 0 0.41 0.0 0 7.1 15 330 M M 7 13 19 330
8 67 44 56 -2 9 0 0.22 0.0 0 11.4 33 280 M M 5 13 44 280
9 62 42 52 -6 13 0 0.19 0.0 0 5.3 16 60 M M 6 1 21 210
10 69 41 55 -3 10 0 0.00 0.0 0 6.5 15 300 M M 0 23 260
11 74 42 58 -1 7 0 0.00 0.0 0 6.1 18 330 M M 0 24 290
12 78 46 62 3 3 0 0.00 0.0 0 5.4 16 310 M M 0 20 300
13 81 52 67 8 0 2 T 0.0 0 5.9 20 170 M M 1 23 160
14 72 56 64 4 1 0 0.01 0.0 0 6.8 30 110 M M 6 36 100
15 82 53 68 8 0 3 0.24 T 0 8.9 32 190 M M 2 3 44 190
16 83 56 70 10 0 5 T 0.0 0 6.5 22 320 M M 0 30 320
17 82 56 69 9 0 4 T 0.0 0 4.8 17 330 M M 1 24 340
18 84 57 71 10 0 6 0.00 0.0 0 6.2 13 330 M M 0 19 280
19 90 61 76 15 0 11 0.00 0.0 0 7.1 14 130 M M 0 8 23 190
20 92 60 76 15 0 11 0.00 0.0 0 4.6 13 340 M M 0 17 340
21 91 62 77 15 0 12 0.03 0.0 0 8.4 35 260 M M 1 38 51 270
22 74 56 65 3 0 0 0.00 0.0 0 9.4 18 310 M M 2 24 290
23 75 52 64 2 1 0 0.00 0.0 0 5.9 15 310 M M 3 19 320
24 79 53 66 4 0 1 0.01 0.0 0 6.6 18 150 M M 3 26 290
25 82 51 67 5 0 2 T 0.0 0 7.7 18 150 M M 1 3 22 50
26 78 58 68 5 0 3 0.01 0.0 0 9.0 18 280 M M 4 29 360
27 76 53 65 2 0 0 0.00 0.0 0 5.7 24 300 M M 3 30 300
28 81 53 67 4 0 2 0.00 0.0 0 7.1 17 350 M M 1 22 320
29 86 55 71 8 0 6 0.00 0.0 0 6.1 15 130 M M 0 21 310
30 84 58 71 7 0 6 0.08 0.0 0 6.9 24 180 M M 3 3 30 190
31 76 58 67 3 0 2 0.05 0.0 0 6.9 23 290 M M 4 1 30 270
================================================================================
SM 2401 1626 81 86 1.43 T 226.7 M 69
================================================================================
AV 77.5 52.5 7.3 FASTST M M 2 MAX(MPH)
MISC ----> 35 260 51 270
================================================================================
NOTES:
# LAST OF SEVERAL OCCURRENCES
COLUMN 17 PEAK WIND IN M.P.H.
PRELIMINARY LOCAL CLIMATOLOGICAL DATA (WS FORM: F-6) , PAGE 2
STATION: BOISE ID
MONTH: MAY
YEAR: 2023
LATITUDE: 43 34 N
LONGITUDE: 116 13 W
[TEMPERATURE DATA] [PRECIPITATION DATA] SYMBOLS USED IN COLUMN 16
AVERAGE MONTHLY: 65.0 TOTAL FOR MONTH: 1.43 1 = FOG OR MIST
DPTR FM NORMAL: 5.1 DPTR FM NORMAL: -0.02 2 = FOG REDUCING VISIBILITY
HIGHEST: 92 ON 20 GRTST 24HR 0.41 ON 7- 7 TO 1/4 MILE OR LESS
LOWEST: 41 ON 10 3 = THUNDER
SNOW, ICE PELLETS, HAIL 4 = ICE PELLETS
TOTAL MONTH: T 5 = HAIL
GRTST 24HR T ON 15-15 6 = FREEZING RAIN OR DRIZZLE
GRTST DEPTH: 0 7 = DUSTSTORM OR SANDSTORM:
VSBY 1/2 MILE OR LESS
8 = SMOKE OR HAZE
[NO. OF DAYS WITH] [WEATHER - DAYS WITH] 9 = BLOWING SNOW
X = TORNADO
MAX 32 OR BELOW: 0 0.01 INCH OR MORE: 12
MAX 90 OR ABOVE: 3 0.10 INCH OR MORE: 5
MIN 32 OR BELOW: 0 0.50 INCH OR MORE: 0
MIN 0 OR BELOW: 0 1.00 INCH OR MORE: 0
[HDD (BASE 65) ]
TOTAL THIS MO. 81 CLEAR (SCALE 0-3) 23
DPTR FM NORMAL -119 PTCLDY (SCALE 4-7) 7
TOTAL FM JUL 1 5431 CLOUDY (SCALE 8-10) 1
DPTR FM NORMAL 173
[CDD (BASE 65) ]
TOTAL THIS MO. 86
DPTR FM NORMAL 44 [PRESSURE DATA]
TOTAL FM JAN 1 95 HIGHEST SLP 30.17 ON 13
DPTR FM NORMAL 50 LOWEST SLP 29.33 ON 1
[REMARKS]
#FINAL-05-23#