000
CXUS55 KRIW 020043
CF6BPI
PRELIMINARY LOCAL CLIMATOLOGICAL DATA (WS FORM: F-6)
STATION: BIG PINEY WY
MONTH: JANUARY
YEAR: 2024
LATITUDE: 42 34 N
LONGITUDE: 110 6 W
TEMPERATURE IN F: :PCPN: SNOW: WIND :SUNSHINE: SKY :PK WND
================================================================================
1 2 3 4 5 6A 6B 7 8 9 10 11 12 13 14 15 16 17 18
12Z AVG MX 2MIN
DY MAX MIN AVG DEP HDD CDD WTR SNW DPTH SPD SPD DIR MIN PSBL S-S WX SPD DR
================================================================================
1 37 4 21 10 44 0 0.00 M M 2.3 8 230 M M 0 10 220
2 35 -1 17 6 48 0 0.00 M M 2.7 10 360 M M 0 11 350
3 32 -2 15 4 50 0 0.00 M M 2.1 8 340 M M 1 9 340
4 37 12 25 14 40 0 0.00 M M 7.9 20 330 M M 6 26 340
5 33 6 20 9 45 0 0.00 M M 10.7 24 330 M M 2 32 330
6 23 -3 10 -1 55 0 T M M 4.2 14 360 M M 3 1 19 350
7 28 3 16 5 49 0 T M M 6.7 16 30 M M 7 1 21 360
8 24 -8 8 -3 57 0 0.00 M M 5.1 20 360 M M 0 1 27 350
9 25 -6 10 -1 55 0 0.01 M M 5.5 20 290 M M 5 18 26 280
10 23 -3 10 -2 55 0 T M M 9.4 20 300 M M 3 1 31 270
11 21 -8 7 -5 58 0 T M M 5.2 14 290 M M 5 1 21 250
12 21 6 14 2 51 0 0.02 M M 19.1 44 300 M M 10 1289 65 300
13 12 -10 1 -11 64 0 T M M 7.3 16 320 M M 5 1 23 310
14 24 -4 10 -2 55 0 0.03 M M 3.1 12 80 M M 5 1 15 70
15 16 -25 -4 -16 69 0 T M M 10.0 25 10 M M 3 18 36 340
16 21 -24 -1 -13 66 0 0.00 M M 2.8 10 70 M M 0 12 340
17 25 -10 8 -4 57 0 T M M 3.1 9 70 M M 7 18 11 80
18 37 12 25 13 40 0 T M M 8.9 26 310 M M 4 35 310
19 33 11 22 10 43 0 0.00 M M 3.7 10 60 M M 8 11 330
20 36 10 23 11 42 0 T M M 3.8 10 170 M M 7 13 180
21 36 13 25 13 40 0 T M M 2.7 9 50 M M 6 12 11 40
22 33 18 26 14 39 0 0.00 M M 1.8 8 40 M M 10 12 9 40
23 37 17 27 15 38 0 0.00 M M 3.5 7 320 M M 9 8 250
24 39 14 27 15 38 0 0.00 M M 4.6 12 260 M M 5 15 250
25 32 16 24 12 41 0 0.02 M M 2.3 8 70 M M 10 1 9 320
26 38 10 24 12 41 0 T M M 6.0 16 360 M M 3 1 21 330
27 43 2 23 11 42 0 0.00 M M 4.8 16 350 M M 1 21 350
28 47 14 31 19 34 0 0.00 M M 4.4 12 70 M M 1 13 210
29 48 18 33 21 32 0 0.00 M M 4.2 12 230 M M 0 15 240
30 45 14 30 18 35 0 0.00 M M 3.3 9 200 M M 0 1 11 190
31 42 11 27 15 38 0 0.00 M M 2.5 8 180 M M 3 12 11 180
================================================================================
SM 983 107 1461 0 0.08 M 163.7 M 129
================================================================================
AV 31.7 3.5 5.3 FASTST M M 4 MAX(MPH)
MISC ----> 44 300 65 300
================================================================================
NOTES:
# LAST OF SEVERAL OCCURRENCES
COLUMN 17 PEAK WIND IN M.P.H.
PRELIMINARY LOCAL CLIMATOLOGICAL DATA (WS FORM: F-6) , PAGE 2
STATION: BIG PINEY WY
MONTH: JANUARY
YEAR: 2024
LATITUDE: 42 34 N
LONGITUDE: 110 6 W
[TEMPERATURE DATA] [PRECIPITATION DATA] SYMBOLS USED IN COLUMN 16
AVERAGE MONTHLY: 17.6 TOTAL FOR MONTH: 0.08 1 = FOG OR MIST
DPTR FM NORMAL: 5.9 DPTR FM NORMAL: -0.36 2 = FOG REDUCING VISIBILITY
HIGHEST: 48 ON 29 GRTST 24HR 0.08 ON 5- 5 TO 1/4 MILE OR LESS
LOWEST: -25 ON 15 3 = THUNDER
SNOW, ICE PELLETS, HAIL 4 = ICE PELLETS
TOTAL MONTH: M 5 = HAIL
GRTST 24HR M ON M 6 = FREEZING RAIN OR DRIZZLE
GRTST DEPTH: M ON M 7 = DUSTSTORM OR SANDSTORM:
VSBY 1/2 MILE OR LESS
8 = SMOKE OR HAZE
[NO. OF DAYS WITH] [WEATHER - DAYS WITH] 9 = BLOWING SNOW
X = TORNADO
MAX 32 OR BELOW: 14 0.01 INCH OR MORE: 4
MAX 90 OR ABOVE: 0 0.10 INCH OR MORE: 0
MIN 32 OR BELOW: 31 0.50 INCH OR MORE: 0
MIN 0 OR BELOW: 12 1.00 INCH OR MORE: 0
[HDD (BASE 65) ]
TOTAL THIS MO. 1461 CLEAR (SCALE 0-3) 11
DPTR FM NORMAL -191 PTCLDY (SCALE 4-7) 16
TOTAL FM JUL 1 5314 CLOUDY (SCALE 8-10) 4
DPTR FM NORMAL -714
[CDD (BASE 65) ]
TOTAL THIS MO. 0
DPTR FM NORMAL 0 [PRESSURE DATA]
TOTAL FM JAN 1 0 HIGHEST SLP 30.61 ON 27
DPTR FM NORMAL 0 LOWEST SLP 29.46 ON 10
[REMARKS]
#FINAL-01-24#