000
CXUS55 KRIW 010945
CF6BPI
PRELIMINARY LOCAL CLIMATOLOGICAL DATA (WS FORM: F-6)
STATION: BIG PINEY WY
MONTH: SEPTEMBER
YEAR: 2020
LATITUDE: 42 34 N
LONGITUDE: 110 6 W
TEMPERATURE IN F: :PCPN: SNOW: WIND :SUNSHINE: SKY :PK WND
================================================================================
1 2 3 4 5 6A 6B 7 8 9 10 11 12 13 14 15 16 17 18
12Z AVG MX 2MIN
DY MAX MIN AVG DEP HDD CDD WTR SNW DPTH SPD SPD DIR MIN PSBL S-S WX SPD DR
================================================================================
1 74 28 51 -4 14 0 0.00 M M 12.4 25 350 M M 0 36 10
2 82 38 60 5 5 0 0.00 M M 9.0 21 300 M M 0 28 310
3 85 35 60 6 5 0 0.00 M M 9.0 24 360 M M 0 31 350
4 87 40 64 10 1 0 0.00 M M 5.7 14 360 M M 0 17 360
5 91 39 65 11 0 0 0.00 M M 7.8 24 340 M M 0 31 340
6 87 40 64 11 1 0 0.00 M M 11.1 23 320 M M 0 34 300
7 80 32 56 3 9 0 0.03 M M 10.1 30 250 M M 2 1 44 240
8 51 24 38 -15 27 0 T M M 12.9 32 70 M M 4 44 80
9 59 17 38 -14 27 0 0.00 M M 7.1 24 200 M M 0 31 200
10 62 15 39 -13 26 0 0.00 M M 6.9 26 200 M M 2 34 200
11 73 24 49 -3 16 0 0.00 M M 10.1 30 340 M M 1 44 20
12 77 30 54 3 11 0 0.00 M M 6.5 16 230 M M 0 22 230
13 79 29 54 3 11 0 0.00 M M 5.8 13 350 M M 0 8 20 170
14 82 27 55 5 10 0 0.00 M M 6.7 18 220 M M 0 8 27 230
15 81 31 56 6 9 0 0.00 M M 6.9 17 350 M M 0 26 350
16 79 33 56 6 9 0 0.00 M M 4.8 14 340 M M 0 17 200
17 79 33 56 7 9 0 0.00 M M 3.8 15 70 M M 0 8 18 70
18 80 29 55 6 10 0 0.00 M M 6.3 22 270 M M 2 8 29 270
19 63 33 48 0 17 0 T M M 7.0 29 320 M M 4 39 330
20 67 24 46 -2 19 0 0.00 M M 4.2 18 260 M M 0 1 26 240
21 74 22 48 0 17 0 0.00 M M 5.7 20 290 M M 0 25 290
22 73 30 52 5 13 0 0.05 M M 5.4 18 190 M M 3 3 26 190
23 74 30 52 5 13 0 0.00 M M 5.1 16 300 M M 0 22 290
24 79 32 56 10 9 0 0.00 M M 8.8 33 280 M M 0 8 45 290
25 73 29 51 5 14 0 0.00 M M 9.9 31 260 M M 1 43 270
26 61 35 48 2 17 0 0.00 M M 12.9 30 300 M M 5 42 290
27 56 26 41 -4 24 0 0.00 M M 13.5 20 350 M M 2 36 350
28 64 15 40 -5 25 0 0.00 M M 5.8 15 340 M M 0 20 340
29 78 23 51 6 14 0 0.00 M M 9.0 22 350 M M 0 31 360
30 75 26 51 7 14 0 0.00 M M 8.8 23 330 M M 0 32 340
================================================================================
SM 2225 869 396 0 0.08 M 239.0 M 26
================================================================================
AV 74.2 29.0 8.0 FASTST M M 1 MAX(MPH)
MISC ----> # 33 280 # 45 290
================================================================================
NOTES:
# LAST OF SEVERAL OCCURRENCES
COLUMN 17 PEAK WIND IN M.P.H.
PRELIMINARY LOCAL CLIMATOLOGICAL DATA (WS FORM: F-6) , PAGE 2
STATION: BIG PINEY WY
MONTH: SEPTEMBER
YEAR: 2020
LATITUDE: 42 34 N
LONGITUDE: 110 6 W
[TEMPERATURE DATA] [PRECIPITATION DATA] SYMBOLS USED IN COLUMN 16
AVERAGE MONTHLY: 51.6 TOTAL FOR MONTH: 0.08 1 = FOG OR MIST
DPTR FM NORMAL: 1.8 DPTR FM NORMAL: -0.70 2 = FOG REDUCING VISIBILITY
HIGHEST: 91 ON 5 GRTST 24HR 0.05 ON 22-22 TO 1/4 MILE OR LESS
LOWEST: 15 ON 28,10 3 = THUNDER
SNOW, ICE PELLETS, HAIL 4 = ICE PELLETS
TOTAL MONTH: M 5 = HAIL
GRTST 24HR M ON M 6 = FREEZING RAIN OR DRIZZLE
GRTST DEPTH: M ON M 7 = DUSTSTORM OR SANDSTORM:
VSBY 1/2 MILE OR LESS
8 = SMOKE OR HAZE
[NO. OF DAYS WITH] [WEATHER - DAYS WITH] 9 = BLOWING SNOW
X = TORNADO
MAX 32 OR BELOW: 0 0.01 INCH OR MORE: 2
MAX 90 OR ABOVE: 1 0.10 INCH OR MORE: 0
MIN 32 OR BELOW: 21 0.50 INCH OR MORE: 0
MIN 0 OR BELOW: 0 1.00 INCH OR MORE: 0
[HDD (BASE 65) ]
TOTAL THIS MO. 396 CLEAR (SCALE 0-3) 27
DPTR FM NORMAL -62 PTCLDY (SCALE 4-7) 3
TOTAL FM JUL 1 567 CLOUDY (SCALE 8-10) 0
DPTR FM NORMAL -184
[CDD (BASE 65) ]
TOTAL THIS MO. 0
DPTR FM NORMAL 0 [PRESSURE DATA]
TOTAL FM JAN 1 34 HIGHEST SLP 30.55 ON 28
DPTR FM NORMAL -1 LOWEST SLP 29.56 ON 7
[REMARKS]
#FINAL-09-20#