000
CXUS55 KRIW 011010
CF6BPI
PRELIMINARY LOCAL CLIMATOLOGICAL DATA (WS FORM: F-6)
STATION: BIG PINEY WY
MONTH: AUGUST
YEAR: 2023
LATITUDE: 42 34 N
LONGITUDE: 110 6 W
TEMPERATURE IN F: :PCPN: SNOW: WIND :SUNSHINE: SKY :PK WND
================================================================================
1 2 3 4 5 6A 6B 7 8 9 10 11 12 13 14 15 16 17 18
12Z AVG MX 2MIN
DY MAX MIN AVG DEP HDD CDD WTR SNW DPTH SPD SPD DIR MIN PSBL S-S WX SPD DR
================================================================================
1 84 49 67 4 0 2 T M M 6.4 23 280 M M 3 3 31 290
2 73 55 64 1 1 0 0.16 M M 5.4 18 320 M M 9 13 25 320
3 68 54 61 -2 4 0 0.29 M M 5.1 21 230 M M 9 13 29 210
4 71 47 59 -4 6 0 0.03 M M 6.1 25 320 M M 7 13 32 320
5 75 43 59 -4 6 0 T M M 4.7 17 30 M M 1 3 23 20
6 75 47 61 -1 4 0 0.13 M M 10.9 33 30 M M 4 13 45 30
7 71 41 56 -6 9 0 0.02 M M 6.1 25 20 M M 2 3 32 20
8 66 43 55 -7 10 0 0.12 M M 10.3 26 10 M M 4 13 34 350
9 75 37 56 -6 9 0 0.00 M M 5.3 18 320 M M 0 23 320
10 80 48 64 2 1 0 0.00 M M 9.2 24 300 M M 1 41 290
11 81 40 61 -1 4 0 0.00 M M 7.9 24 320 M M 0 33 310
12 82 41 62 1 3 0 0.00 M M 7.1 22 320 M M 0 30 330
13 78 39 59 -2 6 0 0.00 M M 7.2 23 160 M M 1 31 170
14 79 43 61 0 4 0 0.00 M M 4.6 10 340 M M 0 15 170
15 88 41 65 4 0 0 0.00 M M 5.5 18 330 M M 0 30 20
16 90 44 67 7 0 2 0.00 M M 7.7 22 360 M M 0 29 350
17 88 46 67 7 0 2 T M M 7.3 39 220 M M 1 50 220
18 84 51 68 8 0 3 T M M 7.8 24 270 M M 3 32 270
19 83 45 64 4 1 0 0.00 M M 5.0 21 180 M M 4 32 180
20 78 53 66 7 0 1 0.04 M M 5.4 13 40 M M 4 1 18 310
21 86 48 67 8 0 2 T M M 9.0 28 190 M M 2 3 39 180
22 75 50 63 4 2 0 0.44 M M 7.6 48 240 M M 5 13 66 240
23 78 46 62 4 3 0 0.00 M M 5.0 21 210 M M 3 12 28 200
24 76 44 60 2 5 0 0.00 M M 5.7 17 190 M M 3 23 180
25 77 46 62 4 3 0 T M M 6.9 21 150 M M 4 26 150
26 M M M M M M M M M M M M M M M M M
27 76 47 62 5 3 0 0.06 M M 8.1 26 10 M M 3 13 35 10
28 79 41 60 3 5 0 0.00 M M 5.8 13 340 M M 0 17 330
29 84 41 63 6 2 0 T M M 6.4 18 230 M M 1 26 230
30 76 42 59 3 6 0 0.00 M M 10.0 28 270 M M 0 41 260
31 81 32 57 1 8 0 T M M 5.7 21 290 M M 0 28 280
================================================================================
SM 2357 1344 105 12 1.29 M 205.2 M 74
================================================================================
AV 78.6 44.8 6.8 FASTST M M 2 MAX(MPH)
MISC ----> 48 240 66 240
================================================================================
NOTES:
# LAST OF SEVERAL OCCURRENCES
COLUMN 17 PEAK WIND IN M.P.H.
PRELIMINARY LOCAL CLIMATOLOGICAL DATA (WS FORM: F-6) , PAGE 2
STATION: BIG PINEY WY
MONTH: AUGUST
YEAR: 2023
LATITUDE: 42 34 N
LONGITUDE: 110 6 W
[TEMPERATURE DATA] [PRECIPITATION DATA] SYMBOLS USED IN COLUMN 16
AVERAGE MONTHLY: 61.7 TOTAL FOR MONTH: 1.29 1 = FOG OR MIST
DPTR FM NORMAL: 1.6 DPTR FM NORMAL: 0.42 2 = FOG REDUCING VISIBILITY
HIGHEST: 90 ON 16 GRTST 24HR 0.44 ON 22-22 TO 1/4 MILE OR LESS
LOWEST: 32 ON 31 3 = THUNDER
SNOW, ICE PELLETS, HAIL 4 = ICE PELLETS
TOTAL MONTH: M 5 = HAIL
GRTST 24HR M ON M 6 = FREEZING RAIN OR DRIZZLE
GRTST DEPTH: M ON M 7 = DUSTSTORM OR SANDSTORM:
VSBY 1/2 MILE OR LESS
8 = SMOKE OR HAZE
[NO. OF DAYS WITH] [WEATHER - DAYS WITH] 9 = BLOWING SNOW
X = TORNADO
MAX 32 OR BELOW: 0 0.01 INCH OR MORE: 9
MAX 90 OR ABOVE: 1 0.10 INCH OR MORE: 5
MIN 32 OR BELOW: 1 0.50 INCH OR MORE: 0
MIN 0 OR BELOW: 0 1.00 INCH OR MORE: 0
[HDD (BASE 65) ]
TOTAL THIS MO. 105 CLEAR (SCALE 0-3) 19
DPTR FM NORMAL -59 PTCLDY (SCALE 4-7) 9
TOTAL FM JUL 1 172 CLOUDY (SCALE 8-10) 3
DPTR FM NORMAL -105
[CDD (BASE 65) ]
TOTAL THIS MO. 12
DPTR FM NORMAL 0 [PRESSURE DATA]
TOTAL FM JAN 1 47 HIGHEST SLP 30.31 ON 14
DPTR FM NORMAL 17 LOWEST SLP 29.75 ON 31
[REMARKS]
#FINAL-08-23#