000
CXUS54 KBRO 011531
CF6BRO
PRELIMINARY LOCAL CLIMATOLOGICAL DATA (WS FORM: F-6)
STATION: BROWNSVILLE
MONTH: JULY
YEAR: 2021
LATITUDE: 25 53 N
LONGITUDE: 97 26 W
TEMPERATURE IN F: :PCPN: SNOW: WIND :SUNSHINE: SKY :PK WND
================================================================================
1 2 3 4 5 6A 6B 7 8 9 10 11 12 13 14 15 16 17 18
12Z AVG MX 2MIN
DY MAX MIN AVG DEP HDD CDD WTR SNW DPTH SPD SPD DIR MIN PSBL S-S WX SPD DR
================================================================================
1 92 77 85 -1 0 20 0.08 0.0 0 5.5 15 120 M M 2 21 110
2 95 77 86 0 0 21 0.29 0.0 0 5.8 20 180 M M 2 3 28 230
3 94 77 86 0 0 21 0.00 0.0 0 6.5 15 130 M M 2 20 130
4 94 79 87 1 0 22 0.00 0.0 0 10.0 20 150 M M 2 26 140
5 93 79 86 0 0 21 0.00 0.0 0 10.9 21 140 M M 3 26 150
6 88 74 81 -5 0 16 1.48 0.0 0 8.2 29 250 M M 5 138 37 240
7 80 74 77 -9 0 12 1.94 0.0 0 5.9 21 180 M M 8 18 27 160
8 92 76 84 -2 0 19 1.23 0.0 0 8.8 21 160 M M 8 13 27 190
9 86 74 80 -6 0 15 3.16 0.0 0 7.1 37 260 M M 7 13 48 260
10 88 80 84 -2 0 19 0.05 0.0 0 10.3 24 160 M M 4 1 31 160
11 91 80 86 0 0 21 0.00 0.0 0 11.9 22 160 M M 5 29 160
12 90 79 85 -1 0 20 0.00 0.0 0 9.1 17 130 M M 4 8 23 120
13 92 75 84 -2 0 19 0.00 0.0 0 8.6 18 110 M M 1 26 130
14 92 75 84 -2 0 19 0.04 0.0 0 6.1 16 110 M M 2 3 27 110
15 92 76 84 -2 0 19 T 0.0 0 11.0 24 170 M M 1 30 170
16 92 79 86 0 0 21 0.00 0.0 0 13.5 23 150 M M 1 30 150
17 93 78 86 0 0 21 0.01 0.0 0 9.6 17 150 M M 1 25 120
18 94 77 86 0 0 21 T 0.0 0 8.0 16 130 M M 2 21 120
19 95 78 87 1 0 22 0.00 0.0 0 8.4 20 140 M M 1 27 130
20 96 78 87 1 0 22 T 0.0 0 8.9 21 140 M M 1 3 27 170
21 92 74 83 -4 0 18 0.67 0.0 0 4.5 22 300 M M 3 13 32 300
22 91 75 83 -4 0 18 0.51 0.0 0 6.8 26 190 M M 3 3 35 190
23 93 77 85 -2 0 20 0.00 0.0 0 11.9 22 160 M M 2 28 140
24 94 78 86 -1 0 21 0.00 0.0 0 12.1 18 150 M M 1 27 160
25 94 76 85 -2 0 20 0.00 0.0 0 8.6 17 160 M M 1 23 130
26 94 77 86 -1 0 21 0.00 0.0 0 6.0 15 110 M M 1 20 120
27 94 77 86 -1 0 21 0.00 0.0 0 4.7 16 80 M M 1 3 22 90
28 94 77 86 -1 0 21 0.01 0.0 0 3.8 18 110 M M 1 3 24 110
29 95 74 85 -2 0 20 0.00 0.0 0 5.3 17 50 M M 2 25 60
30 92 78 85 -2 0 20 0.07 0.0 0 5.3 17 90 M M 1 3 25 90
31 97 77 87 0 0 22 0.00 0.0 0 9.1 20 150 M M 1 1 26 130
================================================================================
SM 2859 2382 0 613 9.54 0.0 252.2 M 79
================================================================================
AV 92.2 76.8 8.1 FASTST M M 3 MAX(MPH)
MISC ----> 37 260 48 260
================================================================================
NOTES:
# LAST OF SEVERAL OCCURRENCES
COLUMN 17 PEAK WIND IN M.P.H.
PRELIMINARY LOCAL CLIMATOLOGICAL DATA (WS FORM: F-6) , PAGE 2
STATION: BROWNSVILLE
MONTH: JULY
YEAR: 2021
LATITUDE: 25 53 N
LONGITUDE: 97 26 W
[TEMPERATURE DATA] [PRECIPITATION DATA] SYMBOLS USED IN COLUMN 16
AVERAGE MONTHLY: 84.5 TOTAL FOR MONTH: 9.54 1 = FOG OR MIST
DPTR FM NORMAL: -1.9 DPTR FM NORMAL: 7.56 2 = FOG REDUCING VISIBILITY
HIGHEST: 97 ON 31 GRTST 24HR 3.56 ON 8- 9 TO 1/4 MILE OR LESS
LOWEST: 74 ON 29,21 3 = THUNDER
SNOW, ICE PELLETS, HAIL 4 = ICE PELLETS
TOTAL MONTH: 0.0 INCH 5 = HAIL
GRTST 24HR 0.0 6 = FREEZING RAIN OR DRIZZLE
GRTST DEPTH: 0 7 = DUSTSTORM OR SANDSTORM:
VSBY 1/2 MILE OR LESS
8 = SMOKE OR HAZE
[NO. OF DAYS WITH] [WEATHER - DAYS WITH] 9 = BLOWING SNOW
X = TORNADO
MAX 32 OR BELOW: 0 0.01 INCH OR MORE: 13
MAX 90 OR ABOVE: 27 0.10 INCH OR MORE: 7
MIN 32 OR BELOW: 0 0.50 INCH OR MORE: 6
MIN 0 OR BELOW: 0 1.00 INCH OR MORE: 4
[HDD (BASE 65) ]
TOTAL THIS MO. 0 CLEAR (SCALE 0-3) 24
DPTR FM NORMAL 0 PTCLDY (SCALE 4-7) 7
TOTAL FM JUL 1 0 CLOUDY (SCALE 8-10) 0
DPTR FM NORMAL 0
[CDD (BASE 65) ]
TOTAL THIS MO. 613
DPTR FM NORMAL -51 [PRESSURE DATA]
TOTAL FM JAN 1 2441 HIGHEST SLP 30.14 ON 22
DPTR FM NORMAL -144 LOWEST SLP 29.75 ON 8
[REMARKS]
#FINAL-07-21#