000
CXUS54 KLIX 010910
CF6BTR
PRELIMINARY LOCAL CLIMATOLOGICAL DATA (WS FORM: F-6)
STATION: BATON ROUGE
MONTH: DECEMBER
YEAR: 2022
LATITUDE: 30 31 N
LONGITUDE: 91 9 W
TEMPERATURE IN F: :PCPN: SNOW: WIND :SUNSHINE: SKY :PK WND
================================================================================
1 2 3 4 5 6A 6B 7 8 9 10 11 12 13 14 15 16 17 18
12Z AVG MX 2MIN
DY MAX MIN AVG DEP HDD CDD WTR SNW DPTH SPD SPD DIR MIN PSBL S-S WX SPD DR
================================================================================
1 63 37 50 -6 15 0 0.00 0.0 M 6.0 17 70 M M 0 22 70
2 80 38 59 3 6 0 0.00 0.0 M 6.3 14 130 M M 4 19 130
3 77 63 70 14 0 5 0.07 0.0 M 3.2 9 20 M M 9 12 13 20
4 73 59 66 11 0 1 T 0.0 M 3.6 9 360 M M 9 1 13 10
5 81 65 73 18 0 8 0.00 0.0 M 8.7 20 210 M M 9 1 27 230
6 84 68 76 21 0 11 T 0.0 M 9.4 21 210 M M 6 1 29 220
7 84 65 75 20 0 10 T 0.0 M 6.2 14 190 M M 7 18 20 170
8 81 64 73 18 0 8 0.00 0.0 M 4.4 9 180 M M 4 12 14 310
9 82 63 73 18 0 8 0.00 0.0 M 4.0 13 260 M M 5 1 16 270
10 80 65 73 19 0 8 T 0.0 M 4.8 12 150 M M 8 1 15 150
11 72 60 66 12 0 1 1.39 0.0 M 4.6 16 20 M M 9 123 23 20
12 75 63 69 15 0 4 0.00 0.0 M 4.6 9 100 M M 8 1 13 100
13 78 61 70 16 0 5 0.00 0.0 M 10.9 18 160 M M 9 1 27 170
14 77 48 63 9 2 0 1.54 0.0 M 10.8 32 210 M M 8 123 44 210
15 62 42 52 -2 13 0 0.00 0.0 M 3.8 12 270 M M 0 16 320
16 64 38 51 -3 14 0 0.00 0.0 M 3.8 12 180 M M 2 16 170
17 53 34 44 -10 21 0 0.01 M M 5.1 13 360 M M 5 19 350
18 56 30 43 -10 22 0 0.00 0.0 M 4.4 17 70 M M 0 24 60
19 48 38 43 -10 22 0 1.81 M M 10.0 23 90 M M 9 13 28 90
20 57 47 52 -1 13 0 0.15 M M 9.3 16 10 M M 10 1 25 360
21 50 47 49 -4 16 0 0.00 0.0 M 4.2 12 30 M M 10 1 17 10
22 59 34 47 -6 18 0 0.02 0.0 M 6.8 22 310 M M 10 18 34 330
23 34 20 27 -26 38 0 0.00 0.0 M 11.0 22 360 M M 1 37 350
24 39 22 31 -22 34 0 0.00 0.0 M 6.9 14 360 M M 0 24 350
25 49 22 36 -17 29 0 0.00 0.0 M 3.0 13 310 M M 0 17 310
26 56 25 41 -11 24 0 0.00 0.0 M 1.0 8 40 M M 3 11 130
27 60 30 45 -7 20 0 0.00 0.0 M 2.3 9 220 M M 0 13 160
28 75 39 57 5 8 0 0.02 M M 8.4 20 180 M M 6 1 26 180
29 80 60 70 18 0 5 0.04 0.0 M 10.5 22 160 M M 6 1 30 180
30 67 59 63 11 2 0 2.20 0.0 M 6.5 26 310 M M 10 13 41 310
31 73 56 65 13 0 0 T 0.0 M 4.6 13 240 M M 6 128 17 230
================================================================================
SM 2069 1462 317 74 7.25 0.0 189.1 M 173
================================================================================
AV 66.7 47.2 6.1 FASTST M M 6 MAX(MPH)
MISC ----> 32 210 44 210
================================================================================
NOTES:
# LAST OF SEVERAL OCCURRENCES
COLUMN 17 PEAK WIND IN M.P.H.
PRELIMINARY LOCAL CLIMATOLOGICAL DATA (WS FORM: F-6) , PAGE 2
STATION: BATON ROUGE
MONTH: DECEMBER
YEAR: 2022
LATITUDE: 30 31 N
LONGITUDE: 91 9 W
[TEMPERATURE DATA] [PRECIPITATION DATA] SYMBOLS USED IN COLUMN 16
AVERAGE MONTHLY: 57.0 TOTAL FOR MONTH: 7.25 1 = FOG OR MIST
DPTR FM NORMAL: 3.2 DPTR FM NORMAL: 1.93 2 = FOG REDUCING VISIBILITY
HIGHEST: 84 ON 7, 6 GRTST 24HR 2.20 ON 30-30 TO 1/4 MILE OR LESS
LOWEST: 20 ON 23 3 = THUNDER
SNOW, ICE PELLETS, HAIL 4 = ICE PELLETS
TOTAL MONTH: 0.0 INCH 5 = HAIL
GRTST 24HR 0.0 6 = FREEZING RAIN OR DRIZZLE
GRTST DEPTH: M ON M 7 = DUSTSTORM OR SANDSTORM:
VSBY 1/2 MILE OR LESS
8 = SMOKE OR HAZE
[NO. OF DAYS WITH] [WEATHER - DAYS WITH] 9 = BLOWING SNOW
X = TORNADO
MAX 32 OR BELOW: 0 0.01 INCH OR MORE: 10
MAX 90 OR ABOVE: 0 0.10 INCH OR MORE: 5
MIN 32 OR BELOW: 6 0.50 INCH OR MORE: 4
MIN 0 OR BELOW: 0 1.00 INCH OR MORE: 4
[HDD (BASE 65) ]
TOTAL THIS MO. 317 CLEAR (SCALE 0-3) 9
DPTR FM NORMAL -52 PTCLDY (SCALE 4-7) 11
TOTAL FM JUL 1 568 CLOUDY (SCALE 8-10) 11
DPTR FM NORMAL -57
[CDD (BASE 65) ]
TOTAL THIS MO. 74
DPTR FM NORMAL 53 [PRESSURE DATA]
TOTAL FM JAN 1 3077 HIGHEST SLP 30.60 ON 24
DPTR FM NORMAL 260 LOWEST SLP 29.61 ON 14
[REMARKS]
#FINAL-12-22#