000
CXUS54 KLIX 010910
CF6BTR
PRELIMINARY LOCAL CLIMATOLOGICAL DATA (WS FORM: F-6)
STATION: BATON ROUGE
MONTH: DECEMBER
YEAR: 2021
LATITUDE: 30 31 N
LONGITUDE: 91 9 W
TEMPERATURE IN F: :PCPN: SNOW: WIND :SUNSHINE: SKY :PK WND
================================================================================
1 2 3 4 5 6A 6B 7 8 9 10 11 12 13 14 15 16 17 18
12Z AVG MX 2MIN
DY MAX MIN AVG DEP HDD CDD WTR SNW DPTH SPD SPD DIR MIN PSBL S-S WX SPD DR
================================================================================
1 76 42 59 3 6 0 0.00 0.0 M 3.7 13 250 M M 0 1 16 260
2 75 49 62 6 3 0 0.00 0.0 M 1.5 9 290 M M 4 128 11 280
3 75 52 64 8 1 0 0.00 0.0 M 1.5 12 210 M M 4 12 24 210
4 79 51 65 10 0 0 0.00 0.0 M 2.3 10 280 M M 5 12 13 280
5 75 52 64 9 1 0 0.00 0.0 M 5.0 13 170 M M 4 12 16 170
6 82 55 69 14 0 4 1.07 0.0 M 8.1 23 360 M M 8 13 32 360
7 55 51 53 -2 12 0 T 0.0 M 5.9 13 60 M M 10 1 15 50
8 64 50 57 2 8 0 0.34 M M 3.8 13 20 M M 7 1 15 20
9 79 48 64 9 1 0 0.12 M M 8.3 20 210 M M 8 1 25 220
10 83 72 78 24 0 13 T 0.0 M 12.8 24 190 M M 9 29 180
11 78 49 64 10 1 0 0.03 M M 11.1 21 210 M M 8 1 27 200
12 63 40 52 -2 13 0 0.00 0.0 M 6.4 15 20 M M 0 19 10
13 72 45 59 5 6 0 0.00 0.0 M 4.1 9 150 M M 6 11 160
14 75 58 67 13 0 2 0.00 0.0 M 6.3 12 130 M M 8 128 24 130
15 77 64 71 17 0 6 0.00 0.0 M 8.1 15 110 M M 7 1 19 110
16 82 65 74 20 0 9 0.00 0.0 M 8.0 15 180 M M 7 1 19 180
17 77 63 70 16 0 5 0.00 0.0 M 5.6 12 130 M M 8 1 22 200
18 79 61 70 17 0 5 1.66 0.0 M 7.0 24 340 M M 9 13 37 320
19 61 42 52 -1 13 0 T M M 8.8 18 350 M M 7 1 24 350
20 46 42 44 -9 21 0 0.08 M M 6.5 13 20 M M 7 1 18 30
21 53 37 45 -8 20 0 0.00 0.0 M 3.7 13 10 M M 5 16 360
22 65 34 50 -3 15 0 0.00 0.0 M 2.0 9 360 M M 0 13 350
23 68 36 52 -1 13 0 0.00 0.0 M 5.2 13 170 M M 0 16 190
24 78 50 64 11 1 0 0.00 0.0 M 9.7 24 200 M M 4 1 32 200
25 79 62 71 18 0 6 0.00 0.0 M 10.5 22 220 M M 6 27 170
26 80 66 73 21 0 8 0.00 0.0 M 10.1 20 200 M M 9 26 200
27 79 63 71 19 0 6 T 0.0 M 7.7 18 190 M M 8 23 220
28 80 67 74 22 0 9 0.17 0.0 M 12.3 22 230 M M 9 13 28 190
29 83 70 77 25 0 12 T 0.0 M 11.2 22 190 M M 8 29 200
30 82 69 76 24 0 11 0.02 0.0 M 8.0 15 170 M M 6 18 27 310
31 84 72 78 26 0 13 0.00 0.0 M 12.7 23 180 M M 8 29 180
================================================================================
SM 2284 1677 135 109 3.49 0.0 217.9 M 189
================================================================================
AV 73.7 54.1 7.0 FASTST M M 6 MAX(MPH)
MISC ----> # 24 190 37 320
================================================================================
NOTES:
# LAST OF SEVERAL OCCURRENCES
COLUMN 17 PEAK WIND IN M.P.H.
PRELIMINARY LOCAL CLIMATOLOGICAL DATA (WS FORM: F-6) , PAGE 2
STATION: BATON ROUGE
MONTH: DECEMBER
YEAR: 2021
LATITUDE: 30 31 N
LONGITUDE: 91 9 W
[TEMPERATURE DATA] [PRECIPITATION DATA] SYMBOLS USED IN COLUMN 16
AVERAGE MONTHLY: 63.9 TOTAL FOR MONTH: 3.49 1 = FOG OR MIST
DPTR FM NORMAL: 10.1 DPTR FM NORMAL: -1.83 2 = FOG REDUCING VISIBILITY
HIGHEST: 84 ON 31 GRTST 24HR 1.66 ON 18-18 TO 1/4 MILE OR LESS
LOWEST: 34 ON 22 3 = THUNDER
SNOW, ICE PELLETS, HAIL 4 = ICE PELLETS
TOTAL MONTH: 0.0 INCH 5 = HAIL
GRTST 24HR 0.0 6 = FREEZING RAIN OR DRIZZLE
GRTST DEPTH: M ON M 7 = DUSTSTORM OR SANDSTORM:
VSBY 1/2 MILE OR LESS
8 = SMOKE OR HAZE
[NO. OF DAYS WITH] [WEATHER - DAYS WITH] 9 = BLOWING SNOW
X = TORNADO
MAX 32 OR BELOW: 0 0.01 INCH OR MORE: 8
MAX 90 OR ABOVE: 0 0.10 INCH OR MORE: 5
MIN 32 OR BELOW: 0 0.50 INCH OR MORE: 2
MIN 0 OR BELOW: 0 1.00 INCH OR MORE: 2
[HDD (BASE 65) ]
TOTAL THIS MO. 135 CLEAR (SCALE 0-3) 4
DPTR FM NORMAL -234 PTCLDY (SCALE 4-7) 19
TOTAL FM JUL 1 377 CLOUDY (SCALE 8-10) 8
DPTR FM NORMAL -248
[CDD (BASE 65) ]
TOTAL THIS MO. 109
DPTR FM NORMAL 88 [PRESSURE DATA]
TOTAL FM JAN 1 2813 HIGHEST SLP 30.36 ON 14
DPTR FM NORMAL -4 LOWEST SLP 29.75 ON 28
[REMARKS]
#FINAL-12-21#