000
CXUS54 KLIX 011427
CLMBTR
CLIMATE REPORT
NATIONAL WEATHER SERVICE NEW ORLEANS
927 AM CDT SUN OCT 01 2023
...................................
...THE BATON ROUGE CLIMATE SUMMARY FOR THE MONTH OF SEPTEMBER 2023...
CLIMATE NORMAL PERIOD: 1991 TO 2020
CLIMATE RECORD PERIOD: 1894 TO 2023
WEATHER OBSERVED NORMAL DEPART LAST YEAR`S
VALUE DATE(S) VALUE FROM VALUE DATE(S)
NORMAL
................................................................
TEMPERATURE (F)
RECORD
HIGH 104 09/04/2000
LOW 43 09/29/1967
09/28/1909
HIGHEST 100 09/06 MM MM 97 09/21
09/07
09/22
09/24
LOWEST 62 09/19 MM MM 52 09/29
09/30
AVG. MAXIMUM 94.9 88.7 6.2 89.3
AVG. MINIMUM 71.2 68.9 2.3 67.9
MEAN 83.1 78.8 4.3 78.6
DAYS MAX >= 90 29 15.8 13.2 17
DAYS MAX <= 32 0 0.0 0.0 0
DAYS MIN <= 32 0 0.0 0.0 0
DAYS MIN <= 0 0 0.0 0.0 0
PRECIPITATION (INCHES)
RECORD
MAXIMUM 13.95 1977
MINIMUM 0.00 1924
TOTALS 2.98 4.42 -1.44 0.86
DAILY AVG. 0.10 0.15 -0.05 0.03
DAYS >= .01 5 8.6 -3.6 6
DAYS >= .10 2 5.6 -3.6 3
DAYS >= .50 2 2.8 -0.8 0
DAYS >= 1.00 1 1.4 -0.4 0
GREATEST
24 HR. TOTAL 2.11 09/05 TO 09/06 0.33 09/03 TO 09/04
SNOWFALL (INCHES)
RECORDS
TOTAL MM MM
24 HR TOTAL MM
SNOW DEPTH MM MM
TOTALS 0.0 0.0 0.0 0.0
SINCE 7/1 0.0 0.0 0.0 MM
SNOWDEPTH AVG. MM MM
DAYS >= TRACE 0 0.0 0.0 0
DAYS >= 1.0 0 0.0 0.0 0
GREATEST
SNOW DEPTH MM MM MM
24 HR TOTAL MM MM 0.0
DEGREE DAYS
HEATING TOTAL 0 1 -1 0
SINCE 7/1 0 0 0 MM
COOLING TOTAL 550 415 135 416
SINCE 1/1 3555 2570 985 MM
................................................................
WIND (MPH)
AVERAGE WIND SPEED 4.7
HIGHEST WIND SPEED/DIRECTION 29/010 DATE 09/05
HIGHEST GUST SPEED/DIRECTION 46/360 DATE 09/08
SKY COVER
POSSIBLE SUNSHINE (PERCENT) MM
AVERAGE SKY COVER 0.15
NUMBER OF DAYS FAIR 28
NUMBER OF DAYS PC 2
NUMBER OF DAYS CLOUDY 0
AVERAGE RH (PERCENT) 66
WEATHER CONDITIONS. NUMBER OF DAYS WITH
THUNDERSTORM 6 MIXED PRECIP 0
HEAVY RAIN 2 RAIN 2
LIGHT RAIN 7 FREEZING RAIN 0
LT FREEZING RAIN 0 HAIL 0
HEAVY SNOW 0 SNOW 0
LIGHT SNOW 0 SLEET 0
FOG 3 FOG W/VIS <= 1/4 MILE 0
HAZE 0
- INDICATES NEGATIVE NUMBERS.
R INDICATES RECORD WAS SET OR TIED.
MM INDICATES DATA IS MISSING.
T INDICATES TRACE AMOUNT.
$$