000
CXUS51 KBTV 011339
CLMBTV
CLIMATE REPORT
NATIONAL WEATHER SERVICE BURLINGTON VT
939 AM EDT SAT APR 01 2023
...................................
...THE BURLINGTON VT CLIMATE SUMMARY FOR THE MONTH OF MARCH 2023...
CLIMATE NORMAL PERIOD: 1991 TO 2020
CLIMATE RECORD PERIOD: 1884 TO 2023
WEATHER OBSERVED NORMAL DEPART LAST YEAR`S
VALUE DATE(S) VALUE FROM VALUE DATE(S)
NORMAL
................................................................
TEMPERATURE (F)
RECORD
HIGH 84 03/31/1998
03/29/1946
LOW -24 03/04/1938
HIGHEST 52 03/29 39 13 65 03/17
LOWEST 15 03/10 22 -7 -3 03/04
AVG. MAXIMUM 40.0 40.9 -0.9 44.0
AVG. MINIMUM 26.3 23.6 2.7 26.2
MEAN 33.2 32.3 0.9 35.1
DAYS MAX >= 90 0 0.0 0.0 0
DAYS MAX <= 32 3 7.4 -4.4 4
DAYS MIN <= 32 27 25.7 1.3 18
DAYS MIN <= 0 0 1.5 -1.5 1
PRECIPITATION (INCHES)
RECORD
MAXIMUM 4.53 1913
MINIMUM 0.22 1915
TOTALS 2.70 2.24 0.46 2.35
DAILY AVG. 0.09 0.07 0.02 0.08
DAYS >= .01 16 12.7 3.3 16
DAYS >= .10 6 5.8 0.2 6
DAYS >= .50 2 1.2 0.8 1
DAYS >= 1.00 1 0.3 0.7 0
GREATEST
24 HR. TOTAL 1.03 03/13 TO 03/14 0.81 03/12 TO 03/12
STORM TOTAL 1.00 0.81
(MM/DD(HH)) MM
SNOWFALL (INCHES)
RECORDS
TOTAL 47.6 MM
TOTALS 22.9 17.5 5.4 9.8
SINCE 7/1 72.8 83.4 -10.6 MM
SNOWDEPTH AVG. 6 1
DAYS >= 1.0 3 3.7 -0.7 1
GREATEST
SNOW DEPTH 15 03/15 6 03/13
24 HR TOTAL 9.5 03/14 MM
DEGREE DAYS
HEATING TOTAL 979 1016 -37 918
SINCE 7/1 5362 6090 -728 MM
COOLING TOTAL 0 0 0 0
SINCE 1/1 0 0 0 MM
................................................................
WIND (MPH)
AVERAGE WIND SPEED 7.6
HIGHEST WIND SPEED/DIRECTION 30/360 DATE 03/14
HIGHEST GUST SPEED/DIRECTION 40/350 DATE 03/15
SKY COVER
POSSIBLE SUNSHINE (PERCENT) MM
AVERAGE SKY COVER 0.70
NUMBER OF DAYS FAIR 3
NUMBER OF DAYS PC 15
NUMBER OF DAYS CLOUDY 13
AVERAGE RH (PERCENT) 67
WEATHER CONDITIONS. NUMBER OF DAYS WITH
THUNDERSTORM 0 MIXED PRECIP 0
HEAVY RAIN 0 RAIN 2
LIGHT RAIN 11 FREEZING RAIN 0
LT FREEZING RAIN 0 HAIL 0
HEAVY SNOW 2 SNOW 5
LIGHT SNOW 15 SLEET 1
FOG 16 FOG W/VIS <= 1/4 MILE 2
HAZE 2
- INDICATES NEGATIVE NUMBERS.
R INDICATES RECORD WAS SET OR TIED.
MM INDICATES DATA IS MISSING.
T INDICATES TRACE AMOUNT.
$$