000
CXUS56 KLOX 011655
CF6BUR
PRELIMINARY LOCAL CLIMATOLOGICAL DATA (WS FORM: F-6)
STATION: HOLLYWOOD/BURBANK AIRPORT CA
MONTH: AUGUST
YEAR: 2020
LATITUDE: 34 12 N
LONGITUDE: 118 22 W
TEMPERATURE IN F: :PCPN: SNOW: WIND :SUNSHINE: SKY :PK WND
================================================================================
1 2 3 4 5 6A 6B 7 8 9 10 11 12 13 14 15 16 17 18
12Z AVG MX 2MIN
DY MAX MIN AVG DEP HDD CDD WTR SNW DPTH SPD SPD DIR MIN PSBL S-S WX SPD DR
================================================================================
1 93 68 81 6 0 16 0.00 0.0 0 5.8 16 180 M M 0 20 110
2 91 67 79 4 0 14 0.00 0.0 0 6.3 14 180 M M 0 25 140
3 89 65 77 2 0 12 0.00 0.0 0 6.9 15 180 M M 1 8 M M
4 82 64 73 -2 0 8 0.00 0.0 0 7.2 15 190 M M 2 18 19 180
5 80 64 72 -3 0 7 0.00 0.0 0 6.8 14 180 M M 5 19 200
6 79 63 71 -4 0 6 0.00 0.0 0 6.5 14 150 M M 5 8 18 150
7 82 61 72 -3 0 7 0.00 0.0 0 6.3 14 160 M M 0 18 180
8 85 62 74 -1 0 9 0.00 0.0 0 5.1 13 180 M M 0 17 180
9 87 61 74 -1 0 9 0.00 0.0 0 6.4 13 180 M M 0 19 110
10 88 61 75 0 0 10 0.00 0.0 0 5.8 14 170 M M 0 18 110
11 88 60 74 -1 0 9 0.00 0.0 0 5.8 12 180 M M 0 16 170
12 95 61 78 3 0 13 0.00 0.0 0 4.9 13 110 M M 0 23 120
13 97 69 83 8 0 18 T 0.0 0 5.7 15 180 M M 1 23 80
14 100 75 88 13 0 23 0.00 0.0 0 4.3 13 170 M M 0 8 15 160
15 104 76 90 15 0 25 0.00 0.0 0 7.0 14 110 M M 0 18 100
16 95 74 85 10 0 20 0.00 0.0 0 6.9 15 180 M M 0 21 90
17 98 74 86 11 0 21 0.00 0.0 0 5.7 13 170 M M 0 16 90
18 109 73 91 16 0 26 0.00 0.0 0 6.1 15 120 M M 0 23 100
19 100 76 88 13 0 23 0.00 0.0 0 5.5 16 180 M M 0 20 170
20 100 74 87 12 0 22 0.00 0.0 0 5.2 17 110 M M 0 8 19 110
21 96 73 85 10 0 20 0.00 0.0 0 4.4 17 180 M M 0 20 180
22 95 75 85 10 0 20 0.00 0.0 0 6.7 15 140 M M 0 23 160
23 92 73 83 8 0 18 0.00 0.0 0 5.0 13 180 M M 0 16 170
24 90 70 80 5 0 15 0.00 0.0 0 6.6 13 160 M M 0 17 100
25 95 69 82 7 0 17 0.00 0.0 0 4.7 13 160 M M 0 16 160
26 95 69 82 7 0 17 0.00 0.0 0 5.1 13 160 M M 0 21 120
27 99 70 85 10 0 20 0.00 0.0 0 5.0 14 160 M M 0 17 120
28 92 64 78 3 0 13 0.00 0.0 0 6.9 13 120 M M 0 18 90
29 87 59 73 -2 0 8 0.00 0.0 0 6.4 14 180 M M 1 18 17 190
30 84 60 72 -3 0 7 0.00 0.0 0 6.8 13 200 M M 2 17 220
31 81 60 71 -4 0 6 0.00 0.0 0 6.1 14 190 M M 1 18 M M
================================================================================
SM 2848 2090 0 459 T 0.0 183.9 M 18
================================================================================
AV 91.9 67.4 5.9 FASTST M M 1 MAX(MPH)
MISC ----> # 17 110 # 25 140
================================================================================
NOTES:
# LAST OF SEVERAL OCCURRENCES
COLUMN 17 PEAK WIND IN M.P.H.
PRELIMINARY LOCAL CLIMATOLOGICAL DATA (WS FORM: F-6) , PAGE 2
STATION: HOLLYWOOD/BURBANK AIRPORT CA
MONTH: AUGUST
YEAR: 2020
LATITUDE: 34 12 N
LONGITUDE: 118 22 W
[TEMPERATURE DATA] [PRECIPITATION DATA] SYMBOLS USED IN COLUMN 16
AVERAGE MONTHLY: 79.7 TOTAL FOR MONTH: T 1 = FOG OR MIST
DPTR FM NORMAL: 4.3 DPTR FM NORMAL: -0.07 2 = FOG REDUCING VISIBILITY
HIGHEST: 109 ON 18 GRTST 24HR T ON 13-13 TO 1/4 MILE OR LESS
LOWEST: 59 ON 29 3 = THUNDER
SNOW, ICE PELLETS, HAIL 4 = ICE PELLETS
TOTAL MONTH: 0.0 INCH 5 = HAIL
GRTST 24HR 0.0 6 = FREEZING RAIN OR DRIZZLE
GRTST DEPTH: 0 7 = DUSTSTORM OR SANDSTORM:
VSBY 1/2 MILE OR LESS
8 = SMOKE OR HAZE
[NO. OF DAYS WITH] [WEATHER - DAYS WITH] 9 = BLOWING SNOW
X = TORNADO
MAX 32 OR BELOW: 0 0.01 INCH OR MORE: 0
MAX 90 OR ABOVE: 19 0.10 INCH OR MORE: 0
MIN 32 OR BELOW: 0 0.50 INCH OR MORE: 0
MIN 0 OR BELOW: 0 1.00 INCH OR MORE: 0
[HDD (BASE 65) ]
TOTAL THIS MO. 0 CLEAR (SCALE 0-3) 29
DPTR FM NORMAL 0 PTCLDY (SCALE 4-7) 2
TOTAL FM JUL 1 0 CLOUDY (SCALE 8-10) 0
DPTR FM NORMAL 0
[CDD (BASE 65) ]
TOTAL THIS MO. 459
DPTR FM NORMAL 141 [PRESSURE DATA]
TOTAL FM JAN 1 1242 HIGHEST SLP M ON M
DPTR FM NORMAL 360 LOWEST SLP 29.64 ON 20
[REMARKS]
#FINAL-08-20#