000
CXUS53 KLMK 010710
CF6BWG
PRELIMINARY LOCAL CLIMATOLOGICAL DATA (WS FORM: F-6)
STATION: BOWLING GREEN KY
MONTH: OCTOBER
YEAR: 2023
LATITUDE: 36 58 N
LONGITUDE: 86 26 W
TEMPERATURE IN F: :PCPN: SNOW: WIND :SUNSHINE: SKY :PK WND
================================================================================
1 2 3 4 5 6A 6B 7 8 9 10 11 12 13 14 15 16 17 18
12Z AVG MX 2MIN
DY MAX MIN AVG DEP HDD CDD WTR SNW DPTH SPD SPD DIR MIN PSBL S-S WX SPD DR
================================================================================
1 85 58 72 6 0 7 0.00 0.0 0 2.4 10 80 M M 0 1 17 80
2 87 58 73 7 0 8 0.00 0.0 0 0.9 7 70 M M 0 1 9 90
3 87 59 73 8 0 8 0.00 0.0 0 1.8 10 140 M M 1 1 15 150
4 84 59 72 7 0 7 0.00 0.0 0 3.9 15 210 M M 0 1 22 200
5 76 63 70 6 0 5 0.48 0.0 0 3.7 15 220 M M 8 18 22 220
6 78 53 66 2 0 1 0.00 0.0 0 4.9 15 330 M M 5 1 28 320
7 65 45 55 -9 10 0 0.00 0.0 0 4.4 13 290 M M 0 23 280
8 67 41 54 -9 11 0 0.00 0.0 0 4.0 15 270 M M 3 21 280
9 73 46 60 -3 5 0 T 0.0 0 4.6 16 270 M M 4 21 260
10 71 43 57 -5 8 0 0.00 0.0 0 2.2 15 260 M M 0 1 20 280
11 71 44 58 -4 7 0 0.00 0.0 0 1.5 7 130 M M 1 18 11 140
12 80 50 65 3 0 0 0.00 0.0 0 1.9 12 70 M M 2 12 16 90
13 76 52 64 3 1 0 T 0.0 0 6.5 16 200 M M 5 12 20 210
14 68 55 62 1 3 0 0.04 0.0 0 9.0 17 270 M M 9 18 27 290
15 59 52 56 -4 9 0 T 0.0 0 5.4 10 20 M M 9 1 28 340
16 55 48 52 -8 13 0 0.03 0.0 0 4.6 10 320 M M 10 18 17 310
17 59 46 53 -7 12 0 0.00 0.0 0 2.1 8 280 M M 9 11 290
18 71 40 56 -3 9 0 0.00 0.0 0 4.4 16 190 M M 0 12 23 220
19 72 54 63 4 2 0 0.48 0.0 0 10.0 21 190 M M 6 13 30 190
20 71 46 59 1 6 0 T 0.0 0 6.7 22 280 M M 4 31 260
21 80 43 62 4 3 0 0.00 0.0 0 7.7 25 220 M M 0 34 270
22 69 45 57 -1 8 0 0.00 0.0 0 1.6 8 60 M M 0 12 80
23 75 41 58 1 7 0 0.00 0.0 M 2.1 8 90 M M 0 1 10 160
24 74 49 62 5 3 0 0.00 0.0 0 4.5 16 190 M M 0 21 170
25 80 55 68 12 0 3 0.00 0.0 0 7.3 20 200 M M 1 27 200
26 81 52 67 11 0 2 0.00 0.0 0 7.5 20 190 M M 1 27 190
27 72 61 67 11 0 2 0.18 0.0 0 6.9 15 220 M M 9 12 21 220
28 81 59 70 15 0 5 0.02 0.0 0 2.3 10 230 M M 5 12 15 290
29 68 53 61 6 4 0 0.64 0.0 0 3.1 12 300 M M 10 1 20 310
30 53 35 44 -10 21 0 0.23 0.0 0 4.7 12 310 M M 7 1 22 320
31 50 31 41 -13 24 0 0.00 0.0 0 4.8 17 280 M M 1 27 320
================================================================================
SM 2238 1536 166 48 2.10 0.0 137.4 M 110
================================================================================
AV 72.2 49.5 4.4 FASTST M M 4 MAX(MPH)
MISC ----> 25 220 34 270
================================================================================
NOTES:
# LAST OF SEVERAL OCCURRENCES
COLUMN 17 PEAK WIND IN M.P.H.
PRELIMINARY LOCAL CLIMATOLOGICAL DATA (WS FORM: F-6) , PAGE 2
STATION: BOWLING GREEN KY
MONTH: OCTOBER
YEAR: 2023
LATITUDE: 36 58 N
LONGITUDE: 86 26 W
[TEMPERATURE DATA] [PRECIPITATION DATA] SYMBOLS USED IN COLUMN 16
AVERAGE MONTHLY: 60.9 TOTAL FOR MONTH: 2.10 1 = FOG OR MIST
DPTR FM NORMAL: 0.9 DPTR FM NORMAL: -1.53 2 = FOG REDUCING VISIBILITY
HIGHEST: 87 ON 3, 2 GRTST 24HR 0.69 ON 29-30 TO 1/4 MILE OR LESS
LOWEST: 31 ON 31 3 = THUNDER
SNOW, ICE PELLETS, HAIL 4 = ICE PELLETS
TOTAL MONTH: 0.0 INCH 5 = HAIL
GRTST 24HR 0.0 6 = FREEZING RAIN OR DRIZZLE
GRTST DEPTH: 0 7 = DUSTSTORM OR SANDSTORM:
VSBY 1/2 MILE OR LESS
8 = SMOKE OR HAZE
[NO. OF DAYS WITH] [WEATHER - DAYS WITH] 9 = BLOWING SNOW
X = TORNADO
MAX 32 OR BELOW: 0 0.01 INCH OR MORE: 8
MAX 90 OR ABOVE: 0 0.10 INCH OR MORE: 5
MIN 32 OR BELOW: 1 0.50 INCH OR MORE: 1
MIN 0 OR BELOW: 0 1.00 INCH OR MORE: 0
[HDD (BASE 65) ]
TOTAL THIS MO. 166 CLEAR (SCALE 0-3) 16
DPTR FM NORMAL -35 PTCLDY (SCALE 4-7) 8
TOTAL FM JUL 1 166 CLOUDY (SCALE 8-10) 7
DPTR FM NORMAL -58
[CDD (BASE 65) ]
TOTAL THIS MO. 48
DPTR FM NORMAL 2 [PRESSURE DATA]
TOTAL FM JAN 1 1586 HIGHEST SLP M ON M
DPTR FM NORMAL -86 LOWEST SLP 29.68 ON 21
[REMARKS]
#FINAL-10-23#