000
CXUS51 KLWX 010915
CF6BWI
PRELIMINARY LOCAL CLIMATOLOGICAL DATA (WS FORM: F-6)
STATION: BALTIMORE MD
MONTH: NOVEMBER
YEAR: 2022
LATITUDE: 39 10 N
LONGITUDE: 76 40 W
TEMPERATURE IN F: :PCPN: SNOW: WIND :SUNSHINE: SKY :PK WND
================================================================================
1 2 3 4 5 6A 6B 7 8 9 10 11 12 13 14 15 16 17 18
12Z AVG MX 2MIN
DY MAX MIN AVG DEP HDD CDD WTR SNW DPTH SPD SPD DIR MIN PSBL S-S WX SPD DR
================================================================================
1 76 55 66 14 0 1 0.00 0.0 0 6.1 18 280 M M 6 12 26 290
2 69 50 60 9 5 0 0.00 0.0 0 4.4 13 340 M M 6 21 20
3 69 46 58 7 7 0 0.00 0.0 0 3.9 14 110 M M 3 1 23 150
4 72 46 59 8 6 0 0.00 0.0 0 3.2 10 110 M M 7 128 14 80
5 80 58 69 19 0 4 0.00 0.0 0 6.1 16 140 M M 6 1 31 160
6 78 64 71 21 0 6 0.05 0.0 0 4.7 15 230 M M 8 1 22 220
7 81 57 69 19 0 4 0.00 0.0 0 6.8 17 280 M M 3 24 350
8 62 48 55 6 10 0 0.00 0.0 0 8.5 16 20 M M 4 30 350
9 58 42 50 1 15 0 0.00 0.0 0 5.1 10 80 M M 1 19 30
10 69 40 55 6 10 0 0.00 0.0 0 3.1 10 70 M M 5 14 60
11 71 59 65 17 0 0 0.64 0.0 0 7.7 16 160 M M 10 1 31 170
12 72 53 63 15 2 0 0.11 0.0 0 8.6 21 300 M M 6 1 30 310
13 53 37 45 -3 20 0 0.01 0.0 0 14.3 24 290 M M 6 36 270
14 50 32 41 -6 24 0 0.00 0.0 0 4.5 14 300 M M 3 22 350
15 44 30 37 -10 28 0 1.01 0.0 0 6.4 15 60 M M 8 1 22 10
16 52 40 46 -1 19 0 0.01 0.0 0 10.6 23 290 M M 8 1 35 300
17 45 33 39 -7 26 0 0.00 0.0 0 12.0 26 270 M M 4 38 260
18 48 32 40 -6 25 0 0.00 0.0 0 8.6 21 290 M M 4 29 290
19 46 29 38 -8 27 0 0.00 0.0 0 5.1 15 240 M M 5 22 250
20 38 22 30 -15 35 0 0.00 0.0 0 9.9 28 300 M M 2 38 310
21 49 19 34 -11 31 0 0.00 0.0 0 3.5 13 180 M M 0 18 120
22 59 25 42 -3 23 0 0.00 0.0 0 2.4 10 210 M M 1 15 230
23 63 29 46 2 19 0 0.00 0.0 0 4.2 13 280 M M 0 18 280
24 60 29 45 1 20 0 0.00 0.0 0 2.8 12 130 M M 3 19 50
25 62 38 50 6 15 0 0.08 0.0 0 6.2 24 300 M M 6 1 42 300
26 60 36 48 4 17 0 0.00 0.0 0 5.8 15 290 M M 2 22 320
27 59 39 49 6 16 0 0.27 0.0 0 3.5 20 250 M M 10 1 29 240
28 56 43 50 7 15 0 0.00 0.0 0 8.6 23 310 M M 7 12 33 280
29 51 32 42 -1 23 0 0.00 0.0 0 3.3 12 120 M M 7 15 130
30 59 39 49 7 16 0 0.26 0.0 0 10.7 30 290 M M 7 1 45 310
================================================================================
SM 1811 1202 454 15 2.44 0.0 190.6 M 148
================================================================================
AV 60.4 40.1 6.4 FASTST M M 5 MAX(MPH)
MISC ----> 30 290 45 310
================================================================================
NOTES:
# LAST OF SEVERAL OCCURRENCES
COLUMN 17 PEAK WIND IN M.P.H.
PRELIMINARY LOCAL CLIMATOLOGICAL DATA (WS FORM: F-6) , PAGE 2
STATION: BALTIMORE MD
MONTH: NOVEMBER
YEAR: 2022
LATITUDE: 39 10 N
LONGITUDE: 76 40 W
[TEMPERATURE DATA] [PRECIPITATION DATA] SYMBOLS USED IN COLUMN 16
AVERAGE MONTHLY: 50.2 TOTAL FOR MONTH: 2.44 1 = FOG OR MIST
DPTR FM NORMAL: 3.3 DPTR FM NORMAL: -0.69 2 = FOG REDUCING VISIBILITY
HIGHEST: 81 ON 7 GRTST 24HR 1.02 ON 15-16 TO 1/4 MILE OR LESS
LOWEST: 19 ON 21 3 = THUNDER
SNOW, ICE PELLETS, HAIL 4 = ICE PELLETS
TOTAL MONTH: 0.0 INCH 5 = HAIL
GRTST 24HR 0.0 6 = FREEZING RAIN OR DRIZZLE
GRTST DEPTH: 0 7 = DUSTSTORM OR SANDSTORM:
VSBY 1/2 MILE OR LESS
8 = SMOKE OR HAZE
[NO. OF DAYS WITH] [WEATHER - DAYS WITH] 9 = BLOWING SNOW
X = TORNADO
MAX 32 OR BELOW: 0 0.01 INCH OR MORE: 9
MAX 90 OR ABOVE: 0 0.10 INCH OR MORE: 5
MIN 32 OR BELOW: 10 0.50 INCH OR MORE: 2
MIN 0 OR BELOW: 0 1.00 INCH OR MORE: 1
[HDD (BASE 65) ]
TOTAL THIS MO. 454 CLEAR (SCALE 0-3) 7
DPTR FM NORMAL -90 PTCLDY (SCALE 4-7) 21
TOTAL FM JUL 1 753 CLOUDY (SCALE 8-10) 2
DPTR FM NORMAL -87
[CDD (BASE 65) ]
TOTAL THIS MO. 15
DPTR FM NORMAL 14 [PRESSURE DATA]
TOTAL FM JAN 1 1566 HIGHEST SLP 30.65 ON 9
DPTR FM NORMAL 244 LOWEST SLP 29.42 ON 27
[REMARKS]
#FINAL-11-22#