000
CXUS55 KRIW 011110
CF6BYG
PRELIMINARY LOCAL CLIMATOLOGICAL DATA (WS FORM: F-6)
STATION: BUFFALO WY
MONTH: FEBRUARY
YEAR: 2024
LATITUDE: 44 22 N
LONGITUDE: 106 43 W
TEMPERATURE IN F: :PCPN: SNOW: WIND :SUNSHINE: SKY :PK WND
================================================================================
1 2 3 4 5 6A 6B 7 8 9 10 11 12 13 14 15 16 17 18
12Z AVG MX 2MIN
DY MAX MIN AVG DEP HDD CDD WTR SNW DPTH SPD SPD DIR MIN PSBL S-S WX SPD DR
================================================================================
1 57 30 44 18 21 0 0.00 M M 4.4 10 290 M M 0 12 310
2 56 29 43 17 22 0 0.00 M M 8.8 21 140 M M 1 26 130
3 43 30 37 11 28 0 0.28 M M 6.0 15 160 M M 7 12 19 160
4 41 30 36 10 29 0 0.02 M M 7.1 15 180 M M 8 12 20 170
5 55 23 39 13 26 0 0.00 M M 10.2 37 240 M M 0 46 230
6 54 33 44 18 21 0 0.00 M M 10.4 30 220 M M 1 44 210
7 47 27 37 11 28 0 T M M 15.1 25 330 M M 6 12 34 340
8 33 21 27 1 38 0 0.00 M M 9.1 21 340 M M 8 12 31 340
9 38 19 29 3 36 0 T M M 6.9 20 360 M M 5 1 27 360
10 28 13 21 -5 44 0 T M M 6.1 14 160 M M 6 1 16 160
11 39 11 25 -1 40 0 0.00 M M 6.4 13 240 M M 3 14 240
12 39 26 33 7 32 0 T M M 5.3 12 250 M M 9 14 10
13 40 19 30 4 35 0 0.00 M M 5.5 15 360 M M 4 1 19 350
14 26 20 23 -3 42 0 T M M 4.6 10 10 M M 10 126 13 360
15 21 11 16 -11 49 0 T M M 7.3 17 350 M M 10 12 24 360
16 11 -5 3 -24 62 0 T M M 5.5 13 350 M M 7 1 15 350
17 29 -1 14 -13 51 0 0.00 M M 4.5 9 210 M M 0 11 190
18 36 10 23 -4 42 0 0.00 M M 3.7 14 210 M M 3 18 220
19 44 22 33 5 32 0 0.00 M M 5.0 9 340 M M 1 13 230
20 51 32 42 14 23 0 0.00 M M 5.8 14 300 M M 0 18 340
21 48 32 40 12 25 0 0.00 M M 5.3 10 290 M M 2 M M
22 48 27 38 10 27 0 0.00 M M 8.9 17 330 M M 2 28 340
23 46 26 36 7 29 0 0.00 M M 5.6 13 260 M M 0 20 140
24 55 29 42 13 23 0 0.00 M M 8.7 23 240 M M 3 33 310
25 56 36 46 17 19 0 0.00 M M 12.7 33 260 M M 3 45 260
26 59 14 37 7 28 0 T M M 17.7 40 340 M M 2 12 61 350
27 20 5 13 -17 52 0 0.01 M M 7.8 22 340 M M 9 128 29 360
28 43 8 26 -4 39 0 0.00 M M 6.8 14 170 M M 0 17 160
29 57 26 42 12 23 0 0.00 M M 9.3 28 250 M M 0 39 270
================================================================================
SM 1220 603 966 0 0.31 M 220.5 M 110
================================================================================
AV 42.1 20.8 7.6 FASTST M M 4 MAX(MPH)
MISC ----> 40 340 61 350
================================================================================
NOTES:
# LAST OF SEVERAL OCCURRENCES
COLUMN 17 PEAK WIND IN M.P.H.
PRELIMINARY LOCAL CLIMATOLOGICAL DATA (WS FORM: F-6) , PAGE 2
STATION: BUFFALO WY
MONTH: FEBRUARY
YEAR: 2024
LATITUDE: 44 22 N
LONGITUDE: 106 43 W
[TEMPERATURE DATA] [PRECIPITATION DATA] SYMBOLS USED IN COLUMN 16
AVERAGE MONTHLY: 31.4 TOTAL FOR MONTH: 0.31 1 = FOG OR MIST
DPTR FM NORMAL: 4.1 DPTR FM NORMAL: 0.07 2 = FOG REDUCING VISIBILITY
HIGHEST: 59 ON 26 GRTST 24HR 0.30 ON 3- 4 TO 1/4 MILE OR LESS
LOWEST: -5 ON 16 3 = THUNDER
SNOW, ICE PELLETS, HAIL 4 = ICE PELLETS
TOTAL MONTH: M 5 = HAIL
GRTST 24HR M ON M 6 = FREEZING RAIN OR DRIZZLE
GRTST DEPTH: M ON M 7 = DUSTSTORM OR SANDSTORM:
VSBY 1/2 MILE OR LESS
8 = SMOKE OR HAZE
[NO. OF DAYS WITH] [WEATHER - DAYS WITH] 9 = BLOWING SNOW
X = TORNADO
MAX 32 OR BELOW: 6 0.01 INCH OR MORE: 3
MAX 90 OR ABOVE: 0 0.10 INCH OR MORE: 1
MIN 32 OR BELOW: 27 0.50 INCH OR MORE: 0
MIN 0 OR BELOW: 2 1.00 INCH OR MORE: 0
[HDD (BASE 65) ]
TOTAL THIS MO. 966 CLEAR (SCALE 0-3) 16
DPTR FM NORMAL -91 PTCLDY (SCALE 4-7) 9
TOTAL FM JUL 1 4593 CLOUDY (SCALE 8-10) 4
DPTR FM NORMAL -636
[CDD (BASE 65) ]
TOTAL THIS MO. 0
DPTR FM NORMAL 0 [PRESSURE DATA]
TOTAL FM JAN 1 0 HIGHEST SLP 30.60 ON 16
DPTR FM NORMAL 0 LOWEST SLP 29.23 ON 26
[REMARKS]
#FINAL-02-24#