000
CXUS52 KCAE 011500
CF6CAE
PRELIMINARY LOCAL CLIMATOLOGICAL DATA (WS FORM: F-6)
STATION: COLUMBIA METRO AIRPORT SC
MONTH: NOVEMBER
YEAR: 2023
LATITUDE: 33 57 N
LONGITUDE: 81 7 W
TEMPERATURE IN F: :PCPN: SNOW: WIND :SUNSHINE: SKY :PK WND
================================================================================
1 2 3 4 5 6A 6B 7 8 9 10 11 12 13 14 15 16 17 18
12Z AVG MX 2MIN
DY MAX MIN AVG DEP HDD CDD WTR SNW DPTH SPD SPD DIR MIN PSBL S-S WX SPD DR
================================================================================
1 55 31 43 -15 22 0 0.00 0.0 0 6.9 20 20 M M 2 29 360
2 58 29 44 -14 21 0 0.00 0.0 0 3.5 13 70 M M 0 19 70
3 67 26 47 -11 18 0 0.00 0.0 0 2.2 9 70 M M 1 18 13 100
4 74 32 53 -4 12 0 0.00 0.0 0 2.2 8 310 M M 0 11 100
5 77 33 55 -2 10 0 0.00 0.0 0 2.3 9 290 M M 1 14 350
6 77 39 58 1 7 0 0.00 0.0 0 1.8 10 110 M M 0 1 13 120
7 82 42 62 6 3 0 0.00 0.0 0 3.6 13 260 M M 1 1 17 250
8 84 47 66 10 0 1 0.00 0.0 0 2.5 9 210 M M 0 18 14 240
9 83 50 67 11 0 2 0.00 0.0 0 6.1 14 230 M M 5 18 19 220
10 78 57 68 13 0 3 T 0.0 0 7.1 18 250 M M 7 18 25 270
11 58 49 54 -1 11 0 0.47 0.0 0 6.9 14 50 M M 10 1 21 40
12 61 44 53 -2 12 0 0.17 0.0 0 5.2 14 20 M M 8 1 21 40
13 68 38 53 -1 12 0 0.00 0.0 0 2.4 9 70 M M 5 1 15 80
14 67 41 54 0 11 0 0.00 0.0 0 2.8 16 70 M M 8 1 23 50
15 62 45 54 0 11 0 0.00 0.0 0 4.6 12 50 M M 10 8 17 60
16 73 53 63 9 2 0 0.00 0.0 0 5.6 13 80 M M 8 17 80
17 77 60 69 16 0 4 T 0.0 0 4.6 14 100 M M 8 20 100
18 79 57 68 15 0 3 0.00 0.0 0 4.4 12 300 M M 5 18 350
19 68 52 60 7 5 0 0.00 0.0 0 6.4 15 80 M M 6 21 60
20 68 53 61 8 4 0 0.00 0.0 0 7.2 14 80 M M 8 19 90
21 68 53 61 9 4 0 0.91 0.0 0 8.0 16 160 M M 10 1 26 170
22 68 50 59 7 6 0 1.62 0.0 0 9.1 28 270 M M 7 1 38 270
23 62 38 50 -2 15 0 0.00 0.0 M 1.8 7 280 M M 3 1 9 280
24 65 46 56 4 9 0 0.00 0.0 0 1.8 8 310 M M 7 1 13 210
25 58 45 52 1 13 0 0.00 0.0 0 6.8 15 70 M M 5 21 70
26 48 34 41 -10 24 0 0.12 0.0 0 4.5 13 290 M M 7 1 17 280
27 59 36 48 -3 17 0 0.04 0.0 0 7.3 15 310 M M 6 1 20 300
28 56 30 43 -8 22 0 0.00 0.0 0 5.9 18 280 M M 4 24 260
29 53 25 39 -11 26 0 0.00 0.0 0 2.3 9 230 M M 0 13 80
30 60 27 44 -6 21 0 0.00 0.0 0 1.2 9 180 M M 4 18 13 200
================================================================================
SM 2013 1262 318 13 3.33 0.0 137.0 M 146
================================================================================
AV 67.1 42.1 4.6 FASTST M M 5 MAX(MPH)
MISC ----> 28 270 38 270
================================================================================
NOTES:
# LAST OF SEVERAL OCCURRENCES
COLUMN 17 PEAK WIND IN M.P.H.
PRELIMINARY LOCAL CLIMATOLOGICAL DATA (WS FORM: F-6) , PAGE 2
STATION: COLUMBIA METRO AIRPORT SC
MONTH: NOVEMBER
YEAR: 2023
LATITUDE: 33 57 N
LONGITUDE: 81 7 W
[TEMPERATURE DATA] [PRECIPITATION DATA] SYMBOLS USED IN COLUMN 16
AVERAGE MONTHLY: 54.6 TOTAL FOR MONTH: 3.33 1 = FOG OR MIST
DPTR FM NORMAL: 0.6 DPTR FM NORMAL: 0.57 2 = FOG REDUCING VISIBILITY
HIGHEST: 84 ON 8 GRTST 24HR 2.20 ON 21-22 TO 1/4 MILE OR LESS
LOWEST: 25 ON 29 3 = THUNDER
SNOW, ICE PELLETS, HAIL 4 = ICE PELLETS
TOTAL MONTH: 0.0 INCH 5 = HAIL
GRTST 24HR 0.0 6 = FREEZING RAIN OR DRIZZLE
GRTST DEPTH: 0 7 = DUSTSTORM OR SANDSTORM:
VSBY 1/2 MILE OR LESS
8 = SMOKE OR HAZE
[NO. OF DAYS WITH] [WEATHER - DAYS WITH] 9 = BLOWING SNOW
X = TORNADO
MAX 32 OR BELOW: 0 0.01 INCH OR MORE: 6
MAX 90 OR ABOVE: 0 0.10 INCH OR MORE: 5
MIN 32 OR BELOW: 7 0.50 INCH OR MORE: 2
MIN 0 OR BELOW: 0 1.00 INCH OR MORE: 1
[HDD (BASE 65) ]
TOTAL THIS MO. 318 CLEAR (SCALE 0-3) 9
DPTR FM NORMAL -25 PTCLDY (SCALE 4-7) 16
TOTAL FM JUL 1 398 CLOUDY (SCALE 8-10) 5
DPTR FM NORMAL -56
[CDD (BASE 65) ]
TOTAL THIS MO. 13
DPTR FM NORMAL 0 [PRESSURE DATA]
TOTAL FM JAN 1 2176 HIGHEST SLP 30.54 ON 2
DPTR FM NORMAL -57 LOWEST SLP 29.74 ON 18
[REMARKS]
#FINAL-11-23#