000
CXUS55 KGJT 250910
CF6CAG
PRELIMINARY LOCAL CLIMATOLOGICAL DATA (WS FORM: F-6)
STATION: CRAIG CO
MONTH: APRIL
YEAR: 2024
LATITUDE: 40 30 N
LONGITUDE: 107 32 W
TEMPERATURE IN F: :PCPN: SNOW: WIND :SUNSHINE: SKY :PK WND
================================================================================
1 2 3 4 5 6A 6B 7 8 9 10 11 12 13 14 15 16 17 18
12Z AVG MX 2MIN
DY MAX MIN AVG DEP HDD CDD WTR SNW DPTH SPD SPD DIR MIN PSBL S-S WX SPD DR
================================================================================
1 50 27 39 -1 26 0 0.02 M M 5.4 22 10 M M 8 1 30 10
2 53 21 37 -3 28 0 0.00 M M 3.7 14 240 M M 1 18 240
3 62 24 43 3 22 0 0.00 M M 3.7 15 120 M M 0 19 110
4 69 25 47 7 18 0 0.00 M M 7.7 25 220 M M 0 34 220
5 67 33 50 9 15 0 T M M 15.6 37 190 M M 2 49 200
6 38 27 33 -8 32 0 0.20 M M 14.2 29 290 M M 8 1 41 290
7 46 24 35 -6 30 0 0.00 M M 14.2 23 250 M M 7 31 260
8 47 19 33 -8 32 0 0.00 M M 2.0 10 160 M M 2 17 360
9 54 15 35 -7 30 0 0.00 M M 5.0 18 300 M M 3 28 300
10 57 31 44 2 21 0 T M M 6.3 20 280 M M 7 29 280
11 61 20 41 -1 24 0 0.00 M M 5.2 17 270 M M 0 27 240
12 73 23 48 6 17 0 0.00 M M 5.9 22 190 M M 1 29 180
13 71 32 52 10 13 0 0.00 M M 4.1 21 230 M M 2 29 240
14 71 27 49 7 16 0 0.00 M M 7.2 23 200 M M 0 32 190
15 59 24 42 -1 23 0 0.14 M M 9.4 31 220 M M 5 1 43 230
16 61 34 48 5 17 0 0.07 M M 13.8 23 290 M M 6 31 270
17 66 30 48 5 17 0 T M M 8.2 29 260 M M 8 39 260
18 54 25 40 -3 25 0 0.00 M M 6.1 14 310 M M 1 20 290
19 55 23 39 -5 26 0 0.00 M M 3.1 16 360 M M 6 21 350
20 60 27 44 0 21 0 0.00 M M 5.5 18 280 M M 5 29 290
21 67 20 44 0 21 0 0.00 M M 3.8 18 250 M M 0 25 260
22 72 33 53 9 12 0 0.00 M M 7.1 31 250 M M 4 44 240
23 71 37 54 10 11 0 0.11 M M 5.8 21 150 M M 4 3 26 160
24 75 39 57 12 8 0 T M M 5.8 23 200 M M 3 30 230
================================================================================
SM 1459 640 505 0 0.54 M 168.8 M 83
================================================================================
AV 60.8 26.7 7.0 FASTST M M 3 MAX(MPH)
MISC ----> 37 190 49 200
================================================================================
NOTES:
# LAST OF SEVERAL OCCURRENCES
COLUMN 17 PEAK WIND IN M.P.H.
PRELIMINARY LOCAL CLIMATOLOGICAL DATA (WS FORM: F-6) , PAGE 2
STATION: CRAIG CO
MONTH: APRIL
YEAR: 2024
LATITUDE: 40 30 N
LONGITUDE: 107 32 W
[TEMPERATURE DATA] [PRECIPITATION DATA] SYMBOLS USED IN COLUMN 16
AVERAGE MONTHLY: 43.7 TOTAL FOR MONTH: 0.54 1 = FOG OR MIST
DPTR FM NORMAL: 1.5 DPTR FM NORMAL: -0.76 2 = FOG REDUCING VISIBILITY
HIGHEST: 75 ON 24 GRTST 24HR 0.21 ON 15-16 TO 1/4 MILE OR LESS
LOWEST: 15 ON 9 3 = THUNDER
SNOW, ICE PELLETS, HAIL 4 = ICE PELLETS
TOTAL MONTH: M 5 = HAIL
GRTST 24HR M ON M 6 = FREEZING RAIN OR DRIZZLE
GRTST DEPTH: M ON M 7 = DUSTSTORM OR SANDSTORM:
VSBY 1/2 MILE OR LESS
8 = SMOKE OR HAZE
[NO. OF DAYS WITH] [WEATHER - DAYS WITH] 9 = BLOWING SNOW
X = TORNADO
MAX 32 OR BELOW: 0 0.01 INCH OR MORE: 5
MAX 90 OR ABOVE: 0 0.10 INCH OR MORE: 3
MIN 32 OR BELOW: 19 0.50 INCH OR MORE: 0
MIN 0 OR BELOW: 0 1.00 INCH OR MORE: 0
[HDD (BASE 65) ]
TOTAL THIS MO. 505 CLEAR (SCALE 0-3) 12
DPTR FM NORMAL -42 PTCLDY (SCALE 4-7) 11
TOTAL FM JUL 1 7097 CLOUDY (SCALE 8-10) 1
DPTR FM NORMAL -469
[CDD (BASE 65) ]
TOTAL THIS MO. 0
DPTR FM NORMAL 0 [PRESSURE DATA]
TOTAL FM JAN 1 0 HIGHEST SLP M ON M
DPTR FM NORMAL 0 LOWEST SLP 29.37 ON 5
[REMARKS]