000
CXUS56 KMTR 010900
CF6CCR
PRELIMINARY LOCAL CLIMATOLOGICAL DATA (WS FORM: F-6)
STATION: CONCORD AIRPORT
MONTH: JUNE
YEAR: 2021
LATITUDE: 37 58 N
LONGITUDE: 122 3 W
TEMPERATURE IN F: :PCPN: SNOW: WIND :SUNSHINE: SKY :PK WND
================================================================================
1 2 3 4 5 6A 6B 7 8 9 10 11 12 13 14 15 16 17 18
12Z AVG MX 2MIN
DY MAX MIN AVG DEP HDD CDD WTR SNW DPTH SPD SPD DIR MIN PSBL S-S WX SPD DR
================================================================================
1 92 58 75 7 0 10 0.00 M M 8.8 17 270 M M 0 21 260
2 86 54 70 2 0 5 0.00 M M 10.7 21 200 M M 0 24 210
3 94 55 75 7 0 10 0.00 M M 11.8 18 190 M M 0 23 190
4 86 57 72 3 0 7 0.00 M M 15.5 25 200 M M 0 30 200
5 89 56 73 4 0 8 0.00 M M 13.5 23 190 M M 0 30 200
6 84 56 70 1 0 5 0.00 M M 14.9 24 200 M M 0 29 190
7 76 54 65 -4 0 0 0.00 M M 15.2 25 240 M M 0 31 190
8 70 53 62 -8 3 0 0.00 M M 11.8 23 210 M M 0 29 210
9 70 52 61 -9 4 0 0.00 M M 12.7 25 240 M M 0 33 260
10 75 51 63 -7 2 0 0.00 M M 9.7 22 290 M M 0 26 290
11 79 53 66 -4 0 1 0.00 M M 9.6 18 240 M M 0 24 300
12 88 62 75 5 0 10 0.00 M M 8.9 18 300 M M 3 25 260
13 84 63 74 4 0 9 0.00 M M 10.9 20 230 M M 3 24 230
14 81 62 72 2 0 7 0.00 M M 10.7 20 260 M M 4 27 290
15 88 58 73 2 0 8 0.00 M M 7.5 17 320 M M 0 21 310
16 98 59 79 8 0 14 0.00 M M 4.9 17 290 M M 0 19 310
17 107 64 86 15 0 21 0.00 M M 3.8 16 330 M M 0 21 310
18 107 65 86 15 0 21 0.00 M M 7.0 16 280 M M 0 20 280
19 99 60 80 9 0 15 0.00 M M 8.3 18 260 M M 0 22 250
20 90 57 74 2 0 9 0.00 M M 10.7 17 280 M M 0 23 320
21 75 57 66 -6 0 1 0.00 M M 14.2 20 240 M M 1 27 250
22 76 61 69 -3 0 4 0.00 M M 12.4 21 310 M M 4 28 310
23 78 60 69 -3 0 4 0.00 M M 10.2 20 230 M M 3 24 260
24 79 59 69 -3 0 4 0.00 M M 11.7 17 250 M M 3 21 250
25 88 57 73 1 0 8 0.00 M M 12.1 20 210 M M 2 23 190
26 94 58 76 4 0 11 0.00 M M 10.8 20 280 M M 1 23 310
27 87 59 73 1 0 8 0.00 M M 13.7 21 210 M M 0 24 210
28 85 58 72 0 0 7 0.00 M M 13.2 22 200 M M 0 25 210
29 92 60 76 3 0 11 0.00 M M 13.3 21 200 M M 0 26 190
30 80 59 70 -3 0 5 0.00 M M 18.6 28 200 M M 0 37 200
================================================================================
SM 2577 1737 9 223 0.00 M 337.1 M 24
================================================================================
AV 85.9 57.9 11.2 FASTST M M 1 MAX(MPH)
MISC ----> 28 200 37 200
================================================================================
NOTES:
# LAST OF SEVERAL OCCURRENCES
COLUMN 17 PEAK WIND IN M.P.H.
PRELIMINARY LOCAL CLIMATOLOGICAL DATA (WS FORM: F-6) , PAGE 2
STATION: CONCORD AIRPORT
MONTH: JUNE
YEAR: 2021
LATITUDE: 37 58 N
LONGITUDE: 122 3 W
[TEMPERATURE DATA] [PRECIPITATION DATA] SYMBOLS USED IN COLUMN 16
AVERAGE MONTHLY: 71.9 TOTAL FOR MONTH: 0.00 1 = FOG OR MIST
DPTR FM NORMAL: 1.3 DPTR FM NORMAL: -0.16 2 = FOG REDUCING VISIBILITY
HIGHEST: 107 ON 18,17 GRTST 24HR 0.00 ON 1- 1 TO 1/4 MILE OR LESS
LOWEST: 51 ON 10 3 = THUNDER
SNOW, ICE PELLETS, HAIL 4 = ICE PELLETS
TOTAL MONTH: M 5 = HAIL
GRTST 24HR M ON M 6 = FREEZING RAIN OR DRIZZLE
GRTST DEPTH: M ON M 7 = DUSTSTORM OR SANDSTORM:
VSBY 1/2 MILE OR LESS
8 = SMOKE OR HAZE
[NO. OF DAYS WITH] [WEATHER - DAYS WITH] 9 = BLOWING SNOW
X = TORNADO
MAX 32 OR BELOW: 0 0.01 INCH OR MORE: 0
MAX 90 OR ABOVE: 9 0.10 INCH OR MORE: 0
MIN 32 OR BELOW: 0 0.50 INCH OR MORE: 0
MIN 0 OR BELOW: 0 1.00 INCH OR MORE: 0
[HDD (BASE 65) ]
TOTAL THIS MO. 9 CLEAR (SCALE 0-3) 28
DPTR FM NORMAL -1 PTCLDY (SCALE 4-7) 2
TOTAL FM JUL 1 1951 CLOUDY (SCALE 8-10) 0
DPTR FM NORMAL -199
[CDD (BASE 65) ]
TOTAL THIS MO. 223
DPTR FM NORMAL 44 [PRESSURE DATA]
TOTAL FM JAN 1 352 HIGHEST SLP M ON M
DPTR FM NORMAL 81 LOWEST SLP 29.59 ON 18
[REMARKS]
#FINAL-06-21#