000
CXUS53 KEAX 010836
CF6CDJ
PRELIMINARY LOCAL CLIMATOLOGICAL DATA (WS FORM: F-6)
STATION: CHILLICOTHE
MONTH: NOVEMBER
YEAR: 2022
LATITUDE: 39 49 N
LONGITUDE: 93 35 W
TEMPERATURE IN F: :PCPN: SNOW: WIND :SUNSHINE: SKY :PK WND
================================================================================
1 2 3 4 5 6A 6B 7 8 9 10 11 12 13 14 15 16 17 18
12Z AVG MX 2MIN
DY MAX MIN AVG DEP HDD CDD WTR SNW DPTH SPD SPD DIR MIN PSBL S-S WX SPD DR
================================================================================
1 78 36 57 8 8 0 0.00 M M 3.4 14 200 M M 0 20 200
2 75 45 60 12 5 0 0.00 M M 5.9 18 190 M M 0 26 190
3 78 58 68 20 0 3 0.00 M M 10.8 25 190 M M 0 39 210
4 70 43 57 9 8 0 2.11 M M 6.9 20 290 M M 0 3 32 290
5 55 40 48 1 17 0 0.30 M M 8.9 16 180 M M 0 29 280
6 67 40 54 7 11 0 0.00 M M 5.8 13 30 M M 0 21 210
7 59 39 49 3 16 0 0.00 M M 6.8 15 40 M M 0 20 20
8 66 45 56 10 9 0 0.00 M M 6.7 15 130 M M 0 22 130
9 75 53 64 19 1 0 0.00 M M 6.8 20 190 M M 0 30 220
10 76 36 56 11 9 0 1.20 M M 10.5 20 300 M M 0 3 32 10
11 38 26 32 -12 33 0 0.01 M M 9.2 16 310 M M 0 28 320
12 32 27 30 -14 35 0 0.00 M M 7.1 15 310 M M 0 26 320
13 40 18 29 -15 36 0 0.00 M M 3.2 10 130 M M 0 15 130
14 42 28 35 -8 30 0 0.11 M M 3.7 12 130 M M 0 17 160
15 36 28 32 -11 33 0 0.16 M M 4.2 15 300 M M 0 22 310
16 29 19 24 -18 41 0 0.00 M M 5.9 16 300 M M 0 27 270
17 40 17 29 -13 36 0 0.00 M M 6.0 18 310 M M 0 29 310
18 28 18 23 -19 42 0 0.00 M M 7.6 17 300 M M 0 33 290
19 36 16 26 -15 39 0 0.00 M M 6.8 18 300 M M 0 34 310
20 48 14 31 -10 34 0 0.00 M M 7.8 18 200 M M 0 27 210
21 56 25 41 1 24 0 0.00 M M 3.5 10 230 M M 0 15 240
22 60 22 41 1 24 0 0.00 M M 3.5 10 180 M M 0 16 170
23 58 31 45 5 20 0 0.00 M M 5.3 16 190 M M 0 24 190
24 62 36 49 10 16 0 0.00 M M 3.8 13 310 M M 0 19 330
25 57 25 41 2 24 0 0.00 M M 0.9 7 200 M M 0 9 200
26 53 25 39 1 26 0 0.00 M M 2.5 9 30 M M 0 14 200
27 50 34 42 4 23 0 0.13 M M 4.7 13 310 M M 0 22 330
28 54 23 39 1 26 0 0.00 M M 4.8 15 180 M M 0 21 200
29 65 26 46 9 19 0 0.00 M M 9.6 21 310 M M 0 37 310
30 36 17 27 -10 38 0 0.00 M M 5.4 17 300 M M 0 27 270
================================================================================
SM 1619 910 683 3 4.02 M 178.0 M 0
================================================================================
AV 54.0 30.3 5.9 FASTST M M 0 MAX(MPH)
MISC ----> 25 190 39 210
================================================================================
NOTES:
# LAST OF SEVERAL OCCURRENCES
COLUMN 17 PEAK WIND IN M.P.H.
PRELIMINARY LOCAL CLIMATOLOGICAL DATA (WS FORM: F-6) , PAGE 2
STATION: CHILLICOTHE
MONTH: NOVEMBER
YEAR: 2022
LATITUDE: 39 49 N
LONGITUDE: 93 35 W
[TEMPERATURE DATA] [PRECIPITATION DATA] SYMBOLS USED IN COLUMN 16
AVERAGE MONTHLY: 42.2 TOTAL FOR MONTH: 4.02 1 = FOG OR MIST
DPTR FM NORMAL: -0.5 DPTR FM NORMAL: 1.59 2 = FOG REDUCING VISIBILITY
HIGHEST: 78 ON 3, 1 GRTST 24HR 2.40 ON 4- 5 TO 1/4 MILE OR LESS
LOWEST: 14 ON 20 3 = THUNDER
SNOW, ICE PELLETS, HAIL 4 = ICE PELLETS
TOTAL MONTH: M 5 = HAIL
GRTST 24HR M ON M 6 = FREEZING RAIN OR DRIZZLE
GRTST DEPTH: M ON M 7 = DUSTSTORM OR SANDSTORM:
VSBY 1/2 MILE OR LESS
8 = SMOKE OR HAZE
[NO. OF DAYS WITH] [WEATHER - DAYS WITH] 9 = BLOWING SNOW
X = TORNADO
MAX 32 OR BELOW: 3 0.01 INCH OR MORE: 7
MAX 90 OR ABOVE: 0 0.10 INCH OR MORE: 6
MIN 32 OR BELOW: 18 0.50 INCH OR MORE: 2
MIN 0 OR BELOW: 0 1.00 INCH OR MORE: 2
[HDD (BASE 65) ]
TOTAL THIS MO. 683 CLEAR (SCALE 0-3) 30
DPTR FM NORMAL 13 PTCLDY (SCALE 4-7) 0
TOTAL FM JUL 1 1025 CLOUDY (SCALE 8-10) 0
DPTR FM NORMAL -34
[CDD (BASE 65) ]
TOTAL THIS MO. 3
DPTR FM NORMAL 2 [PRESSURE DATA]
TOTAL FM JAN 1 1533 HIGHEST SLP 30.54 ON 7
DPTR FM NORMAL 281 LOWEST SLP 29.43 ON 29
[REMARKS]
#FINAL-11-22#