000
CXUS55 KCYS 031148 CCA
CF6CDR
PRELIMINARY LOCAL CLIMATOLOGICAL DATA (WS FORM: F-6)...CORRECTED
STATION: CHADRON NEBRASKA AIRPORT
MONTH: MAY
YEAR: 2022
LATITUDE: 42 50 N
LONGITUDE: 103 6 W
TEMPERATURE IN F: :PCPN: SNOW: WIND :SUNSHINE: SKY :PK WND
================================================================================
1 2 3 4 5 6A 6B 7 8 9 10 11 12 13 14 15 16 17 18
12Z AVG MX 2MIN
DY MAX MIN AVG DEP HDD CDD WTR SNW DPTH SPD SPD DIR MIN PSBL S-S WX SPD DR
================================================================================
1 60 30 45 -5 20 0 T M M 7.2 18 110 M M 3 24 110
2 54 29 42 -8 23 0 T M M 6.6 18 180 M M 6 23 180
3 57 28 43 -8 22 0 0.00 M M 12.7 23 170 M M 2 31 150
4 52 38 45 -6 20 0 0.09 M M 6.0 17 150 M M 9 18 21 160
5 68 35 52 1 13 0 0.00 M M 6.2 21 190 M M 2 1 28 180
6 81 46 64 12 1 0 0.00 M M 12.7 25 290 M M 0 36 280
7 87 42 65 13 0 0 T M M 10.8 35 290 M M 3 47 290
8 72 39 56 3 9 0 0.95 M M 7.6 25 200 M M 4 13 32 210
9 66 44 55 2 10 0 0.04 M M 13.4 35 270 M M 6 1 46 300
10 72 40 56 3 9 0 0.00 M M 9.5 22 130 M M 2 8 30 150
11 77 53 65 11 0 0 0.00 M M 9.3 21 30 M M 0 30 40
12 58 42 50 -4 15 0 0.08 M M 14.5 37 280 M M 7 1 55 270
13 72 38 55 0 10 0 T M M 12.0 26 290 M M 1 37 300
14 68 37 53 -2 12 0 T M M 3.6 15 20 M M 2 21 20
15 70 41 56 0 9 0 0.00 M M 9.8 22 350 M M 2 32 350
16 86 36 61 5 4 0 0.00 M M 4.4 23 210 M M 0 35 210
17 77 48 63 7 2 0 0.05 M M 6.6 21 310 M M 1 30 310
18 78 43 61 4 4 0 0.00 M M 6.9 16 20 M M 0 21 30
19 78 41 60 3 5 0 0.15 M M 12.7 33 270 M M 4 1 45 170
20 49 39 44 -14 21 0 T M M 12.3 38 290 M M 7 52 300
21 54 28 41 -17 24 0 0.01 M M 7.6 25 280 M M 5 1 33 280
22 68 23 46 -12 19 0 0.00 M M 9.9 31 190 M M 2 40 170
23 52 31 42 -17 23 0 0.03 M M 13.2 29 170 M M 7 1 38 190
24 64 30 47 -12 18 0 0.00 M M 4.8 15 120 M M 1 18 22 110
25 72 31 52 -8 13 0 0.00 M M 4.6 14 70 M M 1 20 330
26 83 36 60 0 5 0 0.00 M M 4.3 13 320 M M 0 19 280
27 95 39 67 7 0 2 T M M 8.8 28 280 M M 0 36 290
28 83 42 63 2 2 0 0.00 M M 5.6 17 120 M M 0 22 120
29 76 44 60 -1 5 0 0.52 M M 8.5 45 240 M M 2 13 64 230
30 58 49 54 -7 11 0 0.75 M M 12.6 30 290 M M 9 1 42 280
31 55 47 51 -11 14 0 0.35 M M 7.2 15 300 M M 10 1 21 310
================================================================================
SM 2142 1189 343 2 3.02 M 271.9 M 98
================================================================================
AV 69.1 38.4 8.8 FASTST M M 3 MAX(MPH)
MISC ----> 45 240 64 230
================================================================================
NOTES:
# LAST OF SEVERAL OCCURRENCES
COLUMN 17 PEAK WIND IN M.P.H.
PRELIMINARY LOCAL CLIMATOLOGICAL DATA (WS FORM: F-6) , PAGE 2
STATION: CHADRON NEBRASKA AIRPORT
MONTH: MAY
YEAR: 2022
LATITUDE: 42 50 N
LONGITUDE: 103 6 W
[TEMPERATURE DATA] [PRECIPITATION DATA] SYMBOLS USED IN COLUMN 16
AVERAGE MONTHLY: 53.7 TOTAL FOR MONTH: 3.02 1 = FOG OR MIST
DPTR FM NORMAL: -2.2 DPTR FM NORMAL: 0.31 2 = FOG REDUCING VISIBILITY
HIGHEST: 95 ON 27 GRTST 24HR 1.06 ON 29-30 TO 1/4 MILE OR LESS
LOWEST: 23 ON 22 3 = THUNDER
SNOW, ICE PELLETS, HAIL 4 = ICE PELLETS
TOTAL MONTH: M 5 = HAIL
GRTST 24HR M ON M 6 = FREEZING RAIN OR DRIZZLE
GRTST DEPTH: M ON M 7 = DUSTSTORM OR SANDSTORM:
VSBY 1/2 MILE OR LESS
8 = SMOKE OR HAZE
[NO. OF DAYS WITH] [WEATHER - DAYS WITH] 9 = BLOWING SNOW
X = TORNADO
MAX 32 OR BELOW: 0 0.01 INCH OR MORE: 11
MAX 90 OR ABOVE: 1 0.10 INCH OR MORE: 5
MIN 32 OR BELOW: 8 0.50 INCH OR MORE: 3
MIN 0 OR BELOW: 0 1.00 INCH OR MORE: 0
[HDD (BASE 65) ]
TOTAL THIS MO. 343 CLEAR (SCALE 0-3) 20
DPTR FM NORMAL 39 PTCLDY (SCALE 4-7) 8
TOTAL FM JUL 1 6359 CLOUDY (SCALE 8-10) 3
DPTR FM NORMAL -423
[CDD (BASE 65) ]
TOTAL THIS MO. 2
DPTR FM NORMAL -18 [PRESSURE DATA]
TOTAL FM JAN 1 2 HIGHEST SLP 30.45 ON 22
DPTR FM NORMAL -19 LOWEST SLP 29.36 ON 19
[REMARKS]
MAY 22...RECORD LOW 23 DEGREES (PREVIOUS 31 DEGREES IN 1973)
#FINAL-05-22#