000
CXUS55 KCYS 011635
CLMCDR
CLIMATE REPORT
NATIONAL WEATHER SERVICE CHEYENNE WY
1035 AM MDT THU JUN 01 2023
...................................
...THE CHADRON NEBRASKA AIRPORT CLIMATE SUMMARY FOR THE MONTH OF MAY 2023...
CLIMATE NORMAL PERIOD 1991 TO 2020
CLIMATE RECORD PERIOD 1895 TO 2023
WEATHER OBSERVED NORMAL DEPART LAST YEAR`S
VALUE DATE(S) VALUE FROM VALUE DATE(S)
NORMAL
................................................................
TEMPERATURE (F)
RECORD
HIGH 99 05/22/2012
LOW 15 05/08/2010
05/02/2005
HIGHEST 87 05/30 MM MM 95
LOWEST 23 05/01 MM MM 23
AVG. MAXIMUM 75.4 69.8 5.6 69.1
AVG. MINIMUM 46.9 41.9 5.0 38.4
MEAN 61.2 55.9 5.3 53.7
DAYS MAX >= 90 0 1.2 -1.2 1
DAYS MAX <= 32 0 0.0 0.0 0
DAYS MIN <= 32 2 5.2 -3.2 8
DAYS MIN <= 0 0 0.0 0.0 0
PRECIPITATION (INCHES)
RECORD
MAXIMUM 6.83 1988
TOTALS 5.29 2.71 2.58 3.02
DAYS >= .01 16 11.6 4.4 11
DAYS >= .10 11 6.4 4.6 5
DAYS >= .50 3 1.6 1.4 3
DAYS >= 1.00 1 0.3 0.7 0
GREATEST
24 HR. TOTAL 2.12 05/11 TO 05/12 1.06 05/29 TO 05/30
DEGREE DAYS
HEATING TOTAL 142 304 -162 343
SINCE 7/1 7028 6782 246 MM
COOLING TOTAL 31 20 11 2
SINCE 1/1 31 21 10 MM
................................................................
WIND (MPH)
AVERAGE WIND SPEED 9.1
HIGHEST WIND SPEED/DIRECTION 39/120 DATE 05/10
HIGHEST GUST SPEED/DIRECTION 49/180 DATE 05/09
49/120 05/10
49/250 05/30
SKY COVER
POSSIBLE SUNSHINE (PERCENT) MM
AVERAGE SKY COVER 0.31
NUMBER OF DAYS FAIR 21
NUMBER OF DAYS PC 5
NUMBER OF DAYS CLOUDY 5
AVERAGE RH (PERCENT) 63
WEATHER CONDITIONS. NUMBER OF DAYS WITH
THUNDERSTORM 10 MIXED PRECIP 0
HEAVY RAIN 7 RAIN 11
LIGHT RAIN 17 FREEZING RAIN 0
LT FREEZING RAIN 0 HAIL 0
HEAVY SNOW 0 SNOW 0
LIGHT SNOW 0 SLEET 0
FOG 18 FOG W/VIS <= 1/4 MILE 2
HAZE 8
- INDICATES NEGATIVE NUMBERS.
R INDICATES RECORD WAS SET OR TIED.
MM INDICATES DATA IS MISSING.
T INDICATES TRACE AMOUNT.
$$