000
CXUS54 KLUB 011352
CLMCDS
CLIMATE REPORT
NATIONAL WEATHER SERVICE LUBBOCK TX
752 AM CST FRI MAR 01 2024
...................................
...THE CHILDRESS CLIMATE SUMMARY FOR THE MONTH OF FEBRUARY 2024...
CLIMATE NORMAL PERIOD 1991 TO 2020
CLIMATE RECORD PERIOD 1893 TO 2024
WEATHER OBSERVED NORMAL DEPART LAST YEAR`S
VALUE DATE(S) VALUE FROM VALUE DATE(S)
NORMAL
................................................................
TEMPERATURE (F)
RECORD
HIGH 95 02/28/1904
LOW -10 02/13/1905
HIGHEST 90 02/26 86 02/21
LOWEST 23 02/18 17 02/17
AVG. MAXIMUM 64.3 58.3 6.0 61.4
AVG. MINIMUM 37.3 32.2 5.1 32.2
MEAN 50.8 45.2 5.6 46.8
DAYS MAX >= 90 1 0.1 0.9 0
DAYS MAX <= 32 0 1.2 -1.2 0
DAYS MIN <= 32 9 15.0 -6.0 17
DAYS MIN <= 0 0 0.0 0.0 0
PRECIPITATION (INCHES)
RECORD
MAXIMUM 5.24 1911
MINIMUM 0.00 1939
TOTALS 0.63 0.89 -0.26 0.31
DAILY AVG. 0.02 NAN NAN 0.01
DAYS >= .01 4 4.2 -0.2 5
DAYS >= .10 2 1.9 0.1 1
DAYS >= .50 0 0.6 -0.6 0
DAYS >= 1.00 0 0.1 -0.1 0
GREATEST
24 HR. TOTAL 0.32 02/02 TO 02/02
SNOWFALL (INCHES)
RECORDS
TOTAL 16.5 1905
TOTALS 4.0 0.6 3.4 T
SINCE 7/1 4.0 4.7 -0.7 MM
SNOWDEPTH AVG. 0 -1
DAYS >= TRACE 2 0.6 1.4 1
DAYS >= 1.0 1 0.2 0.8 0
GREATEST
SNOW DEPTH 4 02/12 MM MM
24 HR TOTAL MM MM
DEGREE DAYS
HEATING TOTAL 408 555 -147 500
SINCE 7/1 2336 2558 -222 MM
COOLING TOTAL 7 2 5 0
SINCE 1/1 7 2 5 MM
................................................................
WIND (MPH)
AVERAGE WIND SPEED 11.5
HIGHEST WIND SPEED/DIRECTION 44/260 DATE 02/26
HIGHEST GUST SPEED/DIRECTION 56/260 DATE 02/26
SKY COVER
POSSIBLE SUNSHINE (PERCENT) MM
AVERAGE SKY COVER 0.19
NUMBER OF DAYS FAIR 23
NUMBER OF DAYS PC 4
NUMBER OF DAYS CLOUDY 2
AVERAGE RH (PERCENT) 56
WEATHER CONDITIONS. NUMBER OF DAYS WITH
THUNDERSTORM 1 MIXED PRECIP 0
HEAVY RAIN 0 RAIN 1
LIGHT RAIN 6 FREEZING RAIN 0
LT FREEZING RAIN 0 HAIL 0
HEAVY SNOW 0 SNOW 1
LIGHT SNOW 2 SLEET 0
FOG 2 FOG W/VIS <= 1/4 MILE 0
HAZE 2
- INDICATES NEGATIVE NUMBERS.
R INDICATES RECORD WAS SET OR TIED.
MM INDICATES DATA IS MISSING.
T INDICATES TRACE AMOUNT.
$$