000
CXUS56 KEKA 071005
CF6CEC
PRELIMINARY LOCAL CLIMATOLOGICAL DATA (WS FORM: F-6)
STATION: CRESCENT CITY CA
MONTH: APRIL
YEAR: 2021
LATITUDE: 41 46 N
LONGITUDE: 124 14 W
TEMPERATURE IN F: :PCPN: SNOW: WIND :SUNSHINE: SKY :PK WND
================================================================================
1 2 3 4 5 6A 6B 7 8 9 10 11 12 13 14 15 16 17 18
12Z AVG MX 2MIN
DY MAX MIN AVG DEP HDD CDD WTR SNW DPTH SPD SPD DIR MIN PSBL S-S WX SPD DR
================================================================================
1 61 43 52 2 13 0 0.00 0.0 0 5.8 12 320 M M 0 18 16 320
2 51 44 48 -2 17 0 0.00 0.0 0 5.4 10 160 M M 5 28 14 310
3 52 43 48 -2 17 0 0.00 0.0 0 8.9 21 180 M M 8 18 27 180
4 52 47 50 0 15 0 0.00 0.0 0 4.1 12 340 M M 10 18 14 330
5 53 41 47 -3 18 0 0.00 M M 12.6 28 340 M M 2 18 38 340
6 51 37 44 -6 21 0 0.00 M M 4.8 12 200 M M 2 18 14 180
7 52 47 50 0 15 0 0.00 0.0 0 5.1 13 310 M M 9 8 16 310
8 54 41 48 -2 17 0 0.00 0.0 0 9.3 22 330 M M 2 18 29 330
9 52 40 46 -4 19 0 0.00 M M 9.5 20 330 M M 5 18 26 320
10 53 37 45 -5 20 0 0.00 M M 11.9 26 340 M M 3 18 37 340
11 53 39 46 -4 19 0 0.00 M M 13.5 28 340 M M 1 18 38 340
12 54 42 48 -3 17 0 0.00 0.0 0 11.9 23 340 M M 0 18 35 340
13 59 35 47 -4 18 0 0.00 0.0 0 11.7 26 340 M M 1 18 39 340
14 59 45 52 1 13 0 0.00 0.0 0 8.8 20 340 M M 0 8 27 330
15 55 40 48 -3 17 0 0.00 0.0 0 4.8 12 320 M M 2 18 14 320
16 49 44 47 -4 18 0 0.00 0.0 0 4.9 12 180 M M 9 18 14 190
17 49 44 47 -4 18 0 0.00 M M 3.5 12 180 M M 10 12 14 180
18 50 44 47 -4 18 0 0.00 M M 3.6 10 290 M M 10 1 13 280
19 50 44 47 -4 18 0 0.00 M M 6.0 18 320 M M 10 18 25 320
20 53 45 49 -2 16 0 0.00 M M 12.0 30 340 M M 5 18 45 340
21 52 43 48 -3 17 0 0.00 M M 15.4 32 330 M M 6 18 46 320
22 52 44 48 -3 17 0 0.00 M M 8.8 21 340 M M 7 18 27 330
23 50 41 46 -5 19 0 0.12 M M 6.0 15 280 M M 4 18 17 280
24 50 44 47 -4 18 0 0.20 M M 13.4 24 180 M M 10 1 30 180
25 49 43 46 -5 19 0 0.66 M M 10.4 23 180 M M 10 1 30 180
26 52 38 45 -7 20 0 T M M 6.5 12 270 M M 4 18 15 270
27 53 35 44 -8 21 0 0.00 M M 5.5 14 340 M M 0 18 19 340
28 58 39 49 -3 16 0 0.00 M M 6.2 14 310 M M 2 18 16 320
29 54 45 50 -2 15 0 0.00 M M 3.7 10 320 M M 6 1 12 320
30 56 40 48 -4 17 0 0.06 M M 4.0 10 320 M M 4 2 14 320
================================================================================
SM 1588 1254 523 0 1.04 0.0 238.0 M 147
================================================================================
AV 52.9 41.8 7.9 FASTST M M 5 MAX(MPH)
MISC ----> 32 330 46 320
================================================================================
NOTES:
# LAST OF SEVERAL OCCURRENCES
COLUMN 17 PEAK WIND IN M.P.H.
PRELIMINARY LOCAL CLIMATOLOGICAL DATA (WS FORM: F-6) , PAGE 2
STATION: CRESCENT CITY CA
MONTH: APRIL
YEAR: 2021
LATITUDE: 41 46 N
LONGITUDE: 124 14 W
[TEMPERATURE DATA] [PRECIPITATION DATA] SYMBOLS USED IN COLUMN 16
AVERAGE MONTHLY: 47.4 TOTAL FOR MONTH: 1.04 1 = FOG OR MIST
DPTR FM NORMAL: -3.4 DPTR FM NORMAL: -4.08 2 = FOG REDUCING VISIBILITY
HIGHEST: 61 ON 1 GRTST 24HR 0.76 ON 24-25 TO 1/4 MILE OR LESS
LOWEST: 35 ON 27,13 3 = THUNDER
SNOW, ICE PELLETS, HAIL 4 = ICE PELLETS
TOTAL MONTH: 0.0 INCH 5 = HAIL
GRTST 24HR 0.0 6 = FREEZING RAIN OR DRIZZLE
GRTST DEPTH: 0 7 = DUSTSTORM OR SANDSTORM:
VSBY 1/2 MILE OR LESS
8 = SMOKE OR HAZE
[NO. OF DAYS WITH] [WEATHER - DAYS WITH] 9 = BLOWING SNOW
X = TORNADO
MAX 32 OR BELOW: 0 0.01 INCH OR MORE: 4
MAX 90 OR ABOVE: 0 0.10 INCH OR MORE: 3
MIN 32 OR BELOW: 0 0.50 INCH OR MORE: 1
MIN 0 OR BELOW: 0 1.00 INCH OR MORE: 0
[HDD (BASE 65) ]
TOTAL THIS MO. 523 CLEAR (SCALE 0-3) 12
DPTR FM NORMAL 97 PTCLDY (SCALE 4-7) 10
TOTAL FM JUL 1 3982 CLOUDY (SCALE 8-10) 8
DPTR FM NORMAL 210
[CDD (BASE 65) ]
TOTAL THIS MO. 0
DPTR FM NORMAL 0 [PRESSURE DATA]
TOTAL FM JAN 1 0 HIGHEST SLP 30.34 ON 8
DPTR FM NORMAL 0 LOWEST SLP 29.77 ON 25
[REMARKS]
#FINAL-04-21#