000
CXUS55 KGJT 011010
CF6CEZ
PRELIMINARY LOCAL CLIMATOLOGICAL DATA (WS FORM: F-6)
STATION: CORTEZ CO
MONTH: DECEMBER
YEAR: 2022
LATITUDE: 37 17 N
LONGITUDE: 108 38 W
TEMPERATURE IN F: :PCPN: SNOW: WIND :SUNSHINE: SKY :PK WND
================================================================================
1 2 3 4 5 6A 6B 7 8 9 10 11 12 13 14 15 16 17 18
12Z AVG MX 2MIN
DY MAX MIN AVG DEP HDD CDD WTR SNW DPTH SPD SPD DIR MIN PSBL S-S WX SPD DR
================================================================================
1 57 15 36 4 29 0 0.00 M M 5.7 21 170 M M 0 29 170
2 51 21 36 4 29 0 0.00 M M 10.4 30 230 M M 5 47 230
3 55 19 37 6 28 0 0.00 M M 4.4 17 140 M M 3 25 130
4 52 33 43 12 22 0 0.05 M M 3.5 12 60 M M 7 1 13 220
5 51 31 41 10 24 0 0.00 M M 4.5 16 220 M M 5 21 220
6 49 30 40 10 25 0 0.09 M M 5.3 17 210 M M 9 1 22 210
7 51 33 42 12 23 0 0.14 M M 6.1 28 220 M M 8 1 39 220
8 41 19 30 0 35 0 T M M 3.5 13 200 M M 2 15 210
9 45 15 30 0 35 0 0.00 M M 5.2 14 200 M M 0 17 200
10 47 12 30 1 35 0 0.00 M M 4.9 16 210 M M 0 8 20 210
11 55 20 38 9 27 0 0.00 M M 7.8 21 190 M M 0 30 190
12 46 19 33 4 32 0 0.08 M M 9.5 24 210 M M 7 18 32 180
13 32 11 22 -7 43 0 T M M 6.9 15 270 M M 7 20 270
14 35 8 22 -6 43 0 0.00 M M 8.3 17 270 M M 1 26 270
15 32 9 21 -7 44 0 T M M 6.2 20 310 M M 5 31 330
16 29 3 16 -12 49 0 0.00 M M 8.0 22 320 M M 0 32 320
17 32 2 17 -11 48 0 0.00 M M 5.8 12 200 M M 0 14 200
18 36 4 20 -8 45 0 0.00 M M 4.9 12 60 M M 0 14 230
19 38 4 21 -7 44 0 0.00 M M 6.3 15 290 M M 0 18 290
20 39 8 24 -4 41 0 0.00 M M 3.6 14 210 M M 3 16 200
21 44 11 28 1 37 0 0.00 M M 5.0 13 290 M M 1 17 290
22 43 11 27 0 38 0 0.00 M M 4.3 12 280 M M 1 14 290
23 47 20 34 7 31 0 0.00 M M 6.4 18 310 M M 3 27 290
24 50 15 33 6 32 0 0.00 M M 9.1 22 310 M M 0 31 310
25 49 20 35 8 30 0 0.00 M M 7.4 18 290 M M 0 24 270
26 49 21 35 8 30 0 0.00 M M 4.9 12 210 M M 0 13 210
27 52 22 37 10 28 0 0.24 M M 5.7 20 240 M M 4 1 31 200
28 38 28 33 6 32 0 0.73 M M 2.9 25 260 M M 9 1 39 260
29 36 19 28 1 37 0 0.09 M M 3.5 14 280 M M 7 1 19 220
30 37 27 32 5 33 0 0.08 M M 2.2 8 50 M M 10 1 10 60
31 42 32 37 10 28 0 0.03 M M 3.5 12 200 M M 10 1 16 210
================================================================================
SM 1360 542 1057 0 1.53 M 175.7 M 107
================================================================================
AV 43.9 17.5 5.7 FASTST M M 3 MAX(MPH)
MISC ----> 30 230 47 230
================================================================================
NOTES:
# LAST OF SEVERAL OCCURRENCES
COLUMN 17 PEAK WIND IN M.P.H.
PRELIMINARY LOCAL CLIMATOLOGICAL DATA (WS FORM: F-6) , PAGE 2
STATION: CORTEZ CO
MONTH: DECEMBER
YEAR: 2022
LATITUDE: 37 17 N
LONGITUDE: 108 38 W
[TEMPERATURE DATA] [PRECIPITATION DATA] SYMBOLS USED IN COLUMN 16
AVERAGE MONTHLY: 30.7 TOTAL FOR MONTH: 1.53 1 = FOG OR MIST
DPTR FM NORMAL: 2.1 DPTR FM NORMAL: 0.73 2 = FOG REDUCING VISIBILITY
HIGHEST: 57 ON 1 GRTST 24HR 0.94 ON 27-28 TO 1/4 MILE OR LESS
LOWEST: 2 ON 17 3 = THUNDER
SNOW, ICE PELLETS, HAIL 4 = ICE PELLETS
TOTAL MONTH: M 5 = HAIL
GRTST 24HR M ON M 6 = FREEZING RAIN OR DRIZZLE
GRTST DEPTH: M ON M 7 = DUSTSTORM OR SANDSTORM:
VSBY 1/2 MILE OR LESS
8 = SMOKE OR HAZE
[NO. OF DAYS WITH] [WEATHER - DAYS WITH] 9 = BLOWING SNOW
X = TORNADO
MAX 32 OR BELOW: 4 0.01 INCH OR MORE: 9
MAX 90 OR ABOVE: 0 0.10 INCH OR MORE: 3
MIN 32 OR BELOW: 29 0.50 INCH OR MORE: 1
MIN 0 OR BELOW: 0 1.00 INCH OR MORE: 0
[HDD (BASE 65) ]
TOTAL THIS MO. 1057 CLEAR (SCALE 0-3) 18
DPTR FM NORMAL -73 PTCLDY (SCALE 4-7) 8
TOTAL FM JUL 1 2531 CLOUDY (SCALE 8-10) 5
DPTR FM NORMAL -63
[CDD (BASE 65) ]
TOTAL THIS MO. 0
DPTR FM NORMAL 0 [PRESSURE DATA]
TOTAL FM JAN 1 745 HIGHEST SLP 30.57 ON 20
DPTR FM NORMAL 256 LOWEST SLP 29.55 ON 12
[REMARKS]
#FINAL-12-22#