000
CXUS51 KLWX 041453
CF6CHO
PRELIMINARY LOCAL CLIMATOLOGICAL DATA (WS FORM: F-6)
STATION: CHARLOTTESVILLE VA
MONTH: DECEMBER
YEAR: 2023
LATITUDE: 38 7 N
LONGITUDE: 78 27 W
TEMPERATURE IN F: :PCPN: SNOW: WIND :SUNSHINE: SKY :PK WND
================================================================================
1 2 3 4 5 6A 6B 7 8 9 10 11 12 13 14 15 16 17 18
12Z AVG MX 2MIN
DY MAX MIN AVG DEP HDD CDD WTR SNW DPTH SPD SPD DIR MIN PSBL S-S WX SPD DR
================================================================================
1 50 35 43 -2 22 0 0.11 M M 5.7 17 180 M M 6 18 22 180
2 60 44 52 8 13 0 0.23 M M 4.0 10 180 M M 6 128 13 180
3 68 54 61 17 4 0 0.45 M M 4.3 13 200 M M 6 18 18 220
4 58 41 50 6 15 0 0.00 M M 2.4 9 290 M M 1 16 300
5 52 31 42 -2 23 0 0.03 M M 3.2 13 200 M M 4 16 200
6 49 35 42 -2 23 0 T M M 5.2 16 330 M M 6 26 310
7 50 29 40 -3 25 0 0.00 M M 5.6 17 200 M M 2 22 200
8 62 31 47 4 18 0 0.00 M M 2.3 10 150 M M 0 13 180
9 59 32 46 3 19 0 T M M 2.8 12 200 M M 4 14 190
10 61 42 52 10 13 0 1.66 M M 6.3 17 180 M M 10 138 26 330
11 49 30 40 -2 25 0 0.13 M M 4.5 17 290 M M 5 25 290
12 52 29 41 -1 24 0 0.00 M M 5.0 14 180 M M 0 18 190
13 59 39 49 7 16 0 0.00 M M 4.6 10 350 M M 0 14 330
14 52 26 39 -3 26 0 0.00 M M 3.2 13 200 M M 0 17 150
15 64 30 47 5 18 0 0.00 M M 2.8 9 190 M M 0 12 190
16 60 30 45 4 20 0 0.00 M M 1.2 7 190 M M 0 9 50
17 54 40 47 6 18 0 1.15 M M 3.8 10 330 M M 8 18 15 330
18 56 38 47 6 18 0 0.01 M M 9.4 17 340 M M 5 30 340
19 45 30 38 -3 27 0 0.00 M M 6.0 16 320 M M 0 27 320
20 52 24 38 -2 27 0 0.00 M M 2.3 8 200 M M 0 10 190
21 53 26 40 0 25 0 0.00 M M 1.1 8 60 M M 2 10 50
22 52 30 41 1 24 0 0.00 M M 0.8 7 150 M M 1 10 160
23 50 30 40 0 25 0 0.00 M M 0.0 5 40 M M 2 6 160
24 53 33 43 3 22 0 T M M 0.7 5 270 M M 7 7 340
25 56 33 45 5 20 0 0.14 M M 1.3 9 60 M M 3 128 10 70
26 52 47 50 10 15 0 0.15 M M 4.4 9 50 M M 10 18 11 40
27 55 50 53 14 12 0 0.28 M M 5.2 13 30 M M 10 12 16 50
28 61 41 51 12 14 0 0.00 M M 3.0 9 180 M M 6 128 13 190
29 50 36 43 4 22 0 0.02 M M 1.5 7 310 M M 8 18 12 320
30 51 34 43 4 22 0 0.00 M M 4.2 12 280 M M 4 18 280
31 52 28 40 1 25 0 0.00 M M 3.9 14 190 M M 3 19 190
================================================================================
SM 1697 1078 620 0 4.36 M 110.7 M 119
================================================================================
AV 54.7 34.8 3.6 FASTST M M 4 MAX(MPH)
MISC ----> # 17 180 30 340
================================================================================
NOTES:
# LAST OF SEVERAL OCCURRENCES
COLUMN 17 PEAK WIND IN M.P.H.
PRELIMINARY LOCAL CLIMATOLOGICAL DATA (WS FORM: F-6) , PAGE 2
STATION: CHARLOTTESVILLE VA
MONTH: DECEMBER
YEAR: 2023
LATITUDE: 38 7 N
LONGITUDE: 78 27 W
[TEMPERATURE DATA] [PRECIPITATION DATA] SYMBOLS USED IN COLUMN 16
AVERAGE MONTHLY: 44.8 TOTAL FOR MONTH: 4.36 1 = FOG OR MIST
DPTR FM NORMAL: 3.3 DPTR FM NORMAL: 1.32 2 = FOG REDUCING VISIBILITY
HIGHEST: 68 ON 3 GRTST 24HR 1.79 ON 10-11 TO 1/4 MILE OR LESS
LOWEST: 24 ON 20 3 = THUNDER
SNOW, ICE PELLETS, HAIL 4 = ICE PELLETS
TOTAL MONTH: 0.0 INCH 5 = HAIL
GRTST 24HR M ON M 6 = FREEZING RAIN OR DRIZZLE
GRTST DEPTH: 0 7 = DUSTSTORM OR SANDSTORM:
VSBY 1/2 MILE OR LESS
8 = SMOKE OR HAZE
[NO. OF DAYS WITH] [WEATHER - DAYS WITH] 9 = BLOWING SNOW
X = TORNADO
MAX 32 OR BELOW: 0 0.01 INCH OR MORE: 12
MAX 90 OR ABOVE: 0 0.10 INCH OR MORE: 9
MIN 32 OR BELOW: 15 0.50 INCH OR MORE: 2
MIN 0 OR BELOW: 0 1.00 INCH OR MORE: 2
[HDD (BASE 65) ]
TOTAL THIS MO. 620 CLEAR (SCALE 0-3) 15
DPTR FM NORMAL -111 PTCLDY (SCALE 4-7) 12
TOTAL FM JUL 1 1270 CLOUDY (SCALE 8-10) 4
DPTR FM NORMAL -183
[CDD (BASE 65) ]
TOTAL THIS MO. 0
DPTR FM NORMAL -1 [PRESSURE DATA]
TOTAL FM JAN 1 1532 HIGHEST SLP 30.75 ON 14
DPTR FM NORMAL 33 LOWEST SLP 29.29 ON 18
[REMARKS]
#FINAL-12-23#