000
CXUS52 KCHS 030416
CF6CHS
PRELIMINARY LOCAL CLIMATOLOGICAL DATA (WS FORM: F-6)
STATION: NORTH CHARLESTON SC
MONTH: NOVEMBER
YEAR: 2022
LATITUDE: 32 54 N
LONGITUDE: 80 2 W
TEMPERATURE IN F: :PCPN: SNOW: WIND :SUNSHINE: SKY :PK WND
================================================================================
1 2 3 4 5 6A 6B 7 8 9 10 11 12 13 14 15 16 17 18
12Z AVG MX 2MIN
DY MAX MIN AVG DEP HDD CDD WTR SNW DPTH SPD SPD DIR MIN PSBL S-S WX SPD DR
================================================================================
1 83 59 71 9 0 6 T 0.0 0 5.8 13 340 M M 6 12 16 290
2 80 56 68 6 0 3 0.00 0.0 0 5.7 14 90 M M 4 1 17 80
3 77 58 68 6 0 3 0.00 0.0 0 8.0 16 360 M M 2 20 10
4 82 56 69 8 0 4 0.00 0.0 0 7.5 16 70 M M 2 1 21 70
5 84 65 75 14 0 10 0.02 0.0 0 7.8 23 140 M M 4 1 27 140
6 84 66 75 14 0 10 0.00 0.0 0 7.6 17 120 M M 5 22 130
7 85 62 74 14 0 9 0.00 0.0 0 6.3 15 50 M M 2 1 19 60
8 78 57 68 8 0 3 0.00 0.0 0 13.9 23 40 M M 5 32 30
9 70 53 62 2 3 0 0.00 0.0 0 18.1 25 40 M M 8 34 30
10 76 62 69 9 0 4 1.36 0.0 0 17.3 30 80 M M 9 13 37 90
11 79 70 75 16 0 10 1.12 0.0 0 16.5 31 160 M M 8 13 39 190
12 80 65 73 14 0 8 0.00 0.0 0 10.1 17 240 M M 6 23 230
13 68 46 57 -2 8 0 0.00 0.0 0 10.6 20 320 M M 3 24 320
14 63 40 52 -6 13 0 0.00 0.0 0 10.9 18 30 M M 5 22 20
15 77 52 65 7 0 0 0.21 0.0 0 6.5 15 50 M M 7 1 19 60
16 68 48 58 0 7 0 T 0.0 0 8.7 15 340 M M 8 1 17 330
17 53 41 47 -11 18 0 0.00 0.0 0 5.8 15 310 M M 7 19 310
18 59 33 46 -11 19 0 0.00 0.0 0 2.6 12 30 M M 1 16 50
19 63 34 49 -8 16 0 0.00 0.0 0 5.1 10 330 M M 5 13 260
20 52 43 48 -9 17 0 T 0.0 0 7.0 15 340 M M 9 19 340
21 62 39 51 -6 14 0 0.00 0.0 0 7.9 15 30 M M 6 18 30
22 67 51 59 3 6 0 T 0.0 0 8.1 13 20 M M 8 16 10
23 68 55 62 6 3 0 T 0.0 0 8.6 14 30 M M 8 17 30
24 71 57 64 8 1 0 0.01 0.0 0 8.1 13 40 M M 9 1 18 30
25 67 56 62 6 3 0 0.18 0.0 0 5.5 14 340 M M 9 12 17 330
26 70 49 60 4 5 0 0.00 0.0 0 7.3 13 60 M M 5 1 16 50
27 76 60 68 13 0 3 0.01 0.0 0 11.4 28 200 M M 7 36 210
28 73 50 62 7 3 0 0.00 0.0 0 7.3 21 270 M M 1 26 270
29 73 45 59 4 6 0 0.00 0.0 0 3.2 10 150 M M 2 1 14 80
30 73 55 64 9 1 0 0.23 0.0 0 8.1 22 170 M M 7 1 29 160
================================================================================
SM 2161 1583 143 73 3.14 0.0 257.3 M 168
================================================================================
AV 72.0 52.8 8.6 FASTST M M 6 MAX(MPH)
MISC ----> 31 160 39 190
================================================================================
NOTES:
# LAST OF SEVERAL OCCURRENCES
COLUMN 17 PEAK WIND IN M.P.H.
PRELIMINARY LOCAL CLIMATOLOGICAL DATA (WS FORM: F-6) , PAGE 2
STATION: NORTH CHARLESTON SC
MONTH: NOVEMBER
YEAR: 2022
LATITUDE: 32 54 N
LONGITUDE: 80 2 W
[TEMPERATURE DATA] [PRECIPITATION DATA] SYMBOLS USED IN COLUMN 16
AVERAGE MONTHLY: 62.4 TOTAL FOR MONTH: 3.14 1 = FOG OR MIST
DPTR FM NORMAL: 4.1 DPTR FM NORMAL: 0.48 2 = FOG REDUCING VISIBILITY
HIGHEST: 85 ON 7 GRTST 24HR 2.45 ON 10-11 TO 1/4 MILE OR LESS
LOWEST: 33 ON 18 3 = THUNDER
SNOW, ICE PELLETS, HAIL 4 = ICE PELLETS
TOTAL MONTH: 0.0 INCH 5 = HAIL
GRTST 24HR 0.0 6 = FREEZING RAIN OR DRIZZLE
GRTST DEPTH: 0 7 = DUSTSTORM OR SANDSTORM:
VSBY 1/2 MILE OR LESS
8 = SMOKE OR HAZE
[NO. OF DAYS WITH] [WEATHER - DAYS WITH] 9 = BLOWING SNOW
X = TORNADO
MAX 32 OR BELOW: 0 0.01 INCH OR MORE: 8
MAX 90 OR ABOVE: 0 0.10 INCH OR MORE: 5
MIN 32 OR BELOW: 0 0.50 INCH OR MORE: 2
MIN 0 OR BELOW: 0 1.00 INCH OR MORE: 2
[HDD (BASE 65) ]
TOTAL THIS MO. 143 CLEAR (SCALE 0-3) 7
DPTR FM NORMAL -91 PTCLDY (SCALE 4-7) 17
TOTAL FM JUL 1 223 CLOUDY (SCALE 8-10) 6
DPTR FM NORMAL -70
[CDD (BASE 65) ]
TOTAL THIS MO. 73
DPTR FM NORMAL 41 [PRESSURE DATA]
TOTAL FM JAN 1 2524 HIGHEST SLP 30.44 ON 21
DPTR FM NORMAL 99 LOWEST SLP 29.70 ON 11
[REMARKS]
#FINAL-11-22#