000
CXUS55 KDVN 011003
CF6CID
PRELIMINARY LOCAL CLIMATOLOGICAL DATA (WS FORM: F-6)
STATION: CEDAR RAPIDS IA
MONTH: MARCH
YEAR: 2021
LATITUDE: 41 52 N
LONGITUDE: 91 42 W
TEMPERATURE IN F: :PCPN: SNOW: WIND :SUNSHINE: SKY :PK WND
================================================================================
1 2 3 4 5 6A 6B 7 8 9 10 11 12 13 14 15 16 17 18
12Z AVG MX 2MIN
DY MAX MIN AVG DEP HDD CDD WTR SNW DPTH SPD SPD DIR MIN PSBL S-S WX SPD DR
================================================================================
1 30 14 22 -8 43 0 0.00 M M 6.5 16 350 M M 0 22 310
2 42 9 26 -4 39 0 0.00 M M 10.6 18 190 M M 0 22 180
3 45 27 36 5 29 0 0.00 M M 6.1 15 220 M M 0 18 18 220
4 38 24 31 0 34 0 0.00 M M 10.0 20 90 M M 0 18 26 100
5 40 22 31 -1 34 0 0.00 M M 4.9 12 80 M M 8 8 14 80
6 47 28 38 6 27 0 0.00 M M 8.4 15 70 M M 3 18 70
7 60 30 45 12 20 0 0.00 M M 11.2 18 200 M M 1 25 210
8 63 38 51 18 14 0 0.00 M M 8.2 16 200 M M 1 22 190
9 68 42 55 21 10 0 0.00 M M 14.2 31 160 M M 0 42 180
10 67 39 53 19 12 0 0.07 M M 18.4 41 190 M M 7 1 60 180
11 51 31 41 7 24 0 0.00 M M 12.9 21 270 M M 3 27 260
12 50 27 39 4 26 0 0.00 M M 4.7 16 20 M M 0 20 10
13 58 29 44 9 21 0 0.00 M M 6.7 14 160 M M 0 18 160
14 47 33 40 4 25 0 T M M 19.2 33 90 M M 10 48 80
15 33 29 31 -5 34 0 0.46 M M 18.1 33 100 M M 10 1 46 100
16 35 30 33 -4 32 0 0.00 M M 8.8 14 100 M M 10 1 18 100
17 35 32 34 -3 31 0 0.04 M M 13.8 25 30 M M 10 1 34 40
18 49 35 42 4 23 0 T M M 19.4 32 20 M M 5 43 40
19 51 26 39 1 26 0 0.00 M M 8.2 16 100 M M 0 25 120
20 58 28 43 5 22 0 0.00 M M 11.7 22 160 M M 0 29 160
21 65 39 52 13 13 0 0.00 M M 16.3 33 190 M M 0 44 180
22 58 46 52 13 13 0 0.00 M M 8.3 15 80 M M 8 19 180
23 52 42 47 7 18 0 0.56 M M 13.2 22 200 M M 9 1 30 200
24 49 39 44 4 21 0 0.01 M M 16.5 29 250 M M 10 1 38 240
25 44 38 41 0 24 0 0.30 M M 7.3 16 60 M M 10 1 20 60
26 48 37 43 2 22 0 T M M 4.5 10 130 M M 9 1 13 140
27 55 38 47 6 18 0 0.33 M M 13.5 32 300 M M 9 1 41 300
28 45 31 38 -4 27 0 0.00 M M 14.9 26 310 M M 3 35 330
29 71 33 52 10 13 0 0.00 M M 22.1 41 190 M M 1 54 190
30 56 29 43 0 22 0 0.00 M M 17.2 30 320 M M 3 38 170
31 40 23 32 -11 33 0 0.00 M M 14.8 29 330 M M 4 38 290
================================================================================
SM 1550 968 750 0 1.77 M 370.6 M 134
================================================================================
AV 50.0 31.2 12.0 FASTST M M 4 MAX(MPH)
MISC ----> # 41 190 60 180
================================================================================
NOTES:
# LAST OF SEVERAL OCCURRENCES
COLUMN 17 PEAK WIND IN M.P.H.
PRELIMINARY LOCAL CLIMATOLOGICAL DATA (WS FORM: F-6) , PAGE 2
STATION: CEDAR RAPIDS IA
MONTH: MARCH
YEAR: 2021
LATITUDE: 41 52 N
LONGITUDE: 91 42 W
[TEMPERATURE DATA] [PRECIPITATION DATA] SYMBOLS USED IN COLUMN 16
AVERAGE MONTHLY: 40.6 TOTAL FOR MONTH: 1.77 1 = FOG OR MIST
DPTR FM NORMAL: 4.0 DPTR FM NORMAL: -0.33 2 = FOG REDUCING VISIBILITY
HIGHEST: 71 ON 29 GRTST 24HR 0.56 ON 23-23 TO 1/4 MILE OR LESS
LOWEST: 9 ON 2 3 = THUNDER
SNOW, ICE PELLETS, HAIL 4 = ICE PELLETS
TOTAL MONTH: M 5 = HAIL
GRTST 24HR M ON M 6 = FREEZING RAIN OR DRIZZLE
GRTST DEPTH: M ON M 7 = DUSTSTORM OR SANDSTORM:
VSBY 1/2 MILE OR LESS
8 = SMOKE OR HAZE
[NO. OF DAYS WITH] [WEATHER - DAYS WITH] 9 = BLOWING SNOW
X = TORNADO
MAX 32 OR BELOW: 1 0.01 INCH OR MORE: 7
MAX 90 OR ABOVE: 0 0.10 INCH OR MORE: 4
MIN 32 OR BELOW: 18 0.50 INCH OR MORE: 1
MIN 0 OR BELOW: 0 1.00 INCH OR MORE: 0
[HDD (BASE 65) ]
TOTAL THIS MO. 750 CLEAR (SCALE 0-3) 13
DPTR FM NORMAL -131 PTCLDY (SCALE 4-7) 8
TOTAL FM JUL 1 6235 CLOUDY (SCALE 8-10) 10
DPTR FM NORMAL 72
[CDD (BASE 65) ]
TOTAL THIS MO. 0
DPTR FM NORMAL 0 [PRESSURE DATA]
TOTAL FM JAN 1 0 HIGHEST SLP 30.55 ON 19
DPTR FM NORMAL 0 LOWEST SLP 29.47 ON 24
[REMARKS]
#FINAL-03-21#