000
CXUS53 KDVN 010755
CLSCID
CLIMATE REPORT
NATIONAL WEATHER SERVICE QUAD CITIES IA IL
300 AM CDT FRI SEP 01 2023
...................................
...THE CEDAR RAPIDS IA CLIMATE SUMMARY FOR THE SEASON, FROM
6/1/2023 TO 8/31/2023...
CLIMATE NORMAL PERIOD 1991 TO 2020
CLIMATE RECORD PERIOD 1891 TO 2023
WEATHER OBSERVED NORMAL DEPART LAST YEAR`S
VALUE DATE(S) VALUE FROM VALUE
NORMAL
..............................................................
TEMPERATURE (F)
RECORD
HIGH 110 07/05/1911
LOW 36 06/04/1945
HIGHEST 100 08/23 84 16
LOWEST 40 06/12 55 -15
AVG. MAXIMUM 84.6 81.3 3.3
AVG. MINIMUM 60.6 60.9 -0.3
MEAN 72.6 71.1 1.5
DAYS MAX >= 90 16
DAYS MAX <= 32 0
DAYS MIN <= 32 0
DAYS MIN <= 0 0
PRECIPITATION (INCHES)
TOTALS 6.19 14.04 -7.85
DAILY AVG. 0.07 0.15 -0.08
DAYS >= .01 21
DAYS >= .10 12
DAYS >= .50 4
DAYS >= 1.00 1
GREATEST
24 HR. TOTAL 1.33 08/11 TO 08/11
DEGREE DAYS
HEATING TOTAL 21 44 -23
SINCE 7/1 7 13 -6
COOLING TOTAL 743 610 133
SINCE 1/1 808 669 139
..............................................................
WIND (MPH)
AVERAGE WIND SPEED 7.1
HIGHEST WIND SPEED/DIRECTION 44/350 DATE 07/28
HIGHEST GUST SPEED/DIRECTION 69/360 DATE 07/28
SKY COVER
POSSIBLE SUNSHINE (PERCENT) MM
AVERAGE SKY COVER 0.22
NUMBER OF DAYS FAIR 72
NUMBER OF DAYS PC 19
NUMBER OF DAYS CLOUDY 1
AVERAGE RH (PERCENT) 68
WEATHER CONDITIONS. NUMBER OF DAYS WITH
THUNDERSTORM 14 HAIL 0
SLEET 0 FOG 51
FOG W/VIS <= 1/4 MILE 8 HAZE 48
- INDICATES NEGATIVE NUMBERS.
R INDICATES RECORD WAS SET OR TIED.
MM INDICATES DATA IS MISSING.
T INDICATES TRACE AMOUNT.
$$